{"id":9420,"date":"2025-06-29T12:43:42","date_gmt":"2025-06-29T10:43:42","guid":{"rendered":"https:\/\/uj.adatbank.ro\/lexikon\/termek\/hadadi-mihaly\/"},"modified":"2025-06-29T12:43:42","modified_gmt":"2025-06-29T10:43:42","slug":"hadadi-mihaly","status":"publish","type":"product","link":"https:\/\/uj.adatbank.ro\/lexikon\/termek\/hadadi-mihaly\/","title":{"rendered":"HADADI Mih\u00e1ly"},"content":{"rendered":"<p>? \u2020\u00a0? : ref. lelk\u00e9sz. \u2013 Kv.-on subscrib\u00e1lt (1680), Kutyfalv\u00e1n (1689 el\u0151tt), H\u00e9derf\u00e1j\u00e1n (1689), Marosbog\u00e1ton (1690\u20131714) volt lelk\u00e9sz. Eltulajdon\u00edtotta a kutyfalvi ref. lelk\u00e9sznek a Schol\u00e1ra hagyott vagyon\u00e1t. Jenei Mih\u00e1ly rektor tiltakoz\u00e1sa sikeres, \u00e9s a Szepesi k\u00f6nyvei beker\u00fcltek az iskolak\u00f6nyvt\u00e1r\u00e1ba. <br \/><strong>Irod.:<\/strong> Id\u0151t\u00e1r 5 \/1.; K\u00fck\u00fcll\u0151i Ref. Egyh\u00e1zm. 2., 3.<\/br><\/p>\n","protected":false},"excerpt":{"rendered":"<p>? \u2020\u00a0? : ref. lelk\u00e9sz. \u2013 Kv.-on subscrib\u00e1lt (1680), Kutyfalv\u00e1n (1689 el\u0151tt), H\u00e9derf\u00e1j\u00e1n (1689), Marosbog\u00e1ton (1690\u20131714) volt lelk\u00e9sz. Eltulajdon\u00edtotta a kutyfalvi ref. lelk\u00e9sznek a Schol\u00e1ra hagyott vagyon\u00e1t. Jenei Mih\u00e1ly rektor tiltakoz\u00e1sa sikeres, \u00e9s a Szepesi k\u00f6nyvei beker\u00fcltek az iskolak\u00f6nyvt\u00e1r\u00e1ba. Irod.: Id\u0151t\u00e1r 5 \/1.; K\u00fck\u00fcll\u0151i Ref. Egyh\u00e1zm. 2., 3.<\/p>\n","protected":false},"featured_media":0,"comment_status":"open","ping_status":"closed","template":"","meta":[],"product_brand":[],"product_cat":[137],"product_tag":[],"class_list":{"0":"post-9420","1":"product","2":"type-product","3":"status-publish","5":"product_cat-maros-megyei-eletrajzi-lexikon","7":"first","8":"instock","9":"shipping-taxable","10":"product-type-simple"},"_links":{"self":[{"href":"https:\/\/uj.adatbank.ro\/lexikon\/wp-json\/wp\/v2\/product\/9420","targetHints":{"allow":["GET"]}}],"collection":[{"href":"https:\/\/uj.adatbank.ro\/lexikon\/wp-json\/wp\/v2\/product"}],"about":[{"href":"https:\/\/uj.adatbank.ro\/lexikon\/wp-json\/wp\/v2\/types\/product"}],"replies":[{"embeddable":true,"href":"https:\/\/uj.adatbank.ro\/lexikon\/wp-json\/wp\/v2\/comments?post=9420"}],"wp:attachment":[{"href":"https:\/\/uj.adatbank.ro\/lexikon\/wp-json\/wp\/v2\/media?parent=9420"}],"wp:term":[{"taxonomy":"product_brand","embeddable":true,"href":"https:\/\/uj.adatbank.ro\/lexikon\/wp-json\/wp\/v2\/product_brand?post=9420"},{"taxonomy":"product_cat","embeddable":true,"href":"https:\/\/uj.adatbank.ro\/lexikon\/wp-json\/wp\/v2\/product_cat?post=9420"},{"taxonomy":"product_tag","embeddable":true,"href":"https:\/\/uj.adatbank.ro\/lexikon\/wp-json\/wp\/v2\/product_tag?post=9420"}],"curies":[{"name":"wp","href":"https:\/\/api.w.org\/{rel}","templated":true}]}}