{"id":9421,"date":"2025-06-29T12:43:45","date_gmt":"2025-06-29T10:43:45","guid":{"rendered":"https:\/\/uj.adatbank.ro\/lexikon\/termek\/hadas-ferenc\/"},"modified":"2025-06-29T12:43:45","modified_gmt":"2025-06-29T10:43:45","slug":"hadas-ferenc","status":"publish","type":"product","link":"https:\/\/uj.adatbank.ro\/lexikon\/termek\/hadas-ferenc\/","title":{"rendered":"HADAS Ferenc"},"content":{"rendered":"<p>Hajdun\u00e1n\u00e1s, 1895. szep, 15., \u2020\u00a0? : k\u00e1ntortan\u00edt\u00f3. \u2013 Nagyenyeden szerzett k\u00e1ntortan\u00edt\u00f3i k\u00e9pes\u00edt\u00e9st (1915). Abaf\u00e1j\u00e1n megv\u00e1lasztott\u00e1k a ref. iskol\u00e1ba (1914). Frontszolg\u00e1latot teljes\u00edtett (1815\u201318), majd visszt\u00e9rt Abaf\u00e1j\u00e1ra, s ott tan\u00edtott hat \u00e9vet (1919\u201325). Erk\u00f6lcstelen magatart\u00e1sa miatt felmondtak neki, Szt\u00e1n\u00e1n helyezkedett el. <br \/><strong>Irod.:<\/strong> Abaf\u00e1ja<\/br><\/p>\n","protected":false},"excerpt":{"rendered":"<p>Hajdun\u00e1n\u00e1s, 1895. szep, 15., \u2020\u00a0? : k\u00e1ntortan\u00edt\u00f3. \u2013 Nagyenyeden szerzett k\u00e1ntortan\u00edt\u00f3i k\u00e9pes\u00edt\u00e9st (1915). Abaf\u00e1j\u00e1n megv\u00e1lasztott\u00e1k a ref. iskol\u00e1ba (1914). Frontszolg\u00e1latot teljes\u00edtett (1815\u201318), majd visszt\u00e9rt Abaf\u00e1j\u00e1ra, s ott tan\u00edtott hat \u00e9vet (1919\u201325). Erk\u00f6lcstelen magatart\u00e1sa miatt felmondtak neki, Szt\u00e1n\u00e1n helyezkedett el. Irod.: Abaf\u00e1ja<\/p>\n","protected":false},"featured_media":0,"comment_status":"open","ping_status":"closed","template":"","meta":[],"product_brand":[],"product_cat":[137],"product_tag":[],"class_list":{"0":"post-9421","1":"product","2":"type-product","3":"status-publish","5":"product_cat-maros-megyei-eletrajzi-lexikon","7":"first","8":"instock","9":"shipping-taxable","10":"product-type-simple"},"_links":{"self":[{"href":"https:\/\/uj.adatbank.ro\/lexikon\/wp-json\/wp\/v2\/product\/9421","targetHints":{"allow":["GET"]}}],"collection":[{"href":"https:\/\/uj.adatbank.ro\/lexikon\/wp-json\/wp\/v2\/product"}],"about":[{"href":"https:\/\/uj.adatbank.ro\/lexikon\/wp-json\/wp\/v2\/types\/product"}],"replies":[{"embeddable":true,"href":"https:\/\/uj.adatbank.ro\/lexikon\/wp-json\/wp\/v2\/comments?post=9421"}],"wp:attachment":[{"href":"https:\/\/uj.adatbank.ro\/lexikon\/wp-json\/wp\/v2\/media?parent=9421"}],"wp:term":[{"taxonomy":"product_brand","embeddable":true,"href":"https:\/\/uj.adatbank.ro\/lexikon\/wp-json\/wp\/v2\/product_brand?post=9421"},{"taxonomy":"product_cat","embeddable":true,"href":"https:\/\/uj.adatbank.ro\/lexikon\/wp-json\/wp\/v2\/product_cat?post=9421"},{"taxonomy":"product_tag","embeddable":true,"href":"https:\/\/uj.adatbank.ro\/lexikon\/wp-json\/wp\/v2\/product_tag?post=9421"}],"curies":[{"name":"wp","href":"https:\/\/api.w.org\/{rel}","templated":true}]}}

<p>Hajdunánás, 1895. szep, 15., † ? : kántortanító. – Nagyenyeden szerzett kántortanítói képesítést (1915). Abafáján megválasztották a ref. iskolába (1914). Frontszolgálatot teljesített (1815–18), majd vissztért Abafájára, s ott tanított hat évet (1919–25). Erkölcstelen magatartása miatt felmondtak neki, Sztánán helyezkedett el. <br /><strong>Irod.:</strong> Abafája</br></p>

<p>Hajdunánás, 1895. szep, 15., † ? : kántortanító. – Nagyenyeden szerzett kántortanítói képesítést (1915). Abafáján megválasztották a ref. iskolába (1914). Frontszolgálatot teljesített (1815–18), majd vissztért Abafájára, s ott tanított hat évet (1919–25). Erkölcstelen magatartása miatt felmondtak neki, Sztánán helyezkedett el. Irod.: Abafája</p>
