{"id":9424,"date":"2025-06-29T12:43:54","date_gmt":"2025-06-29T10:43:54","guid":{"rendered":"https:\/\/uj.adatbank.ro\/lexikon\/termek\/hadik-andras-gr-hadig-hadigg\/"},"modified":"2025-06-29T12:43:54","modified_gmt":"2025-06-29T10:43:54","slug":"hadik-andras-gr-hadig-hadigg","status":"publish","type":"product","link":"https:\/\/uj.adatbank.ro\/lexikon\/termek\/hadik-andras-gr-hadig-hadigg\/","title":{"rendered":"HADIK Andr\u00e1s, gr., Hadig, Hadigg"},"content":{"rendered":"<p>Csal\u00f3k\u00f6z, 1710. okt. 10., \u2020 B\u00e9cs, 1790. m\u00e1rc. 12.: f\u0151gener\u00e1lis, t\u00e1bornagy. \u2013 Mint Erd\u00e9ly korm\u00e1nyz\u00f3ja (1764\u201367) l\u00e1togatott Mv.-re (1766. okt. 6.). A Ref. Koll. -t is felkereste, tisztelet\u00e9re Zilai S\u00e1muel \u00e9s Dobolyi Istv\u00e1n professzorok latin \u00e9s m. verseket \u00edrtak. <br \/><strong>Irod.:<\/strong> Bozac-Pavel; Kov\u00e1sznai; Kr\u00f3n. F\u00fcz. (1939. 4\/3); M\u0171vt\u00f6rt. T. 1979<\/br><\/p>\n","protected":false},"excerpt":{"rendered":"<p>Csal\u00f3k\u00f6z, 1710. okt. 10., \u2020 B\u00e9cs, 1790. m\u00e1rc. 12.: f\u0151gener\u00e1lis, t\u00e1bornagy. \u2013 Mint Erd\u00e9ly korm\u00e1nyz\u00f3ja (1764\u201367) l\u00e1togatott Mv.-re (1766. okt. 6.). A Ref. Koll. -t is felkereste, tisztelet\u00e9re Zilai S\u00e1muel \u00e9s Dobolyi Istv\u00e1n professzorok latin \u00e9s m. verseket \u00edrtak. Irod.: Bozac-Pavel; Kov\u00e1sznai; Kr\u00f3n. F\u00fcz. (1939. 4\/3); M\u0171vt\u00f6rt. T. 1979<\/p>\n","protected":false},"featured_media":0,"comment_status":"open","ping_status":"closed","template":"","meta":[],"product_brand":[],"product_cat":[137],"product_tag":[],"class_list":{"0":"post-9424","1":"product","2":"type-product","3":"status-publish","5":"product_cat-maros-megyei-eletrajzi-lexikon","7":"first","8":"instock","9":"shipping-taxable","10":"product-type-simple"},"_links":{"self":[{"href":"https:\/\/uj.adatbank.ro\/lexikon\/wp-json\/wp\/v2\/product\/9424","targetHints":{"allow":["GET"]}}],"collection":[{"href":"https:\/\/uj.adatbank.ro\/lexikon\/wp-json\/wp\/v2\/product"}],"about":[{"href":"https:\/\/uj.adatbank.ro\/lexikon\/wp-json\/wp\/v2\/types\/product"}],"replies":[{"embeddable":true,"href":"https:\/\/uj.adatbank.ro\/lexikon\/wp-json\/wp\/v2\/comments?post=9424"}],"wp:attachment":[{"href":"https:\/\/uj.adatbank.ro\/lexikon\/wp-json\/wp\/v2\/media?parent=9424"}],"wp:term":[{"taxonomy":"product_brand","embeddable":true,"href":"https:\/\/uj.adatbank.ro\/lexikon\/wp-json\/wp\/v2\/product_brand?post=9424"},{"taxonomy":"product_cat","embeddable":true,"href":"https:\/\/uj.adatbank.ro\/lexikon\/wp-json\/wp\/v2\/product_cat?post=9424"},{"taxonomy":"product_tag","embeddable":true,"href":"https:\/\/uj.adatbank.ro\/lexikon\/wp-json\/wp\/v2\/product_tag?post=9424"}],"curies":[{"name":"wp","href":"https:\/\/api.w.org\/{rel}","templated":true}]}}