{"id":9430,"date":"2025-06-29T12:44:08","date_gmt":"2025-06-29T10:44:08","guid":{"rendered":"https:\/\/uj.adatbank.ro\/lexikon\/termek\/hadnagy-ilonka\/"},"modified":"2025-06-29T12:44:08","modified_gmt":"2025-06-29T10:44:08","slug":"hadnagy-ilonka","status":"publish","type":"product","link":"https:\/\/uj.adatbank.ro\/lexikon\/termek\/hadnagy-ilonka\/","title":{"rendered":"HADNAGY Ilonka"},"content":{"rendered":"<p>Cs\u00edksomly\u00f3, ? \u2020\u00a0? : tan\u00edt\u00f3n\u0151. \u2013 Tanulm\u00e1nyait Sz\u00e9kelyudvarhelyen \u00e9s Nagyszebenben v\u00e9gezte, oklevelet nyert (1930). M\u0171k\u00f6d\u00e9s\u00e9t Gyergy\u00f3teker\u0151patakon kezdte, onnan Gyergy\u00f3\u00fajfalura, Mik\u00f3h\u00e1z\u00e1ra, Cs\u00edkszentdomokosra ker\u00fclt, majd a nagyernyei iskola tan\u00edt\u00f3n\u0151je lett. Irredenta verseket \u00edrt, ami\u00e9rt hadb\u00edr\u00f3s\u00e1g el\u00e9 \u00e1ll\u00edtott\u00e1k \u00e9s p\u00e9nzb\u00edrs\u00e1ggal s\u00falytott\u00e1k. <br \/><strong>Irod.:<\/strong> Sz\u00e9kelyf\u00f6ld \u00ed. k.<\/br><\/p>\n","protected":false},"excerpt":{"rendered":"<p>Cs\u00edksomly\u00f3, ? \u2020\u00a0? : tan\u00edt\u00f3n\u0151. \u2013 Tanulm\u00e1nyait Sz\u00e9kelyudvarhelyen \u00e9s Nagyszebenben v\u00e9gezte, oklevelet nyert (1930). M\u0171k\u00f6d\u00e9s\u00e9t Gyergy\u00f3teker\u0151patakon kezdte, onnan Gyergy\u00f3\u00fajfalura, Mik\u00f3h\u00e1z\u00e1ra, Cs\u00edkszentdomokosra ker\u00fclt, majd a nagyernyei iskola tan\u00edt\u00f3n\u0151je lett. Irredenta verseket \u00edrt, ami\u00e9rt hadb\u00edr\u00f3s\u00e1g el\u00e9 \u00e1ll\u00edtott\u00e1k \u00e9s p\u00e9nzb\u00edrs\u00e1ggal s\u00falytott\u00e1k. Irod.: Sz\u00e9kelyf\u00f6ld \u00ed. k.<\/p>\n","protected":false},"featured_media":0,"comment_status":"open","ping_status":"closed","template":"","meta":[],"product_brand":[],"product_cat":[137],"product_tag":[],"class_list":{"0":"post-9430","1":"product","2":"type-product","3":"status-publish","5":"product_cat-maros-megyei-eletrajzi-lexikon","7":"first","8":"instock","9":"shipping-taxable","10":"product-type-simple"},"_links":{"self":[{"href":"https:\/\/uj.adatbank.ro\/lexikon\/wp-json\/wp\/v2\/product\/9430","targetHints":{"allow":["GET"]}}],"collection":[{"href":"https:\/\/uj.adatbank.ro\/lexikon\/wp-json\/wp\/v2\/product"}],"about":[{"href":"https:\/\/uj.adatbank.ro\/lexikon\/wp-json\/wp\/v2\/types\/product"}],"replies":[{"embeddable":true,"href":"https:\/\/uj.adatbank.ro\/lexikon\/wp-json\/wp\/v2\/comments?post=9430"}],"wp:attachment":[{"href":"https:\/\/uj.adatbank.ro\/lexikon\/wp-json\/wp\/v2\/media?parent=9430"}],"wp:term":[{"taxonomy":"product_brand","embeddable":true,"href":"https:\/\/uj.adatbank.ro\/lexikon\/wp-json\/wp\/v2\/product_brand?post=9430"},{"taxonomy":"product_cat","embeddable":true,"href":"https:\/\/uj.adatbank.ro\/lexikon\/wp-json\/wp\/v2\/product_cat?post=9430"},{"taxonomy":"product_tag","embeddable":true,"href":"https:\/\/uj.adatbank.ro\/lexikon\/wp-json\/wp\/v2\/product_tag?post=9430"}],"curies":[{"name":"wp","href":"https:\/\/api.w.org\/{rel}","templated":true}]}}