{"id":9433,"date":"2025-06-29T12:44:14","date_gmt":"2025-06-29T10:44:14","guid":{"rendered":"https:\/\/uj.adatbank.ro\/lexikon\/termek\/hadnagy-jozsef-2\/"},"modified":"2025-06-29T12:44:14","modified_gmt":"2025-06-29T10:44:14","slug":"hadnagy-jozsef-2","status":"publish","type":"product","link":"https:\/\/uj.adatbank.ro\/lexikon\/termek\/hadnagy-jozsef-2\/","title":{"rendered":"HADNAGY J\u00f3zsef"},"content":{"rendered":"<p>Cs\u00f3kfalva, 1893., \u2020\u00a0?\u00a0: b\u00edr\u00f3, gazd\u00e1lkod\u00f3. \u2013 Tanulm\u00e1nyait a bp.-i Ref. F\u0151gimn. -ban, majd a tisztvisel\u0151telepi \u00e1llami f\u0151gimn.-ban v\u00e9gezte. Igazgat\u00f3ja a nagynev\u0171 Ga\u00e1l M\u00f3zes volt. Kv.-on jogot v\u00e9gzett, majd k\u00f6zigazgat\u00e1si p\u00e1ly\u00e1ra l\u00e9pett. Sz\u00fcl\u0151faluj\u00e1ban a 60 holdas csal\u00e1di birtokon gazd\u00e1lkodott. Az els\u0151 vh. alatt a 22. gy. ezredben az orosz fronton harcolt, s\u00falyosan megsebes\u00fclt, f\u0151hadnagyi rangban szerelt le. Az EGE \u00e9s a M\u00e9h\u00e9sz Egyes\u00fclet tagja, k\u00f6zs\u00e9gi b\u00edr\u00f3 volt. <br \/><strong>Irod.:<\/strong> Sz\u00e9kelyf\u00f6ld \u00ed. k.<\/br><\/p>\n","protected":false},"excerpt":{"rendered":"<p>Cs\u00f3kfalva, 1893., \u2020\u00a0?\u00a0: b\u00edr\u00f3, gazd\u00e1lkod\u00f3. \u2013 Tanulm\u00e1nyait a bp.-i Ref. F\u0151gimn. -ban, majd a tisztvisel\u0151telepi \u00e1llami f\u0151gimn.-ban v\u00e9gezte. Igazgat\u00f3ja a nagynev\u0171 Ga\u00e1l M\u00f3zes volt. Kv.-on jogot v\u00e9gzett, majd k\u00f6zigazgat\u00e1si p\u00e1ly\u00e1ra l\u00e9pett. Sz\u00fcl\u0151faluj\u00e1ban a 60 holdas csal\u00e1di birtokon gazd\u00e1lkodott. Az els\u0151 vh. alatt a 22. gy. ezredben az orosz fronton harcolt, s\u00falyosan megsebes\u00fclt, f\u0151hadnagyi rangban szerelt [&hellip;]<\/p>\n","protected":false},"featured_media":0,"comment_status":"open","ping_status":"closed","template":"","meta":[],"product_brand":[],"product_cat":[137],"product_tag":[],"class_list":{"0":"post-9433","1":"product","2":"type-product","3":"status-publish","5":"product_cat-maros-megyei-eletrajzi-lexikon","7":"first","8":"instock","9":"shipping-taxable","10":"product-type-simple"},"_links":{"self":[{"href":"https:\/\/uj.adatbank.ro\/lexikon\/wp-json\/wp\/v2\/product\/9433","targetHints":{"allow":["GET"]}}],"collection":[{"href":"https:\/\/uj.adatbank.ro\/lexikon\/wp-json\/wp\/v2\/product"}],"about":[{"href":"https:\/\/uj.adatbank.ro\/lexikon\/wp-json\/wp\/v2\/types\/product"}],"replies":[{"embeddable":true,"href":"https:\/\/uj.adatbank.ro\/lexikon\/wp-json\/wp\/v2\/comments?post=9433"}],"wp:attachment":[{"href":"https:\/\/uj.adatbank.ro\/lexikon\/wp-json\/wp\/v2\/media?parent=9433"}],"wp:term":[{"taxonomy":"product_brand","embeddable":true,"href":"https:\/\/uj.adatbank.ro\/lexikon\/wp-json\/wp\/v2\/product_brand?post=9433"},{"taxonomy":"product_cat","embeddable":true,"href":"https:\/\/uj.adatbank.ro\/lexikon\/wp-json\/wp\/v2\/product_cat?post=9433"},{"taxonomy":"product_tag","embeddable":true,"href":"https:\/\/uj.adatbank.ro\/lexikon\/wp-json\/wp\/v2\/product_tag?post=9433"}],"curies":[{"name":"wp","href":"https:\/\/api.w.org\/{rel}","templated":true}]}}

HADNAGY József

<p>Csókfalva, 1893., † ? : bíró, gazdálkodó. – Tanulmányait a bp.-i Ref. Főgimn. -ban, majd a tisztviselőtelepi állami főgimn.-ban végezte. Igazgatója a nagynevű Gaál Mózes volt. Kv.-on jogot végzett, majd közigazgatási pályára lépett. Szülőfalujában a 60 holdas családi birtokon gazdálkodott. Az első vh. alatt a 22. gy. ezredben az orosz fronton harcolt, súlyosan megsebesült, főhadnagyi rangban szerelt le. Az EGE és a Méhész Egyesület tagja, községi bíró volt. <br /><strong>Irod.:</strong> Székelyföld í. k.</br></p>

<p>Csókfalva, 1893., † ? : bíró, gazdálkodó. – Tanulmányait a bp.-i Ref. Főgimn. -ban, majd a tisztviselőtelepi állami főgimn.-ban végezte. Igazgatója a nagynevű Gaál Mózes volt. Kv.-on jogot végzett, majd közigazgatási pályára lépett. Szülőfalujában a 60 holdas családi birtokon gazdálkodott. Az első vh. alatt a 22. gy. ezredben az orosz fronton harcolt, súlyosan megsebesült, főhadnagyi rangban szerelt [&hellip;]</p>
