{"id":9434,"date":"2025-06-29T12:44:15","date_gmt":"2025-06-29T10:44:15","guid":{"rendered":"https:\/\/uj.adatbank.ro\/lexikon\/termek\/hadnagy-karoly\/"},"modified":"2025-06-29T12:44:15","modified_gmt":"2025-06-29T10:44:15","slug":"hadnagy-karoly","status":"publish","type":"product","link":"https:\/\/uj.adatbank.ro\/lexikon\/termek\/hadnagy-karoly\/","title":{"rendered":"HADNAGY K\u00e1roly"},"content":{"rendered":"<p>Ny\u00e1r\u00e1dkar\u00e1csonyfalva, 1831, okt. 15., \u2020\u00a0?: tan\u00edt\u00f3. \u2013 Apja H. Istv\u00e1n szint\u00e9n tan\u00edt\u00f3. Feles\u00e9ge: Makkai Karolina. \u2013 Taulm\u00e1nyait sz\u00fcl\u0151faluj\u00e1ban kezdte, majd a mv.-i ref. koll.-ban folytatta. R\u00e9szt vett az 1848\u201349. forradalomban mint a vad\u00e1sz-z\u00e1szl\u00f3alj tizedese, B\u00e1nffyhunyadon, Abrudb\u00e1ny\u00e1n \u00e9s Zsib\u00f3n harcolt. A szabads\u00e1gharc lever\u00e9se ut\u00e1n folytatta tanulm\u00e1nyait Mv.-en. K\u00e1ntortan\u00edt\u00f3 lett Harasztkereken (1852). Ny\u00e1r\u00e1dkar\u00e1csonyfalv\u00e1n tan\u00edtott (1860\u2013). Ott \u00fcnnepelt\u00e9k tan\u00edt\u00f3i m\u00fak\u00f6d\u00e9s\u00e9nek 50 \u00e9ves jubileum\u00e1t (1902). <br \/><strong>Irod.:<\/strong> Eml\u00e9kk\u00f6nyv<\/br><\/p>\n","protected":false},"excerpt":{"rendered":"<p>Ny\u00e1r\u00e1dkar\u00e1csonyfalva, 1831, okt. 15., \u2020\u00a0?: tan\u00edt\u00f3. \u2013 Apja H. Istv\u00e1n szint\u00e9n tan\u00edt\u00f3. Feles\u00e9ge: Makkai Karolina. \u2013 Taulm\u00e1nyait sz\u00fcl\u0151faluj\u00e1ban kezdte, majd a mv.-i ref. koll.-ban folytatta. R\u00e9szt vett az 1848\u201349. forradalomban mint a vad\u00e1sz-z\u00e1szl\u00f3alj tizedese, B\u00e1nffyhunyadon, Abrudb\u00e1ny\u00e1n \u00e9s Zsib\u00f3n harcolt. A szabads\u00e1gharc lever\u00e9se ut\u00e1n folytatta tanulm\u00e1nyait Mv.-en. K\u00e1ntortan\u00edt\u00f3 lett Harasztkereken (1852). Ny\u00e1r\u00e1dkar\u00e1csonyfalv\u00e1n tan\u00edtott (1860\u2013). Ott \u00fcnnepelt\u00e9k [&hellip;]<\/p>\n","protected":false},"featured_media":0,"comment_status":"open","ping_status":"closed","template":"","meta":[],"product_brand":[],"product_cat":[137],"product_tag":[],"class_list":{"0":"post-9434","1":"product","2":"type-product","3":"status-publish","5":"product_cat-maros-megyei-eletrajzi-lexikon","7":"first","8":"instock","9":"shipping-taxable","10":"product-type-simple"},"_links":{"self":[{"href":"https:\/\/uj.adatbank.ro\/lexikon\/wp-json\/wp\/v2\/product\/9434","targetHints":{"allow":["GET"]}}],"collection":[{"href":"https:\/\/uj.adatbank.ro\/lexikon\/wp-json\/wp\/v2\/product"}],"about":[{"href":"https:\/\/uj.adatbank.ro\/lexikon\/wp-json\/wp\/v2\/types\/product"}],"replies":[{"embeddable":true,"href":"https:\/\/uj.adatbank.ro\/lexikon\/wp-json\/wp\/v2\/comments?post=9434"}],"wp:attachment":[{"href":"https:\/\/uj.adatbank.ro\/lexikon\/wp-json\/wp\/v2\/media?parent=9434"}],"wp:term":[{"taxonomy":"product_brand","embeddable":true,"href":"https:\/\/uj.adatbank.ro\/lexikon\/wp-json\/wp\/v2\/product_brand?post=9434"},{"taxonomy":"product_cat","embeddable":true,"href":"https:\/\/uj.adatbank.ro\/lexikon\/wp-json\/wp\/v2\/product_cat?post=9434"},{"taxonomy":"product_tag","embeddable":true,"href":"https:\/\/uj.adatbank.ro\/lexikon\/wp-json\/wp\/v2\/product_tag?post=9434"}],"curies":[{"name":"wp","href":"https:\/\/api.w.org\/{rel}","templated":true}]}}

HADNAGY Károly

<p>Nyárádkarácsonyfalva, 1831, okt. 15., † ?: tanító. – Apja H. István szintén tanító. Felesége: Makkai Karolina. – Taulmányait szülőfalujában kezdte, majd a mv.-i ref. koll.-ban folytatta. Részt vett az 1848–49. forradalomban mint a vadász-zászlóalj tizedese, Bánffyhunyadon, Abrudbányán és Zsibón harcolt. A szabadságharc leverése után folytatta tanulmányait Mv.-en. Kántortanító lett Harasztkereken (1852). Nyárádkarácsonyfalván tanított (1860–). Ott ünnepelték tanítói múködésének 50 éves jubileumát (1902). <br /><strong>Irod.:</strong> Emlékkönyv</br></p>

<p>Nyárádkarácsonyfalva, 1831, okt. 15., † ?: tanító. – Apja H. István szintén tanító. Felesége: Makkai Karolina. – Taulmányait szülőfalujában kezdte, majd a mv.-i ref. koll.-ban folytatta. Részt vett az 1848–49. forradalomban mint a vadász-zászlóalj tizedese, Bánffyhunyadon, Abrudbányán és Zsibón harcolt. A szabadságharc leverése után folytatta tanulmányait Mv.-en. Kántortanító lett Harasztkereken (1852). Nyárádkarácsonyfalván tanított (1860–). Ott ünnepelték [&hellip;]</p>
