{"id":9436,"date":"2025-06-29T12:44:21","date_gmt":"2025-06-29T10:44:21","guid":{"rendered":"https:\/\/uj.adatbank.ro\/lexikon\/termek\/hadnagy-zsigmond\/"},"modified":"2025-06-29T12:44:21","modified_gmt":"2025-06-29T10:44:21","slug":"hadnagy-zsigmond","status":"publish","type":"product","link":"https:\/\/uj.adatbank.ro\/lexikon\/termek\/hadnagy-zsigmond\/","title":{"rendered":"HADNAGY Zsigmond"},"content":{"rendered":"<p>Cs\u00f3kfalva, 1887., \u2020\u00a0? : f\u00f6ldbirtokos. \u2013 Iskol\u00e1i elv\u00e9gz\u00e9se ut\u00e1n gazd\u00e1lkod\u00e1ssal foglalkozott, minta gazdas\u00e1ga \u00e9s \u00e1llatteny\u00e9szt\u00e9se h\u00edres volt, t\u00f6bb \u00edzben ki\u00e1ll\u00edt\u00e1sokon vett r\u00e9szt, ahol arany\u00e9rmet \u00e9s diplom\u00e1t kapott (1928, 1932). Az egyh\u00e1z presbitere, k\u00f6zs\u00e9gi b\u00edr\u00f3, a Hitelsz\u00f6vetkezet k\u00f6nyvel\u0151je, a K\u00f6zbirtokoss\u00e1gi Tan\u00e1cs eln\u00f6ke. Az els\u0151 vh.-ban mint a 2. k. husz\u00e1rezred \u0151rmestere volt, a koron\u00e1s \u00e9rdemrenddel t\u00fcntett\u00e9k ki. <br \/><strong>Irod.:<\/strong> Sz\u00e9kelyf\u00f6ld \u00ed. k.<\/br><\/p>\n","protected":false},"excerpt":{"rendered":"<p>Cs\u00f3kfalva, 1887., \u2020\u00a0? : f\u00f6ldbirtokos. \u2013 Iskol\u00e1i elv\u00e9gz\u00e9se ut\u00e1n gazd\u00e1lkod\u00e1ssal foglalkozott, minta gazdas\u00e1ga \u00e9s \u00e1llatteny\u00e9szt\u00e9se h\u00edres volt, t\u00f6bb \u00edzben ki\u00e1ll\u00edt\u00e1sokon vett r\u00e9szt, ahol arany\u00e9rmet \u00e9s diplom\u00e1t kapott (1928, 1932). Az egyh\u00e1z presbitere, k\u00f6zs\u00e9gi b\u00edr\u00f3, a Hitelsz\u00f6vetkezet k\u00f6nyvel\u0151je, a K\u00f6zbirtokoss\u00e1gi Tan\u00e1cs eln\u00f6ke. Az els\u0151 vh.-ban mint a 2. k. husz\u00e1rezred \u0151rmestere volt, a koron\u00e1s \u00e9rdemrenddel t\u00fcntett\u00e9k [&hellip;]<\/p>\n","protected":false},"featured_media":0,"comment_status":"open","ping_status":"closed","template":"","meta":[],"product_brand":[],"product_cat":[137],"product_tag":[],"class_list":{"0":"post-9436","1":"product","2":"type-product","3":"status-publish","5":"product_cat-maros-megyei-eletrajzi-lexikon","7":"first","8":"instock","9":"shipping-taxable","10":"product-type-simple"},"_links":{"self":[{"href":"https:\/\/uj.adatbank.ro\/lexikon\/wp-json\/wp\/v2\/product\/9436","targetHints":{"allow":["GET"]}}],"collection":[{"href":"https:\/\/uj.adatbank.ro\/lexikon\/wp-json\/wp\/v2\/product"}],"about":[{"href":"https:\/\/uj.adatbank.ro\/lexikon\/wp-json\/wp\/v2\/types\/product"}],"replies":[{"embeddable":true,"href":"https:\/\/uj.adatbank.ro\/lexikon\/wp-json\/wp\/v2\/comments?post=9436"}],"wp:attachment":[{"href":"https:\/\/uj.adatbank.ro\/lexikon\/wp-json\/wp\/v2\/media?parent=9436"}],"wp:term":[{"taxonomy":"product_brand","embeddable":true,"href":"https:\/\/uj.adatbank.ro\/lexikon\/wp-json\/wp\/v2\/product_brand?post=9436"},{"taxonomy":"product_cat","embeddable":true,"href":"https:\/\/uj.adatbank.ro\/lexikon\/wp-json\/wp\/v2\/product_cat?post=9436"},{"taxonomy":"product_tag","embeddable":true,"href":"https:\/\/uj.adatbank.ro\/lexikon\/wp-json\/wp\/v2\/product_tag?post=9436"}],"curies":[{"name":"wp","href":"https:\/\/api.w.org\/{rel}","templated":true}]}}

<p>Csókfalva, 1887., † ? : földbirtokos. – Iskolái elvégzése után gazdálkodással foglalkozott, minta gazdasága és állattenyésztése híres volt, több ízben kiállításokon vett részt, ahol aranyérmet és diplomát kapott (1928, 1932). Az egyház presbitere, községi bíró, a Hitelszövetkezet könyvelője, a Közbirtokossági Tanács elnöke. Az első vh.-ban mint a 2. k. huszárezred őrmestere volt, a koronás érdemrenddel tüntették ki. <br /><strong>Irod.:</strong> Székelyföld í. k.</br></p>

<p>Csókfalva, 1887., † ? : földbirtokos. – Iskolái elvégzése után gazdálkodással foglalkozott, minta gazdasága és állattenyésztése híres volt, több ízben kiállításokon vett részt, ahol aranyérmet és diplomát kapott (1928, 1932). Az egyház presbitere, községi bíró, a Hitelszövetkezet könyvelője, a Közbirtokossági Tanács elnöke. Az első vh.-ban mint a 2. k. huszárezred őrmestere volt, a koronás érdemrenddel tüntették [&hellip;]</p>
