{"id":9438,"date":"2025-06-29T12:44:25","date_gmt":"2025-06-29T10:44:25","guid":{"rendered":"https:\/\/uj.adatbank.ro\/lexikon\/termek\/hager-jozsef\/"},"modified":"2025-06-29T12:44:25","modified_gmt":"2025-06-29T10:44:25","slug":"hager-jozsef","status":"publish","type":"product","link":"https:\/\/uj.adatbank.ro\/lexikon\/termek\/hager-jozsef\/","title":{"rendered":"H\u00c1GER J\u00f3zsef"},"content":{"rendered":"<p>Vil\u00e1gos, 1867. nov., \u2020 Mv., 1908. okt. 11.: r. k. gimn. tan\u00e1r. \u2013 N\u00e9gy\u00e9ves kor\u00e1ban meghalt az apja, keresztapja Pfeiffer J\u00f3zsef temesv\u00e1ri kanonok tan\u00edtatta a temesv\u00e1ri Piarista Gimn. -ban, 6. o. kor\u00e1t\u00f3l a maga erej\u00e9b\u0151l tanult: le\u00e9retts\u00e9gizett, majd a bp-i egyetem jogi kar\u00e1ra iratkozott be, f\u00e9l \u00e9v m\u00falva \u00e1tiratkozott a filol\u00f3gi\u00e1ra. Tan\u00e1ri p\u00e1ly\u00e1j\u00e1t a privigyei gimn. -n\u00e1l kezdte (1891\u2013) majd a mv.-i R. K. Gimn.-ban folytatta, mint m. -n\u00e9met szakos tan\u00e1r (1893\u20131940). \u2013 <strong>F. m.:<\/strong><strong>ford.:<\/strong> Szkender b\u00e9g t\u00f6rt\u00e9nete, v. a t\u00f6r\u00f6k\u00f6k \u00e9s kereszt\u00e9nyek a 15. sz. \u2013 ban \/ \u00cdrta Camille Paganell. <br \/><strong>Irod.:<\/strong> Guly\u00e1s; Mv.-i R. K. okt.; P\u00e1l-Antal 2013; R. k. okt. \u2013 1; R. k. okt. \u20132<\/br><\/p>\n","protected":false},"excerpt":{"rendered":"<p>Vil\u00e1gos, 1867. nov., \u2020 Mv., 1908. okt. 11.: r. k. gimn. tan\u00e1r. \u2013 N\u00e9gy\u00e9ves kor\u00e1ban meghalt az apja, keresztapja Pfeiffer J\u00f3zsef temesv\u00e1ri kanonok tan\u00edtatta a temesv\u00e1ri Piarista Gimn. -ban, 6. o. kor\u00e1t\u00f3l a maga erej\u00e9b\u0151l tanult: le\u00e9retts\u00e9gizett, majd a bp-i egyetem jogi kar\u00e1ra iratkozott be, f\u00e9l \u00e9v m\u00falva \u00e1tiratkozott a filol\u00f3gi\u00e1ra. Tan\u00e1ri p\u00e1ly\u00e1j\u00e1t a privigyei [&hellip;]<\/p>\n","protected":false},"featured_media":0,"comment_status":"open","ping_status":"closed","template":"","meta":[],"product_brand":[],"product_cat":[137],"product_tag":[],"class_list":{"0":"post-9438","1":"product","2":"type-product","3":"status-publish","5":"product_cat-maros-megyei-eletrajzi-lexikon","7":"first","8":"instock","9":"shipping-taxable","10":"product-type-simple"},"_links":{"self":[{"href":"https:\/\/uj.adatbank.ro\/lexikon\/wp-json\/wp\/v2\/product\/9438","targetHints":{"allow":["GET"]}}],"collection":[{"href":"https:\/\/uj.adatbank.ro\/lexikon\/wp-json\/wp\/v2\/product"}],"about":[{"href":"https:\/\/uj.adatbank.ro\/lexikon\/wp-json\/wp\/v2\/types\/product"}],"replies":[{"embeddable":true,"href":"https:\/\/uj.adatbank.ro\/lexikon\/wp-json\/wp\/v2\/comments?post=9438"}],"wp:attachment":[{"href":"https:\/\/uj.adatbank.ro\/lexikon\/wp-json\/wp\/v2\/media?parent=9438"}],"wp:term":[{"taxonomy":"product_brand","embeddable":true,"href":"https:\/\/uj.adatbank.ro\/lexikon\/wp-json\/wp\/v2\/product_brand?post=9438"},{"taxonomy":"product_cat","embeddable":true,"href":"https:\/\/uj.adatbank.ro\/lexikon\/wp-json\/wp\/v2\/product_cat?post=9438"},{"taxonomy":"product_tag","embeddable":true,"href":"https:\/\/uj.adatbank.ro\/lexikon\/wp-json\/wp\/v2\/product_tag?post=9438"}],"curies":[{"name":"wp","href":"https:\/\/api.w.org\/{rel}","templated":true}]}}

HÁGER József

<p>Világos, 1867. nov., † Mv., 1908. okt. 11.: r. k. gimn. tanár. – Négyéves korában meghalt az apja, keresztapja Pfeiffer József temesvári kanonok tanítatta a temesvári Piarista Gimn. -ban, 6. o. korától a maga erejéből tanult: leérettségizett, majd a bp-i egyetem jogi karára iratkozott be, fél év múlva átiratkozott a filológiára. Tanári pályáját a privigyei gimn. -nál kezdte (1891–) majd a mv.-i R. K. Gimn.-ban folytatta, mint m. -német szakos tanár (1893–1940). – <strong>F. m.:</strong><strong>ford.:</strong> Szkender bég története, v. a törökök és keresztények a 15. sz. – ban / Írta Camille Paganell. <br /><strong>Irod.:</strong> Gulyás; Mv.-i R. K. okt.; Pál-Antal 2013; R. k. okt. – 1; R. k. okt. –2</br></p>

<p>Világos, 1867. nov., † Mv., 1908. okt. 11.: r. k. gimn. tanár. – Négyéves korában meghalt az apja, keresztapja Pfeiffer József temesvári kanonok tanítatta a temesvári Piarista Gimn. -ban, 6. o. korától a maga erejéből tanult: leérettségizett, majd a bp-i egyetem jogi karára iratkozott be, fél év múlva átiratkozott a filológiára. Tanári pályáját a privigyei [&hellip;]</p>
