{"id":9439,"date":"2025-06-29T12:44:28","date_gmt":"2025-06-29T10:44:28","guid":{"rendered":"https:\/\/uj.adatbank.ro\/lexikon\/termek\/hagi-stoian-constantin-hegyi-sztojan-kosztandin\/"},"modified":"2025-06-29T12:44:28","modified_gmt":"2025-06-29T10:44:28","slug":"hagi-stoian-constantin-hegyi-sztojan-kosztandin","status":"publish","type":"product","link":"https:\/\/uj.adatbank.ro\/lexikon\/termek\/hagi-stoian-constantin-hegyi-sztojan-kosztandin\/","title":{"rendered":"HAGI STOIAN Constantin, Hegyi Sztoj\u00e1n Kosztandin"},"content":{"rendered":"<p>? \u2020\u00a0? : g\u00f6r\u00f6g keresked\u0151. \u2013 Megj\u00e1rta a Szent F\u00f6ldet, telket v\u00e1s\u00e1rolt Mv.-en \u00e9s \u00e9s azt az ortodox egyh\u00e1znak adom\u00e1nyozta templom, paplak \u00e9s diak\u00f3nus-h\u00e1z \u00e9p\u00edt\u00e9s\u00e9re (1793). P\u00e9nzbeli adom\u00e1ny\u00e1val a templomot fel\u00e9p\u00edtett\u00e9k a g\u00f6r. Kat. -sok ellenkez\u00e9se dac\u00e1ra, ma is \u00e1ll a fatemplom \u00e9s a v\u00e1ros egyik m\u0171eml\u00e9ke. <br \/><strong>Irod.:<\/strong> P\u00e1l-Antal<\/br><\/p>\n","protected":false},"excerpt":{"rendered":"<p>? \u2020\u00a0? : g\u00f6r\u00f6g keresked\u0151. \u2013 Megj\u00e1rta a Szent F\u00f6ldet, telket v\u00e1s\u00e1rolt Mv.-en \u00e9s \u00e9s azt az ortodox egyh\u00e1znak adom\u00e1nyozta templom, paplak \u00e9s diak\u00f3nus-h\u00e1z \u00e9p\u00edt\u00e9s\u00e9re (1793). P\u00e9nzbeli adom\u00e1ny\u00e1val a templomot fel\u00e9p\u00edtett\u00e9k a g\u00f6r. Kat. -sok ellenkez\u00e9se dac\u00e1ra, ma is \u00e1ll a fatemplom \u00e9s a v\u00e1ros egyik m\u0171eml\u00e9ke. Irod.: P\u00e1l-Antal<\/p>\n","protected":false},"featured_media":0,"comment_status":"open","ping_status":"closed","template":"","meta":[],"product_brand":[],"product_cat":[137],"product_tag":[],"class_list":{"0":"post-9439","1":"product","2":"type-product","3":"status-publish","5":"product_cat-maros-megyei-eletrajzi-lexikon","7":"first","8":"instock","9":"shipping-taxable","10":"product-type-simple"},"_links":{"self":[{"href":"https:\/\/uj.adatbank.ro\/lexikon\/wp-json\/wp\/v2\/product\/9439","targetHints":{"allow":["GET"]}}],"collection":[{"href":"https:\/\/uj.adatbank.ro\/lexikon\/wp-json\/wp\/v2\/product"}],"about":[{"href":"https:\/\/uj.adatbank.ro\/lexikon\/wp-json\/wp\/v2\/types\/product"}],"replies":[{"embeddable":true,"href":"https:\/\/uj.adatbank.ro\/lexikon\/wp-json\/wp\/v2\/comments?post=9439"}],"wp:attachment":[{"href":"https:\/\/uj.adatbank.ro\/lexikon\/wp-json\/wp\/v2\/media?parent=9439"}],"wp:term":[{"taxonomy":"product_brand","embeddable":true,"href":"https:\/\/uj.adatbank.ro\/lexikon\/wp-json\/wp\/v2\/product_brand?post=9439"},{"taxonomy":"product_cat","embeddable":true,"href":"https:\/\/uj.adatbank.ro\/lexikon\/wp-json\/wp\/v2\/product_cat?post=9439"},{"taxonomy":"product_tag","embeddable":true,"href":"https:\/\/uj.adatbank.ro\/lexikon\/wp-json\/wp\/v2\/product_tag?post=9439"}],"curies":[{"name":"wp","href":"https:\/\/api.w.org\/{rel}","templated":true}]}}