{"id":9444,"date":"2025-06-29T12:44:43","date_gmt":"2025-06-29T10:44:43","guid":{"rendered":"https:\/\/uj.adatbank.ro\/lexikon\/termek\/haimann-henrik\/"},"modified":"2025-06-29T12:44:43","modified_gmt":"2025-06-29T10:44:43","slug":"haimann-henrik","status":"publish","type":"product","link":"https:\/\/uj.adatbank.ro\/lexikon\/termek\/haimann-henrik\/","title":{"rendered":"HAIMANN Henrik"},"content":{"rendered":"<p>Sz\u00e1szr\u00e9gen, 1887., \u2020\u00a0?: dr. phil. \u00fajs\u00e1g\u00edr\u00f3. \u2013 Apja keresked\u0151, gy\u00e1ros. \u2013 Tanult a Berlini Egy. B\u00f6lcs. Kar\u00e1n (1905\u201306, 1907\u201308), a Lausanne-i Egy. B\u00f6lcs. Kar\u00e1n (1905\u201306), Lyonban \u00e9s Bp.-en. Doktor\u00e1l Bp.-en (1909); bankhivatalnok \u00e9s k\u00f6zgazdas\u00e1gi \u00fajs\u00e1g\u00edr\u00f3 Bp.-en (1913\u2013); az els\u0151 vh.-ban mint felder\u00edt\u0151 tiszt \u00e9s \u00fctegparancsnok harcolt a rom\u00e1n \u00e9s az orosz fronton. A nyilas \u00e9vek alatt nyelvtan\u00edt\u00e1ssal foglalkozott. M\u00e1ty\u00e1sf\u00f6ld\u00f6n lakott (1948\u2013). K\u00f6z\u00f6lt a Pesti Lloy \u00e9s az Ifj\u00famunk\u00e1s-ban. \u2013 <strong>F. m.:<\/strong> Alfred de Vigny filoz\u00f3fi\u00e1ja \u00e9s m\u0171v\u00e9szete (Bp., 1909); Warum Finanzminister K\u00e1llay der Kronen-Kontremine erlag (Bp., 1924); Abhandlungen z. Finanziellem Krise Ungarns (Bp., 1932); Variationen \u00fcb. d. Thema \u00bbInflation\u00a0\u00ab (Bp., 1946). <br \/><strong>Irod.:<\/strong> Guly\u00e1s; Szab\u00f3\u2013Simon\u2013Sz\u00f6gi<\/br><\/p>\n","protected":false},"excerpt":{"rendered":"<p>Sz\u00e1szr\u00e9gen, 1887., \u2020\u00a0?: dr. phil. \u00fajs\u00e1g\u00edr\u00f3. \u2013 Apja keresked\u0151, gy\u00e1ros. \u2013 Tanult a Berlini Egy. B\u00f6lcs. Kar\u00e1n (1905\u201306, 1907\u201308), a Lausanne-i Egy. B\u00f6lcs. Kar\u00e1n (1905\u201306), Lyonban \u00e9s Bp.-en. Doktor\u00e1l Bp.-en (1909); bankhivatalnok \u00e9s k\u00f6zgazdas\u00e1gi \u00fajs\u00e1g\u00edr\u00f3 Bp.-en (1913\u2013); az els\u0151 vh.-ban mint felder\u00edt\u0151 tiszt \u00e9s \u00fctegparancsnok harcolt a rom\u00e1n \u00e9s az orosz fronton. A nyilas \u00e9vek [&hellip;]<\/p>\n","protected":false},"featured_media":0,"comment_status":"open","ping_status":"closed","template":"","meta":[],"product_brand":[],"product_cat":[137],"product_tag":[],"class_list":{"0":"post-9444","1":"product","2":"type-product","3":"status-publish","5":"product_cat-maros-megyei-eletrajzi-lexikon","7":"first","8":"instock","9":"shipping-taxable","10":"product-type-simple"},"_links":{"self":[{"href":"https:\/\/uj.adatbank.ro\/lexikon\/wp-json\/wp\/v2\/product\/9444","targetHints":{"allow":["GET"]}}],"collection":[{"href":"https:\/\/uj.adatbank.ro\/lexikon\/wp-json\/wp\/v2\/product"}],"about":[{"href":"https:\/\/uj.adatbank.ro\/lexikon\/wp-json\/wp\/v2\/types\/product"}],"replies":[{"embeddable":true,"href":"https:\/\/uj.adatbank.ro\/lexikon\/wp-json\/wp\/v2\/comments?post=9444"}],"wp:attachment":[{"href":"https:\/\/uj.adatbank.ro\/lexikon\/wp-json\/wp\/v2\/media?parent=9444"}],"wp:term":[{"taxonomy":"product_brand","embeddable":true,"href":"https:\/\/uj.adatbank.ro\/lexikon\/wp-json\/wp\/v2\/product_brand?post=9444"},{"taxonomy":"product_cat","embeddable":true,"href":"https:\/\/uj.adatbank.ro\/lexikon\/wp-json\/wp\/v2\/product_cat?post=9444"},{"taxonomy":"product_tag","embeddable":true,"href":"https:\/\/uj.adatbank.ro\/lexikon\/wp-json\/wp\/v2\/product_tag?post=9444"}],"curies":[{"name":"wp","href":"https:\/\/api.w.org\/{rel}","templated":true}]}}

<p>Szászrégen, 1887., † ?: dr. phil. újságíró. – Apja kereskedő, gyáros. – Tanult a Berlini Egy. Bölcs. Karán (1905–06, 1907–08), a Lausanne-i Egy. Bölcs. Karán (1905–06), Lyonban és Bp.-en. Doktorál Bp.-en (1909); bankhivatalnok és közgazdasági újságíró Bp.-en (1913–); az első vh.-ban mint felderítő tiszt és ütegparancsnok harcolt a román és az orosz fronton. A nyilas évek alatt nyelvtanítással foglalkozott. Mátyásföldön lakott (1948–). Közölt a Pesti Lloy és az Ifjúmunkás-ban. – <strong>F. m.:</strong> Alfred de Vigny filozófiája és művészete (Bp., 1909); Warum Finanzminister Kállay der Kronen-Kontremine erlag (Bp., 1924); Abhandlungen z. Finanziellem Krise Ungarns (Bp., 1932); Variationen üb. d. Thema »Inflation « (Bp., 1946). <br /><strong>Irod.:</strong> Gulyás; Szabó–Simon–Szögi</br></p>

<p>Szászrégen, 1887., † ?: dr. phil. újságíró. – Apja kereskedő, gyáros. – Tanult a Berlini Egy. Bölcs. Karán (1905–06, 1907–08), a Lausanne-i Egy. Bölcs. Karán (1905–06), Lyonban és Bp.-en. Doktorál Bp.-en (1909); bankhivatalnok és közgazdasági újságíró Bp.-en (1913–); az első vh.-ban mint felderítő tiszt és ütegparancsnok harcolt a román és az orosz fronton. A nyilas évek [&hellip;]</p>
