{"id":9448,"date":"2025-06-29T12:44:53","date_gmt":"2025-06-29T10:44:53","guid":{"rendered":"https:\/\/uj.adatbank.ro\/lexikon\/termek\/hain-daniel\/"},"modified":"2025-06-29T12:44:53","modified_gmt":"2025-06-29T10:44:53","slug":"hain-daniel","status":"publish","type":"product","link":"https:\/\/uj.adatbank.ro\/lexikon\/termek\/hain-daniel\/","title":{"rendered":"HAIN Daniel"},"content":{"rendered":"<p>Segesv\u00e1r, 1822., \u2020 Kaca, 1894. dec. 18.: tan\u00e1r. \u2013 Tanult Segesv\u00e1ron az ev. gimn.-ban (\u20131843), B\u00e9csben a protest\u00e1ns teol\u00f3gi\u00e1n (1843), majd a m\u0171egyetem m\u00e9rn\u00f6ki kar\u00e1n (1845). Tan\u00edt\u00f3 Segesv\u00e1ron (1847 \u00e1pr. 23. \u2013 1865); ev. lelk\u00e9sz Kac\u00e1n (1865\u20131894). \u2013 <strong>F. m.:<\/strong> Beitr\u00e4ge zur Witterungskunde Siebenb\u00fcrgens: Program\u00e9rtekez\u00e9se a segesv\u00e1ri \u00c1g. Ev. Gimn\u00e1zium Programmj\u00e1ban (Segesv\u00e1r, 1854). <br \/><strong>Irod.:<\/strong> A mo-i k\u00f6z\u00e9piskol\u00e1kban 1850\u201355 megjelent \u00f6sszes program\u00e9rtekez\u00e9seknek repert\u00f3riuma (Bp., 1887); Szab\u00f3-Sz\u0151gi; Szinnyei<\/br><\/p>\n","protected":false},"excerpt":{"rendered":"<p>Segesv\u00e1r, 1822., \u2020 Kaca, 1894. dec. 18.: tan\u00e1r. \u2013 Tanult Segesv\u00e1ron az ev. gimn.-ban (\u20131843), B\u00e9csben a protest\u00e1ns teol\u00f3gi\u00e1n (1843), majd a m\u0171egyetem m\u00e9rn\u00f6ki kar\u00e1n (1845). Tan\u00edt\u00f3 Segesv\u00e1ron (1847 \u00e1pr. 23. \u2013 1865); ev. lelk\u00e9sz Kac\u00e1n (1865\u20131894). \u2013 F. m.: Beitr\u00e4ge zur Witterungskunde Siebenb\u00fcrgens: Program\u00e9rtekez\u00e9se a segesv\u00e1ri \u00c1g. Ev. Gimn\u00e1zium Programmj\u00e1ban (Segesv\u00e1r, 1854). Irod.: A [&hellip;]<\/p>\n","protected":false},"featured_media":0,"comment_status":"open","ping_status":"closed","template":"","meta":[],"product_brand":[],"product_cat":[137],"product_tag":[],"class_list":{"0":"post-9448","1":"product","2":"type-product","3":"status-publish","5":"product_cat-maros-megyei-eletrajzi-lexikon","7":"first","8":"instock","9":"shipping-taxable","10":"product-type-simple"},"_links":{"self":[{"href":"https:\/\/uj.adatbank.ro\/lexikon\/wp-json\/wp\/v2\/product\/9448","targetHints":{"allow":["GET"]}}],"collection":[{"href":"https:\/\/uj.adatbank.ro\/lexikon\/wp-json\/wp\/v2\/product"}],"about":[{"href":"https:\/\/uj.adatbank.ro\/lexikon\/wp-json\/wp\/v2\/types\/product"}],"replies":[{"embeddable":true,"href":"https:\/\/uj.adatbank.ro\/lexikon\/wp-json\/wp\/v2\/comments?post=9448"}],"wp:attachment":[{"href":"https:\/\/uj.adatbank.ro\/lexikon\/wp-json\/wp\/v2\/media?parent=9448"}],"wp:term":[{"taxonomy":"product_brand","embeddable":true,"href":"https:\/\/uj.adatbank.ro\/lexikon\/wp-json\/wp\/v2\/product_brand?post=9448"},{"taxonomy":"product_cat","embeddable":true,"href":"https:\/\/uj.adatbank.ro\/lexikon\/wp-json\/wp\/v2\/product_cat?post=9448"},{"taxonomy":"product_tag","embeddable":true,"href":"https:\/\/uj.adatbank.ro\/lexikon\/wp-json\/wp\/v2\/product_tag?post=9448"}],"curies":[{"name":"wp","href":"https:\/\/api.w.org\/{rel}","templated":true}]}}

<p>Segesvár, 1822., † Kaca, 1894. dec. 18.: tanár. – Tanult Segesváron az ev. gimn.-ban (–1843), Bécsben a protestáns teológián (1843), majd a műegyetem mérnöki karán (1845). Tanító Segesváron (1847 ápr. 23. – 1865); ev. lelkész Kacán (1865–1894). – <strong>F. m.:</strong> Beiträge zur Witterungskunde Siebenbürgens: Programértekezése a segesvári Ág. Ev. Gimnázium Programmjában (Segesvár, 1854). <br /><strong>Irod.:</strong> A mo-i középiskolákban 1850–55 megjelent összes programértekezéseknek repertóriuma (Bp., 1887); Szabó-Szőgi; Szinnyei</br></p>

<p>Segesvár, 1822., † Kaca, 1894. dec. 18.: tanár. – Tanult Segesváron az ev. gimn.-ban (–1843), Bécsben a protestáns teológián (1843), majd a műegyetem mérnöki karán (1845). Tanító Segesváron (1847 ápr. 23. – 1865); ev. lelkész Kacán (1865–1894). – F. m.: Beiträge zur Witterungskunde Siebenbürgens: Programértekezése a segesvári Ág. Ev. Gimnázium Programmjában (Segesvár, 1854). Irod.: A [&hellip;]</p>
