{"id":9451,"date":"2025-06-29T12:45:00","date_gmt":"2025-06-29T10:45:00","guid":{"rendered":"https:\/\/uj.adatbank.ro\/lexikon\/termek\/hajak-karoly-%c2%a7\/"},"modified":"2025-06-29T12:45:00","modified_gmt":"2025-06-29T10:45:00","slug":"hajak-karoly-%c2%a7","status":"publish","type":"product","link":"https:\/\/uj.adatbank.ro\/lexikon\/termek\/hajak-karoly-%c2%a7\/","title":{"rendered":"HAJ\u00c1K K\u00e1roly, \u00a7"},"content":{"rendered":"<p>Bp., 1886. aug. 24., \u2020 Kv., 1970. szept. 6.: heged\u0171m\u0171v\u00e9sz, zeneszerz\u0151, karmester, tan\u00e1r. \u2013 15 \u00e9ves kor\u00e1ig muzsikus \u00e9desapja tan\u00edtotta, majd tanulm\u00e1nyait Bp.-en az Orsz\u00e1gos m. kir. Zenem\u0171v\u00e9szeti F\u0151iskol\u00e1n v\u00e9gezte, Bloch J\u00f3zsef, Kem\u00e9ny Rezs\u0151 \u00e9s Herzfeld Victor tan\u00edtv\u00e1nyak\u00e9nt (1901\u201310). Tan\u00e1ri tev\u00e9kenys\u00e9g\u00e9t Bp.-en kezdte (1909\u201310), majd Debrecenben (1910\u201313), Mv.-en folytatta, mint a V\u00e1rosi Zenekonzervat\u00f3rium heged\u0171tan\u00e1ra (1913. szept. \u2013 47. j\u00fal.), a mv.-i R. K. Gimn.-ban \u00e9nek-zenetan\u00e1r volt (1940\u201344 k.). A mv.-i Ref. Egyh\u00e1zi K\u00f3rus karnagya (1924\u2013), a ker\u00fcleti dalossz\u00f6vets\u00e9g karnagya (1927), a Rom\u00e1niai M. Dalossz\u00f6vets\u00e9g karnagya (1928). A Mv.-i Filharm\u00f3nikus Zenekar karmestere volt 14 \u00e9vig (1926\u2013). A Metz Albert kvartett tagja (1913\u2013). A r. k. egyh\u00e1ztan\u00e1cs tagja (1939). Az I. vh. idej\u00e9n j\u00f3t\u00e9konys\u00e1gi c\u00e9l\u00fa hangversenyeken is fell\u00e9pett. Hangversenyt adott a Kult\u00farpalot\u00e1ban szol\u00f3ban vagy a kvartettel (1915, 1919, 1920, 1924, 1927, 1929, 1930, 1932); a bp.-i Zenem\u0171v\u00e9szeti F\u0151iiskola nagyterm\u00e9ben (1928). Nyugalomba vonul\u00e1sa ut\u00e1n a kv.-i \u00c1llami M. Opera (1948\u201357), valamint az \u00c1llami Filharm\u00f3nia (1957\u201361) tagjak\u00e9nt tev\u00e9kenykedett. Vitu\u00f3z heged\u0171m\u0171v\u00e9sz volt, t\u00f6bb mint 300 hangversenye volt az orsz\u00e1gban \u00e9s k\u00fclf\u00f6ld\u00f6n, a r\u00e1di\u00f3ban is szerepelt. Kvartetteket, dalokat, k\u00f3rusokat \u00e9s egy sz\u00edmf\u00f3ni\u00e1t szerzett, amit Mv.-en 100 tag\u00fa zenekar mutatott be (1927. jan. 20.), a II. t\u00e9tel\u00e9t Bp.-en Dohn\u00e1nyi Ern\u0151 vezet\u00e9s\u00e9vel j\u00e1tszotta a Filharm\u00f3niai T\u00e1rsas\u00e1g zenekara (1928. febr. 20.). Hangszerre \u00edrt m\u0171vek mellett Arany J\u00e1nos, G\u00e1rdonyi G\u00e9za, Ignotus \u00e9s m\u00e1sok verseit zen\u00e9s\u00edtette meg, feldolgozott cs\u00e1ng\u00f3, kalotaszegi, sz\u00e9kely n\u00e9pdalokat: Cs\u00e1ng\u00f3 rapsz\u00f3dia c. m\u0171v\u00e9nek egy r\u00e9sz\u00e9t \u00e9s a Hej iharfa. c. Arany megzen\u00e9s\u00edt\u00e9s\u00e9t f\u00e9rfikarra a M\u0171vel\u0151d\u00e9s k\u00f6z\u00f6lte. I. d\u00edjat nyert a Rom\u00e1niai M. Dalsz\u00f6vets\u00e9g III. Orsz\u00e1gos p\u00e1ly\u00e1zat\u00e1n, a Judit c. ballad\u00e1j\u00e1val. \u2013 <strong>F. m.:<\/strong> 2 szimf\u00f3nia (1927); Von\u00f3sn\u00e9gyes; Szimf\u00f3nia nagyzenekarra (Bp.-en is bemutatt\u00e1k, 1928); Judith \u2013 ballada (\u00e9nekes sz\u00f3list\u00e1k \u00e9s von\u00f3szenekar, 1940); Cs\u00e1ng\u00f3 rapsz\u00f3dia (f\u00e9rfikar, 1940); T\u00e9ma kilenc v\u00e1lto\u00adzattal (zenekar, 1949); Divertisment (kiszenekar, 1954); Szvit (von\u00f3szenekar, 1957); F\u00fav\u00f3sszeren\u00e1d (1957); H-moll gordonka\u00adverseny (1955); 4 von\u00f3sn\u00e9gyes, Von\u00f3stri\u00f3, Zongora\u00f6t\u00f6s, F\u00fav\u00f3s\u00f6t\u00f6s (1956), Gordonka\u00ad-zongora szon\u00e1ta; Heged\u0171-zongora szon\u00e1ta (1959); Dalok solo \u00e9nekhangra \u00e9s f\u00e9rfikarra; antolog.: Souvenir = \u00dcnnepi k\u00f6nyv: F\u00e9lsz\u00e1za\u00addos jubileuma eml\u00e9k\u00e9\u00fcl kiadta a KZST (Mv., 1930). \u2013 Irod. B\u00e1nyai R\u00e9ka. M\u0171vel\u0151d\u00e9si \u00e9let \u00e9s sz\u00f3rakoz\u00e1s Mv.-en az els\u0151 vil\u00e1gh\u00e1bor\u00fa idej\u00e9n = Maros megyei m. -s\u00e1g. 4.; Benk\u0151 Andr\u00e1s: H. K. (M\u0171vel\u0151d\u00e9s, 1. sz., 1970); EM; Filarmonica 50; Guly\u00e1s; Hajd\u00f3 K\u00e1roly: A mv.-i zeneiskola \u00e9vfordul\u00f3j\u00e1ra (N\u00fa., 1999. jan. 12.); Id\u0151t\u00e1r 2; Id\u0151t\u00e1r 3; Katona Szab\u00f3 Istv\u00e1n: Az \u00daj \u00e9let lexikona (\u00daj \u00c9let, 17. sz., 1973); Kim; MRL; Muzicieni din Rom.; Mv. \u00e9s a h\u00e1bor\u00fa 1.; Mv. m\u0171v. v\u00e1r.; Osv\u00e1th; \u00d6kr\u00f6s; Predescu; R. k. okt. \u2013 1; R. k. okt. \u20132; RMIL; Todea 2013; \u00daM\u00c9L; \u00dcnnepi k\u00f6nyv; Zenetud. \u00edr\u00e1sok 1998<\/br><\/p>\n","protected":false},"excerpt":{"rendered":"<p>Bp., 1886. aug. 24., \u2020 Kv., 1970. szept. 6.: heged\u0171m\u0171v\u00e9sz, zeneszerz\u0151, karmester, tan\u00e1r. \u2013 15 \u00e9ves kor\u00e1ig muzsikus \u00e9desapja tan\u00edtotta, majd tanulm\u00e1nyait Bp.-en az Orsz\u00e1gos m. kir. Zenem\u0171v\u00e9szeti F\u0151iskol\u00e1n v\u00e9gezte, Bloch J\u00f3zsef, Kem\u00e9ny Rezs\u0151 \u00e9s Herzfeld Victor tan\u00edtv\u00e1nyak\u00e9nt (1901\u201310). Tan\u00e1ri tev\u00e9kenys\u00e9g\u00e9t Bp.-en kezdte (1909\u201310), majd Debrecenben (1910\u201313), Mv.-en folytatta, mint a V\u00e1rosi Zenekonzervat\u00f3rium heged\u0171tan\u00e1ra (1913. [&hellip;]<\/p>\n","protected":false},"featured_media":0,"comment_status":"open","ping_status":"closed","template":"","meta":[],"product_brand":[],"product_cat":[137],"product_tag":[],"class_list":{"0":"post-9451","1":"product","2":"type-product","3":"status-publish","5":"product_cat-maros-megyei-eletrajzi-lexikon","7":"first","8":"instock","9":"shipping-taxable","10":"product-type-simple"},"_links":{"self":[{"href":"https:\/\/uj.adatbank.ro\/lexikon\/wp-json\/wp\/v2\/product\/9451","targetHints":{"allow":["GET"]}}],"collection":[{"href":"https:\/\/uj.adatbank.ro\/lexikon\/wp-json\/wp\/v2\/product"}],"about":[{"href":"https:\/\/uj.adatbank.ro\/lexikon\/wp-json\/wp\/v2\/types\/product"}],"replies":[{"embeddable":true,"href":"https:\/\/uj.adatbank.ro\/lexikon\/wp-json\/wp\/v2\/comments?post=9451"}],"wp:attachment":[{"href":"https:\/\/uj.adatbank.ro\/lexikon\/wp-json\/wp\/v2\/media?parent=9451"}],"wp:term":[{"taxonomy":"product_brand","embeddable":true,"href":"https:\/\/uj.adatbank.ro\/lexikon\/wp-json\/wp\/v2\/product_brand?post=9451"},{"taxonomy":"product_cat","embeddable":true,"href":"https:\/\/uj.adatbank.ro\/lexikon\/wp-json\/wp\/v2\/product_cat?post=9451"},{"taxonomy":"product_tag","embeddable":true,"href":"https:\/\/uj.adatbank.ro\/lexikon\/wp-json\/wp\/v2\/product_tag?post=9451"}],"curies":[{"name":"wp","href":"https:\/\/api.w.org\/{rel}","templated":true}]}}

HAJÁK Károly, §

<p>Bp., 1886. aug. 24., † Kv., 1970. szept. 6.: hegedűművész, zeneszerző, karmester, tanár. – 15 éves koráig muzsikus édesapja tanította, majd tanulmányait Bp.-en az Országos m. kir. Zeneművészeti Főiskolán végezte, Bloch József, Kemény Rezső és Herzfeld Victor tanítványaként (1901–10). Tanári tevékenységét Bp.-en kezdte (1909–10), majd Debrecenben (1910–13), Mv.-en folytatta, mint a Városi Zenekonzervatórium hegedűtanára (1913. szept. – 47. júl.), a mv.-i R. K. Gimn.-ban ének-zenetanár volt (1940–44 k.). A mv.-i Ref. Egyházi Kórus karnagya (1924–), a kerületi dalosszövetség karnagya (1927), a Romániai M. Dalosszövetség karnagya (1928). A Mv.-i Filharmónikus Zenekar karmestere volt 14 évig (1926–). A Metz Albert kvartett tagja (1913–). A r. k. egyháztanács tagja (1939). Az I. vh. idején jótékonysági célú hangversenyeken is fellépett. Hangversenyt adott a Kultúrpalotában szolóban vagy a kvartettel (1915, 1919, 1920, 1924, 1927, 1929, 1930, 1932); a bp.-i Zeneművészeti Főiiskola nagytermében (1928). Nyugalomba vonulása után a kv.-i Állami M. Opera (1948–57), valamint az Állami Filharmónia (1957–61) tagjaként tevékenykedett. Vituóz hegedűművész volt, több mint 300 hangversenye volt az országban és külföldön, a rádióban is szerepelt. Kvartetteket, dalokat, kórusokat és egy szímfóniát szerzett, amit Mv.-en 100 tagú zenekar mutatott be (1927. jan. 20.), a II. tételét Bp.-en Dohnányi Ernő vezetésével játszotta a Filharmóniai Társaság zenekara (1928. febr. 20.). Hangszerre írt művek mellett Arany János, Gárdonyi Géza, Ignotus és mások verseit zenésítette meg, feldolgozott csángó, kalotaszegi, székely népdalokat: Csángó rapszódia c. művének egy részét és a Hej iharfa. c. Arany megzenésítését férfikarra a Művelődés közölte. I. díjat nyert a Romániai M. Dalszövetség III. Országos pályázatán, a Judit c. balladájával. – <strong>F. m.:</strong> 2 szimfónia (1927); Vonósnégyes; Szimfónia nagyzenekarra (Bp.-en is bemutatták, 1928); Judith – ballada (énekes szólisták és vonószenekar, 1940); Csángó rapszódia (férfikar, 1940); Téma kilenc válto­zattal (zenekar, 1949); Divertisment (kiszenekar, 1954); Szvit (vonószenekar, 1957); Fúvósszerenád (1957); H-moll gordonka­verseny (1955); 4 vonósnégyes, Vonóstrió, Zongoraötös, Fúvósötös (1956), Gordonka­-zongora szonáta; Hegedű-zongora szonáta (1959); Dalok solo énekhangra és férfikarra; antolog.: Souvenir = Ünnepi könyv: Félszáza­dos jubileuma emlékéül kiadta a KZST (Mv., 1930). – Irod. Bányai Réka. Művelődési élet és szórakozás Mv.-en az első világháború idején = Maros megyei m. -ság. 4.; Benkő András: H. K. (Művelődés, 1. sz., 1970); EM; Filarmonica 50; Gulyás; Hajdó Károly: A mv.-i zeneiskola évfordulójára (Nú., 1999. jan. 12.); Időtár 2; Időtár 3; Katona Szabó István: Az Új élet lexikona (Új Élet, 17. sz., 1973); Kim; MRL; Muzicieni din Rom.; Mv. és a háború 1.; Mv. műv. vár.; Osváth; Ökrös; Predescu; R. k. okt. – 1; R. k. okt. –2; RMIL; Todea 2013; ÚMÉL; Ünnepi könyv; Zenetud. írások 1998</br></p>

<p>Bp., 1886. aug. 24., † Kv., 1970. szept. 6.: hegedűművész, zeneszerző, karmester, tanár. – 15 éves koráig muzsikus édesapja tanította, majd tanulmányait Bp.-en az Országos m. kir. Zeneművészeti Főiskolán végezte, Bloch József, Kemény Rezső és Herzfeld Victor tanítványaként (1901–10). Tanári tevékenységét Bp.-en kezdte (1909–10), majd Debrecenben (1910–13), Mv.-en folytatta, mint a Városi Zenekonzervatórium hegedűtanára (1913. [&hellip;]</p>
