{"id":9454,"date":"2025-06-29T12:45:07","date_gmt":"2025-06-29T10:45:07","guid":{"rendered":"https:\/\/uj.adatbank.ro\/lexikon\/termek\/hajdu-attila\/"},"modified":"2025-06-29T12:45:07","modified_gmt":"2025-06-29T10:45:07","slug":"hajdu-attila","status":"publish","type":"product","link":"https:\/\/uj.adatbank.ro\/lexikon\/termek\/hajdu-attila\/","title":{"rendered":"HAJDU Attila"},"content":{"rendered":"<p>Kv., 1945. \u2020 Mv., 2012. orvos, m\u0171kedvel\u0151 szobr\u00e1szm\u0171v\u00e9sz. \u2013\u00a0A MOGYI fogorvosi kar\u00e1n v\u00e9gzett (1969). Szil\u00e1gysomly\u00f3n volt poliklinikai fogorvos (1972-nyugd\u00edjaz\u00e1s\u00e1ig).: Neves m\u0171kedvel\u0151 k\u00e9pz\u0151m\u0171v\u00e9sz, \u00edr\u00f3, munkat\u00e1rsa a Szil\u00e1gys\u00e1g, Hepehupa, Rom\u00e1niai Magyar Sz\u00f3, M\u0171vel\u0151d\u00e9s lapoknak. M\u0171kedvel\u0151 k\u00e9pz\u0151m\u0171v\u00e9szk\u00e9nt fot\u00f3ival, szobraival gyakran vett r\u00e9szt egy\u00e9ni, csoportos ki\u00e1ll\u00edt\u00e1sokon, t\u00e1rlatokon Zilahon, Szil\u00e1gysomly\u00f3n, Kv. -on, Buk. -ben, Bp.-en. T\u00f6bb k\u00f6tet szerz\u0151je. Mv.-en a r\u00f3mai katolikus temet\u0151ben nyugszik. <br \/><strong>Irod.:<\/strong> Kiss-P- P; Kiss Cs. M 4.<\/br><\/p>\n","protected":false},"excerpt":{"rendered":"<p>Kv., 1945. \u2020 Mv., 2012. orvos, m\u0171kedvel\u0151 szobr\u00e1szm\u0171v\u00e9sz. \u2013\u00a0A MOGYI fogorvosi kar\u00e1n v\u00e9gzett (1969). Szil\u00e1gysomly\u00f3n volt poliklinikai fogorvos (1972-nyugd\u00edjaz\u00e1s\u00e1ig).: Neves m\u0171kedvel\u0151 k\u00e9pz\u0151m\u0171v\u00e9sz, \u00edr\u00f3, munkat\u00e1rsa a Szil\u00e1gys\u00e1g, Hepehupa, Rom\u00e1niai Magyar Sz\u00f3, M\u0171vel\u0151d\u00e9s lapoknak. M\u0171kedvel\u0151 k\u00e9pz\u0151m\u0171v\u00e9szk\u00e9nt fot\u00f3ival, szobraival gyakran vett r\u00e9szt egy\u00e9ni, csoportos ki\u00e1ll\u00edt\u00e1sokon, t\u00e1rlatokon Zilahon, Szil\u00e1gysomly\u00f3n, Kv. -on, Buk. -ben, Bp.-en. T\u00f6bb k\u00f6tet szerz\u0151je. Mv.-en a [&hellip;]<\/p>\n","protected":false},"featured_media":0,"comment_status":"open","ping_status":"closed","template":"","meta":[],"product_brand":[],"product_cat":[137],"product_tag":[],"class_list":{"0":"post-9454","1":"product","2":"type-product","3":"status-publish","5":"product_cat-maros-megyei-eletrajzi-lexikon","7":"first","8":"instock","9":"shipping-taxable","10":"product-type-simple"},"_links":{"self":[{"href":"https:\/\/uj.adatbank.ro\/lexikon\/wp-json\/wp\/v2\/product\/9454","targetHints":{"allow":["GET"]}}],"collection":[{"href":"https:\/\/uj.adatbank.ro\/lexikon\/wp-json\/wp\/v2\/product"}],"about":[{"href":"https:\/\/uj.adatbank.ro\/lexikon\/wp-json\/wp\/v2\/types\/product"}],"replies":[{"embeddable":true,"href":"https:\/\/uj.adatbank.ro\/lexikon\/wp-json\/wp\/v2\/comments?post=9454"}],"wp:attachment":[{"href":"https:\/\/uj.adatbank.ro\/lexikon\/wp-json\/wp\/v2\/media?parent=9454"}],"wp:term":[{"taxonomy":"product_brand","embeddable":true,"href":"https:\/\/uj.adatbank.ro\/lexikon\/wp-json\/wp\/v2\/product_brand?post=9454"},{"taxonomy":"product_cat","embeddable":true,"href":"https:\/\/uj.adatbank.ro\/lexikon\/wp-json\/wp\/v2\/product_cat?post=9454"},{"taxonomy":"product_tag","embeddable":true,"href":"https:\/\/uj.adatbank.ro\/lexikon\/wp-json\/wp\/v2\/product_tag?post=9454"}],"curies":[{"name":"wp","href":"https:\/\/api.w.org\/{rel}","templated":true}]}}

<p>Kv., 1945. † Mv., 2012. orvos, műkedvelő szobrászművész. – A MOGYI fogorvosi karán végzett (1969). Szilágysomlyón volt poliklinikai fogorvos (1972-nyugdíjazásáig).: Neves műkedvelő képzőművész, író, munkatársa a Szilágyság, Hepehupa, Romániai Magyar Szó, Művelődés lapoknak. Műkedvelő képzőművészként fotóival, szobraival gyakran vett részt egyéni, csoportos kiállításokon, tárlatokon Zilahon, Szilágysomlyón, Kv. -on, Buk. -ben, Bp.-en. Több kötet szerzője. Mv.-en a római katolikus temetőben nyugszik. <br /><strong>Irod.:</strong> Kiss-P- P; Kiss Cs. M 4.</br></p>

<p>Kv., 1945. † Mv., 2012. orvos, műkedvelő szobrászművész. – A MOGYI fogorvosi karán végzett (1969). Szilágysomlyón volt poliklinikai fogorvos (1972-nyugdíjazásáig).: Neves műkedvelő képzőművész, író, munkatársa a Szilágyság, Hepehupa, Romániai Magyar Szó, Művelődés lapoknak. Műkedvelő képzőművészként fotóival, szobraival gyakran vett részt egyéni, csoportos kiállításokon, tárlatokon Zilahon, Szilágysomlyón, Kv. -on, Buk. -ben, Bp.-en. Több kötet szerzője. Mv.-en a [&hellip;]</p>
