{"id":9457,"date":"2025-06-29T12:45:15","date_gmt":"2025-06-29T10:45:15","guid":{"rendered":"https:\/\/uj.adatbank.ro\/lexikon\/termek\/hajdu-erzsebet-gabriella-nover\/"},"modified":"2026-02-17T16:24:09","modified_gmt":"2026-02-17T15:24:09","slug":"hajdu-erzsebet-gabriella-nover","status":"publish","type":"product","link":"https:\/\/uj.adatbank.ro\/lexikon\/termek\/hajdu-erzsebet-gabriella-nover\/","title":{"rendered":"HAJDU Erzs\u00e9bet, Gabriella n\u0151v\u00e9r"},"content":{"rendered":"<p>Cs\u00edkmadaras, 1915. jan. 8., \u2020\u00a0Nagyv\u00e1rad, 1963. \u00e1pr. 24.: ap\u00e1ca, tan\u00e1rn\u0151. \u2013 T\u00f6rt\u00e9nelem-filoz\u00f3fia karon v\u00e9gzett. Nagyv\u00e1radon volt Orsolya-rendi ap\u00e1ca (1936\u201349) Gabriella n\u0151v\u00e9r n\u00e9ven. Mv.-en tan\u00e1rn\u0151. Letart\u00f3ztatt\u00e1k (1961. dec. 16.). A MAT Katonai \u00dcgy\u00e9szs\u00e9ge azzal a v\u00e1ddal \u00e1ll\u00edtotta b\u00edr\u00f3s\u00e1g el\u00e9, hogy 1956 \u0151sz\u00e9n dics\u00e9r\u0151leg komment\u00e1lta a m. forradalmat \u00e9s r\u00e1galmazta a Szovjetuni\u00f3t, k\u00e9s\u0151bb rendszerellenes k\u00f6nyveket tartott \u00e9s terjesztett. 2 \u00e9vre \u00edt\u00e9lt\u00e9k. A cs\u00edkszeredai, majd a nagyv\u00e1radi b\u00f6rt\u00f6nben volt. Ott halt meg. \u2013 Irod : 1956 Erd\u00e9lyben, \u00c1ldozatok; P\u00e1l-Antal 2013<\/p>\n","protected":false},"excerpt":{"rendered":"<p>Cs\u00edkmadaras, 1915. jan. 8., \u2020\u00a0Nagyv\u00e1rad, 1963. \u00e1pr. 24.: ap\u00e1ca, tan\u00e1rn\u0151. \u2013 T\u00f6rt\u00e9nelem-filoz\u00f3fia karon v\u00e9gzett. Nagyv\u00e1radon volt Orsolya-rendi ap\u00e1ca (1936\u201349) Gabriella n\u0151v\u00e9r n\u00e9ven. Mv.-en tan\u00e1rn\u0151. Letart\u00f3ztatt\u00e1k (1961. dec. 16.). A MAT Katonai \u00dcgy\u00e9szs\u00e9ge azzal a v\u00e1ddal \u00e1ll\u00edtotta b\u00edr\u00f3s\u00e1g el\u00e9, hogy 1956 \u0151sz\u00e9n dics\u00e9r\u0151leg komment\u00e1lta a m. forradalmat \u00e9s r\u00e1galmazta a Szovjetuni\u00f3t, k\u00e9s\u0151bb rendszerellenes k\u00f6nyveket tartott \u00e9s [&hellip;]<\/p>\n","protected":false},"featured_media":0,"comment_status":"open","ping_status":"closed","template":"","meta":[],"product_brand":[],"product_cat":[137],"product_tag":[],"class_list":{"0":"post-9457","1":"product","2":"type-product","3":"status-publish","5":"product_cat-maros-megyei-eletrajzi-lexikon","7":"first","8":"instock","9":"shipping-taxable","10":"product-type-simple"},"_links":{"self":[{"href":"https:\/\/uj.adatbank.ro\/lexikon\/wp-json\/wp\/v2\/product\/9457","targetHints":{"allow":["GET"]}}],"collection":[{"href":"https:\/\/uj.adatbank.ro\/lexikon\/wp-json\/wp\/v2\/product"}],"about":[{"href":"https:\/\/uj.adatbank.ro\/lexikon\/wp-json\/wp\/v2\/types\/product"}],"replies":[{"embeddable":true,"href":"https:\/\/uj.adatbank.ro\/lexikon\/wp-json\/wp\/v2\/comments?post=9457"}],"wp:attachment":[{"href":"https:\/\/uj.adatbank.ro\/lexikon\/wp-json\/wp\/v2\/media?parent=9457"}],"wp:term":[{"taxonomy":"product_brand","embeddable":true,"href":"https:\/\/uj.adatbank.ro\/lexikon\/wp-json\/wp\/v2\/product_brand?post=9457"},{"taxonomy":"product_cat","embeddable":true,"href":"https:\/\/uj.adatbank.ro\/lexikon\/wp-json\/wp\/v2\/product_cat?post=9457"},{"taxonomy":"product_tag","embeddable":true,"href":"https:\/\/uj.adatbank.ro\/lexikon\/wp-json\/wp\/v2\/product_tag?post=9457"}],"curies":[{"name":"wp","href":"https:\/\/api.w.org\/{rel}","templated":true}]}}

HAJDU Erzsébet, Gabriella nővér

<p>Csíkmadaras, 1915. jan. 8., † Nagyvárad, 1963. ápr. 24.: apáca, tanárnő. – Történelem-filozófia karon végzett. Nagyváradon volt Orsolya-rendi apáca (1936–49) Gabriella nővér néven. Mv.-en tanárnő. Letartóztatták (1961. dec. 16.). A MAT Katonai Ügyészsége azzal a váddal állította bíróság elé, hogy 1956 őszén dicsérőleg kommentálta a m. forradalmat és rágalmazta a Szovjetuniót, később rendszerellenes könyveket tartott és terjesztett. 2 évre ítélték. A csíkszeredai, majd a nagyváradi börtönben volt. Ott halt meg. – Irod : 1956 Erdélyben, Áldozatok; Pál-Antal 2013</p>

<p>Csíkmadaras, 1915. jan. 8., † Nagyvárad, 1963. ápr. 24.: apáca, tanárnő. – Történelem-filozófia karon végzett. Nagyváradon volt Orsolya-rendi apáca (1936–49) Gabriella nővér néven. Mv.-en tanárnő. Letartóztatták (1961. dec. 16.). A MAT Katonai Ügyészsége azzal a váddal állította bíróság elé, hogy 1956 őszén dicsérőleg kommentálta a m. forradalmat és rágalmazta a Szovjetuniót, később rendszerellenes könyveket tartott és [&hellip;]</p>
