{"id":9462,"date":"2025-06-29T12:45:29","date_gmt":"2025-06-29T10:45:29","guid":{"rendered":"https:\/\/uj.adatbank.ro\/lexikon\/termek\/hajdu-gabriella-hajdu-gabi\/"},"modified":"2025-06-29T12:45:29","modified_gmt":"2025-06-29T10:45:29","slug":"hajdu-gabriella-hajdu-gabi","status":"publish","type":"product","link":"https:\/\/uj.adatbank.ro\/lexikon\/termek\/hajdu-gabriella-hajdu-gabi\/","title":{"rendered":"HAJD\u00da Gabriella, Hajdu Gabi"},"content":{"rendered":"<p>1915 ? \u2020 Nagyv\u00e1rad, 1963. \u00e1pr. 1.: tan\u00e1rn\u0151, szerzetesn\u0151. \u2013 Mv.-en tan\u00e1rn\u0151, az Orsolya rend tagja. Az iskol\u00e1k \u00e1llamos\u00edt\u00e1sa ut\u00e1n (1948) \u00e1ll\u00e1s n\u00e9lk\u00fcl maradt. Mag\u00e1n\u00f3r\u00e1k ad\u00e1s\u00e1val tartotta fenn mag\u00e1t, nem mondott le hivat\u00e1s\u00e1r\u00f3l, tan\u00edtv\u00e1nyai vall\u00e1sos nevel\u00e9s\u00e9t is v\u00e1llalta. A vall\u00e1sos oktat\u00e1sa miatt letart\u00f3ztatt\u00e1k (1961. dec. 1.), b\u00edr\u00f3s\u00e1g el\u00e9 \u00e1ll\u00edtott\u00e1k, k\u00e9t vall\u00e1sos k\u00f6nyv k\u00f6lcs\u00f6nz\u00e9se c\u00edm\u00e9n, \u00f6t \u00e9vre it\u00e9lt\u00e9k. Nagyv\u00e1radon a b\u00f6rt\u00f6nben halt meg. <br \/><strong>Irod.:<\/strong> Lesty\u00e1n Ferenc: Pedag\u00f3gusok h\u0151sies \u00e9lete (N\u00fa., 1995. aug. 24.); Maros-k\u00fck\u00fcll\u0151i f\u0151esp.<\/br><\/p>\n","protected":false},"excerpt":{"rendered":"<p>1915 ? \u2020 Nagyv\u00e1rad, 1963. \u00e1pr. 1.: tan\u00e1rn\u0151, szerzetesn\u0151. \u2013 Mv.-en tan\u00e1rn\u0151, az Orsolya rend tagja. Az iskol\u00e1k \u00e1llamos\u00edt\u00e1sa ut\u00e1n (1948) \u00e1ll\u00e1s n\u00e9lk\u00fcl maradt. Mag\u00e1n\u00f3r\u00e1k ad\u00e1s\u00e1val tartotta fenn mag\u00e1t, nem mondott le hivat\u00e1s\u00e1r\u00f3l, tan\u00edtv\u00e1nyai vall\u00e1sos nevel\u00e9s\u00e9t is v\u00e1llalta. A vall\u00e1sos oktat\u00e1sa miatt letart\u00f3ztatt\u00e1k (1961. dec. 1.), b\u00edr\u00f3s\u00e1g el\u00e9 \u00e1ll\u00edtott\u00e1k, k\u00e9t vall\u00e1sos k\u00f6nyv k\u00f6lcs\u00f6nz\u00e9se c\u00edm\u00e9n, \u00f6t [&hellip;]<\/p>\n","protected":false},"featured_media":0,"comment_status":"open","ping_status":"closed","template":"","meta":[],"product_brand":[],"product_cat":[137],"product_tag":[],"class_list":{"0":"post-9462","1":"product","2":"type-product","3":"status-publish","5":"product_cat-maros-megyei-eletrajzi-lexikon","7":"first","8":"instock","9":"shipping-taxable","10":"product-type-simple"},"_links":{"self":[{"href":"https:\/\/uj.adatbank.ro\/lexikon\/wp-json\/wp\/v2\/product\/9462","targetHints":{"allow":["GET"]}}],"collection":[{"href":"https:\/\/uj.adatbank.ro\/lexikon\/wp-json\/wp\/v2\/product"}],"about":[{"href":"https:\/\/uj.adatbank.ro\/lexikon\/wp-json\/wp\/v2\/types\/product"}],"replies":[{"embeddable":true,"href":"https:\/\/uj.adatbank.ro\/lexikon\/wp-json\/wp\/v2\/comments?post=9462"}],"wp:attachment":[{"href":"https:\/\/uj.adatbank.ro\/lexikon\/wp-json\/wp\/v2\/media?parent=9462"}],"wp:term":[{"taxonomy":"product_brand","embeddable":true,"href":"https:\/\/uj.adatbank.ro\/lexikon\/wp-json\/wp\/v2\/product_brand?post=9462"},{"taxonomy":"product_cat","embeddable":true,"href":"https:\/\/uj.adatbank.ro\/lexikon\/wp-json\/wp\/v2\/product_cat?post=9462"},{"taxonomy":"product_tag","embeddable":true,"href":"https:\/\/uj.adatbank.ro\/lexikon\/wp-json\/wp\/v2\/product_tag?post=9462"}],"curies":[{"name":"wp","href":"https:\/\/api.w.org\/{rel}","templated":true}]}}

HAJDÚ Gabriella, Hajdu Gabi

<p>1915 ? † Nagyvárad, 1963. ápr. 1.: tanárnő, szerzetesnő. – Mv.-en tanárnő, az Orsolya rend tagja. Az iskolák államosítása után (1948) állás nélkül maradt. Magánórák adásával tartotta fenn magát, nem mondott le hivatásáról, tanítványai vallásos nevelését is vállalta. A vallásos oktatása miatt letartóztatták (1961. dec. 1.), bíróság elé állították, két vallásos könyv kölcsönzése címén, öt évre itélték. Nagyváradon a börtönben halt meg. <br /><strong>Irod.:</strong> Lestyán Ferenc: Pedagógusok hősies élete (Nú., 1995. aug. 24.); Maros-küküllői főesp.</br></p>

<p>1915 ? † Nagyvárad, 1963. ápr. 1.: tanárnő, szerzetesnő. – Mv.-en tanárnő, az Orsolya rend tagja. Az iskolák államosítása után (1948) állás nélkül maradt. Magánórák adásával tartotta fenn magát, nem mondott le hivatásáról, tanítványai vallásos nevelését is vállalta. A vallásos oktatása miatt letartóztatták (1961. dec. 1.), bíróság elé állították, két vallásos könyv kölcsönzése címén, öt [&hellip;]</p>
