{"id":9463,"date":"2025-06-29T12:45:32","date_gmt":"2025-06-29T10:45:32","guid":{"rendered":"https:\/\/uj.adatbank.ro\/lexikon\/termek\/hajdu-istvan-szovatai-hajdu-sefan\/"},"modified":"2025-06-29T12:45:32","modified_gmt":"2025-06-29T10:45:32","slug":"hajdu-istvan-szovatai-hajdu-sefan","status":"publish","type":"product","link":"https:\/\/uj.adatbank.ro\/lexikon\/termek\/hajdu-istvan-szovatai-hajdu-sefan\/","title":{"rendered":"HAJDU Istv\u00e1n, szov\u00e1tai, Hajdu \u015eefan"},"content":{"rendered":"<p>\u00c1kosfalva, 1886. szept. 7., \u2020 Mv., 1924. dec. 29.: dr., \u00fcgyv\u00e9d, k\u00f6z\u00edr\u00f3, szerk. \u2013 H. G\u00e1bor \u00e9s Sz\u00e1nth\u00f3 \u00c1gnes fia. Feles\u00e9ge: radn\u00f3thi Sz\u00e1nth\u00f3 Emmy. Gyermekeik: Erzs\u00e9bet, Magda. \u2013 A k\u00f6z\u00e9piskol\u00e1t Mv.-en v\u00e9gezte majd a kv.-i egyetemen szerzett jogi doktor\u00e1tust. Mv.-en nyitott \u00fcgyv\u00e9di irod\u00e1t. A v\u00e1rosi tan\u00e1cs tagja (1921\u2013). A M. Sz\u00f6vets\u00e9g mv.-i tagozat\u00e1nak aleln\u00f6ke (1921), majd az egys\u00e9ges m. p\u00e1rt, az OMP \u00fcgyvezet\u0151je (1922). Gazd\u00e1lkod\u00e1ssal is foglalkozott \u00c1kosfalv\u00e1n, ahol 70 holdas birtoka volt. A Nemzeti Munkap\u00e1rt titk\u00e1ra (1913). Az OMP megalakul\u00e1sakor (1922. dec. 28-\u00e1n), a &#8222;n\u00e9pk\u00f6z\u00f6ss\u00e9gi alanyis\u00e1g&#8221;-ot megfogalmaz\u00f3 hat\u00e1rozati javaslat el\u0151ad\u00f3ja, a Goga\u2013Averescu-f\u00e9le N\u00e9pp\u00e1rt \u00e9s az OMP \u00fan. csucsai paktum\u00e1nak egyik al\u00e1\u00edr\u00f3ja (1923. okt. 23). A Mv.-i Kaszin\u00f3 jogtan\u00e1csosa (1919). A KZST tagja (1920\u2013), a t\u00e1rsas\u00e1g megb\u00edz\u00e1s\u00e1b\u00f3l Osv\u00e1t K\u00e1lm\u00e1n ut\u00f3djak\u00e9nt mint politikai ir\u00e1ny\u00edt\u00f3 vette \u00e1t a Zord Id\u0151 felel\u0151s szerk.-i tiszts\u00e9g\u00e9t Berde M\u00e1ria, D\u00e9k\u00e1ni K\u00e1lm\u00e1n \u00e9s Molter K\u00e1roly mellett (1920. dec. \u2013 1921. szept.). Itt jelennek meg cikkei. Bern\u00e1dy egyik helyi ellenfele. A Rom\u00e1n N\u00e9pp\u00e1rt \u00e9s az OMP k\u00f6z\u00f6tt, v\u00e1laszt\u00e1si egyezs\u00e9g, a magyarokat megillet\u0151 jogok megad\u00e1s\u00e1nak rem\u00e9ny\u00e9ben, a Csucsai Paktum egyik al\u00e1\u00edr\u00f3ja (1938). Az imperiumv\u00e1lt\u00e1st k\u00f6vet\u0151en akt\u00edvan r\u00e9szt vett az OMP mv.-i tagozat\u00e1nak ki\u00e9p\u00edt\u00e9s\u00e9ben, az Eln\u00f6ki Tan\u00e1csban kapott helyet. A Sz\u00e9kelyf\u00f6ld c. mv.-i napilapnak felel\u0151s szerk.-je volt (1924). A mv.-i \u00fajs\u00e1g\u00edr\u00f3 egyes\u00fclet tagja (1921). A Ref. Koll. kur\u00e1tora. K\u00f6z\u00f6lt: a Zord Id\u0151, Brass\u00f3i Lapokban. <br \/><strong>Irod.:<\/strong> Almanah Tg. M.; Bern\u00e1dy; Bi\u00e1s Istv\u00e1n; Guly\u00e1s; Gy\u00e1szjelent.; Id\u0151t\u00e1r 2; Id\u0151t\u00e1r 3; Molter 1.; Mv. t\u00f6rt. 2.; Mv. m\u0171v. v\u00e1r.; P\u00e1l-Antal 2003; RMIL; Sz\u00e9kelyf\u00f6ld \u00ed. k.<\/br><\/p>\n","protected":false},"excerpt":{"rendered":"<p>\u00c1kosfalva, 1886. szept. 7., \u2020 Mv., 1924. dec. 29.: dr., \u00fcgyv\u00e9d, k\u00f6z\u00edr\u00f3, szerk. \u2013 H. G\u00e1bor \u00e9s Sz\u00e1nth\u00f3 \u00c1gnes fia. Feles\u00e9ge: radn\u00f3thi Sz\u00e1nth\u00f3 Emmy. Gyermekeik: Erzs\u00e9bet, Magda. \u2013 A k\u00f6z\u00e9piskol\u00e1t Mv.-en v\u00e9gezte majd a kv.-i egyetemen szerzett jogi doktor\u00e1tust. Mv.-en nyitott \u00fcgyv\u00e9di irod\u00e1t. A v\u00e1rosi tan\u00e1cs tagja (1921\u2013). A M. Sz\u00f6vets\u00e9g mv.-i tagozat\u00e1nak aleln\u00f6ke (1921), [&hellip;]<\/p>\n","protected":false},"featured_media":0,"comment_status":"open","ping_status":"closed","template":"","meta":[],"product_brand":[],"product_cat":[137],"product_tag":[],"class_list":{"0":"post-9463","1":"product","2":"type-product","3":"status-publish","5":"product_cat-maros-megyei-eletrajzi-lexikon","7":"first","8":"instock","9":"shipping-taxable","10":"product-type-simple"},"_links":{"self":[{"href":"https:\/\/uj.adatbank.ro\/lexikon\/wp-json\/wp\/v2\/product\/9463","targetHints":{"allow":["GET"]}}],"collection":[{"href":"https:\/\/uj.adatbank.ro\/lexikon\/wp-json\/wp\/v2\/product"}],"about":[{"href":"https:\/\/uj.adatbank.ro\/lexikon\/wp-json\/wp\/v2\/types\/product"}],"replies":[{"embeddable":true,"href":"https:\/\/uj.adatbank.ro\/lexikon\/wp-json\/wp\/v2\/comments?post=9463"}],"wp:attachment":[{"href":"https:\/\/uj.adatbank.ro\/lexikon\/wp-json\/wp\/v2\/media?parent=9463"}],"wp:term":[{"taxonomy":"product_brand","embeddable":true,"href":"https:\/\/uj.adatbank.ro\/lexikon\/wp-json\/wp\/v2\/product_brand?post=9463"},{"taxonomy":"product_cat","embeddable":true,"href":"https:\/\/uj.adatbank.ro\/lexikon\/wp-json\/wp\/v2\/product_cat?post=9463"},{"taxonomy":"product_tag","embeddable":true,"href":"https:\/\/uj.adatbank.ro\/lexikon\/wp-json\/wp\/v2\/product_tag?post=9463"}],"curies":[{"name":"wp","href":"https:\/\/api.w.org\/{rel}","templated":true}]}}

HAJDU István, szovátai, Hajdu Şefan

<p>Ákosfalva, 1886. szept. 7., † Mv., 1924. dec. 29.: dr., ügyvéd, közíró, szerk. – H. Gábor és Szánthó Ágnes fia. Felesége: radnóthi Szánthó Emmy. Gyermekeik: Erzsébet, Magda. – A középiskolát Mv.-en végezte majd a kv.-i egyetemen szerzett jogi doktorátust. Mv.-en nyitott ügyvédi irodát. A városi tanács tagja (1921–). A M. Szövetség mv.-i tagozatának alelnöke (1921), majd az egységes m. párt, az OMP ügyvezetője (1922). Gazdálkodással is foglalkozott Ákosfalván, ahol 70 holdas birtoka volt. A Nemzeti Munkapárt titkára (1913). Az OMP megalakulásakor (1922. dec. 28-án), a &#8222;népközösségi alanyiság&#8221;-ot megfogalmazó határozati javaslat előadója, a Goga–Averescu-féle Néppárt és az OMP ún. csucsai paktumának egyik aláírója (1923. okt. 23). A Mv.-i Kaszinó jogtanácsosa (1919). A KZST tagja (1920–), a társaság megbízásából Osvát Kálmán utódjaként mint politikai irányító vette át a Zord Idő felelős szerk.-i tisztségét Berde Mária, Dékáni Kálmán és Molter Károly mellett (1920. dec. – 1921. szept.). Itt jelennek meg cikkei. Bernády egyik helyi ellenfele. A Román Néppárt és az OMP között, választási egyezség, a magyarokat megillető jogok megadásának reményében, a Csucsai Paktum egyik aláírója (1938). Az imperiumváltást követően aktívan részt vett az OMP mv.-i tagozatának kiépítésében, az Elnöki Tanácsban kapott helyet. A Székelyföld c. mv.-i napilapnak felelős szerk.-je volt (1924). A mv.-i újságíró egyesület tagja (1921). A Ref. Koll. kurátora. Közölt: a Zord Idő, Brassói Lapokban. <br /><strong>Irod.:</strong> Almanah Tg. M.; Bernády; Biás István; Gulyás; Gyászjelent.; Időtár 2; Időtár 3; Molter 1.; Mv. tört. 2.; Mv. műv. vár.; Pál-Antal 2003; RMIL; Székelyföld í. k.</br></p>

<p>Ákosfalva, 1886. szept. 7., † Mv., 1924. dec. 29.: dr., ügyvéd, közíró, szerk. – H. Gábor és Szánthó Ágnes fia. Felesége: radnóthi Szánthó Emmy. Gyermekeik: Erzsébet, Magda. – A középiskolát Mv.-en végezte majd a kv.-i egyetemen szerzett jogi doktorátust. Mv.-en nyitott ügyvédi irodát. A városi tanács tagja (1921–). A M. Szövetség mv.-i tagozatának alelnöke (1921), [&hellip;]</p>
