{"id":9473,"date":"2025-06-29T12:45:56","date_gmt":"2025-06-29T10:45:56","guid":{"rendered":"https:\/\/uj.adatbank.ro\/lexikon\/termek\/hajdu-zoltan-%c2%a7\/"},"modified":"2025-06-29T12:45:56","modified_gmt":"2025-06-29T10:45:56","slug":"hajdu-zoltan-%c2%a7","status":"publish","type":"product","link":"https:\/\/uj.adatbank.ro\/lexikon\/termek\/hajdu-zoltan-%c2%a7\/","title":{"rendered":"HAJDU Zolt\u00e1n, \u00a7"},"content":{"rendered":"<p>Radn\u00f3tf\u00e1ja, 1924. dec. 16., \u2020\u00a0Buk., 1982. febr. 12. \u2013 Hamvait a mv.-i ref. temet\u0151be helyezt\u00e9k (1984. dec. 20.): k\u00f6lt\u0151, m\u0171ford\u00edt\u00f3, fest\u0151m\u0171v\u00e9sz, zeneszerz\u0151. \u2013 Hajdu Gy\u0151z\u0151 testv\u00e9rb\u00e1tyja. \u2013 K\u00f6z\u00e9piskolai tanulm\u00e1nyait a mv.-i Ref. Koll.-ban v\u00e9gezte. R\u00e9szt vett a II. vh. -ban, h\u00e1tgerincs\u00e9r\u00fcl\u00e9ssel \u00e9s k\u00e9t\u00e9vi belgiumi \u00e9s d\u00e1niai tart\u00f3zkod\u00e1sa ut\u00e1n t\u00e9rt haza (1945\u201347). Bekapcsolodott a MNSZ munk\u00e1j\u00e1ba, egyik munkat\u00e1rsa a R\u00e9gi \u00e9s val\u00f3di L\u0151csei f\u00e9le Sz\u00e9kely Napt\u00e1rnak (Mv., 1948). K\u00f6tetben a fiatal k\u00f6lt\u0151k 50 vers c. antol\u00f3gi\u00e1ja k\u00f6z\u00f6lte el\u0151sz\u00f6r k\u00f6ltem\u00e9nyeit (1950). S\u00fct\u0151 Andr\u00e1ssal \u00edrt sz\u00ednm\u0171ve: a Mezitl\u00e1bas menyasszony (bemutat\u00f3 Kv., 1951. febr.) \u00e1llamid\u00edjat kapott. K\u00fcl\u00f6nb\u00f6z\u0151 buk.-i szerk. -s\u00e9gekben dolgozott: Falvak Dolgoz\u00f3 N\u00e9pe, M\u0171vel\u0151d\u00e9s, Utunk, A H\u00e9t. A Rom\u00e1n R\u00e1di\u00f3 munkat\u00e1rsa volt. Mv.-en az \u00c1llami Sz\u00e9kely N\u00e9pi Egy\u00fcttes, majd \u00faj neve Maros M\u0171v\u00e9szegy\u00fcttes, megszervez\u0151je \u00e9s igazgat\u00f3ja\u00a0(1956\u20131959); megszervezte a mv.-i Pion\u00edregy\u00fcttest (1957), amely r\u00f6vid id\u0151 alatt h\u00edress\u00e9 v\u00e1lt. Betegs\u00e9ge miatt saj\u00e1t k\u00e9r\u00e9s\u00e9re nyugdjazt\u00e1k (1960), ezut\u00e1n Buk. -ben \u00e9lt. \u00cdrt verseket, gyermekverseket is; \u00e9lete utols\u00f3 m\u00e1sf\u00e9l \u00e9vtized\u00e9ben zeneszerz\u00e9ssel \u00e9s nonfigurativ fest\u00e9szettel is foglalkozott; mint zeneszerz\u0151 hangszeres \u00e9s dalm\u0171veket \u00edrt, az el\u0151ad\u00e1sok sz\u00ednhelyei: Buk., Mv., B\u00e9cs, Br\u00fcsszel. <strong>Kit\u00fcntet\u00e9sei:<\/strong> az RNK \u00c1llami D\u00edja 3. oszt. (1950, [1952]); A Mv.-i \u00cdr\u00f3i Egyes\u00fclet D\u00edja (1970). \u2013 <strong>F. m.:<\/strong> Mindhal\u00e1lig (po\u00e9ma; Buk., 1951); Kir\u00e1ndul\u00e1s (gyermekversek; Buk., 1954); Csillag a Maroson (versek; Buk., 1955); Egyszer\u0171 \u00e9nek (versek; Mv., 1956); Farkastanya (gyermek versek; Buk., 1956); Furulyasz\u00f3 (versek; Mv., 1957); K\u00f6vek az \u00fatsz\u00e9len (versek; Buk., 1965); \u00c9gsz\u00ednk\u00e9k m\u00e1gia (versek 1964\u201367; Buk., 1970); Forr\u00f3 vizet a kopacnak (gyermek versek; 1972, 1979; Ap\u0103 fiart\u0103 pentru lup. (Buc., 1975 ); K\u00e9rdez\u0151 (versek; Bp., 1978); <strong>t\u00e1rssz.:<\/strong> Mezitl\u00e1ban menyasszony (S\u00fct\u0151 Andr\u00e1ssal]; dr\u00e1ma; Buk., 1950); <strong>antol\u00f3g.:<\/strong> 50 vers (fiatal k\u00f6lt\u0151k antol\u00f3gi\u00e1ja, Buk., 1950); <strong>ford.:<\/strong> V. Poljakov: Nevetni nem v\u00e9tek (Vincze Ferenccel, Buk., 1956); Tulbure Victor: Mindennapra egy mese (Buk, 1978), <strong>szerk.:<\/strong> \u00c9vezredek h\u00farjain: Frany\u00f3 Zolt\u00e1n m\u0171ford\u00edt\u00e1sai. 1\u20133. k\u00f6t., (\u00f6ssze\u00e1ll.; Mv., 1958\u20131960); Cs\u00e1vossy Gy\u00f6rgy: F\u00fcty\u00f6r\u00e9szve. (el\u0151sz\u00f3; Buk., 1962); Katona Szab\u00f3 Istv\u00e1n: Borika (ut\u00f3sz\u00f3; Buk., 1963). <br \/><strong>Irod.:<\/strong> Aranykorszak; Bartis Ferenc: H. Z. hal\u00e1l\u00e1ra (V. Z., 1982. febr. 20.); Bottoni 2006; Bottoni 2008; Csekme; Guly\u00e1s; A H\u00e9t \u00e9vk. (1978); Id\u0151t\u00e1r 4.; Intelectuali rom.; K\u00e1ntor\u2013L\u00e1ng; KMI; Kort\u00e1rs M\u00cdKL; Kusz\u00e1lik; M\u00c9L; MIIB; Mv. t\u00f6rt. 2; [Nekrolog] (V. Z., 1982. febr. 14.; 1984. dec. 19.); Otthoni bar\u00e1ts\u00e1ggal. Hajdu Zolt\u00e1n (1924\u20131982) eml\u00e9k\u00e9re = Sz\u00e9kely F.; P\u00e1l-Antal 2013; Profiluri reghinene; R\u00e9thy\u2013V\u00e1czy; RMIL; Sz\u00e9kely D\u00e9nes 2005; Sz\u00e9kely Sz. Z.; \u00daM\u00c9L; \u00daMIL<\/br><\/p>\n","protected":false},"excerpt":{"rendered":"<p>Radn\u00f3tf\u00e1ja, 1924. dec. 16., \u2020\u00a0Buk., 1982. febr. 12. \u2013 Hamvait a mv.-i ref. temet\u0151be helyezt\u00e9k (1984. dec. 20.): k\u00f6lt\u0151, m\u0171ford\u00edt\u00f3, fest\u0151m\u0171v\u00e9sz, zeneszerz\u0151. \u2013 Hajdu Gy\u0151z\u0151 testv\u00e9rb\u00e1tyja. \u2013 K\u00f6z\u00e9piskolai tanulm\u00e1nyait a mv.-i Ref. Koll.-ban v\u00e9gezte. R\u00e9szt vett a II. vh. -ban, h\u00e1tgerincs\u00e9r\u00fcl\u00e9ssel \u00e9s k\u00e9t\u00e9vi belgiumi \u00e9s d\u00e1niai tart\u00f3zkod\u00e1sa ut\u00e1n t\u00e9rt haza (1945\u201347). Bekapcsolodott a MNSZ munk\u00e1j\u00e1ba, [&hellip;]<\/p>\n","protected":false},"featured_media":0,"comment_status":"open","ping_status":"closed","template":"","meta":[],"product_brand":[],"product_cat":[137],"product_tag":[],"class_list":{"0":"post-9473","1":"product","2":"type-product","3":"status-publish","5":"product_cat-maros-megyei-eletrajzi-lexikon","7":"first","8":"instock","9":"shipping-taxable","10":"product-type-simple"},"_links":{"self":[{"href":"https:\/\/uj.adatbank.ro\/lexikon\/wp-json\/wp\/v2\/product\/9473","targetHints":{"allow":["GET"]}}],"collection":[{"href":"https:\/\/uj.adatbank.ro\/lexikon\/wp-json\/wp\/v2\/product"}],"about":[{"href":"https:\/\/uj.adatbank.ro\/lexikon\/wp-json\/wp\/v2\/types\/product"}],"replies":[{"embeddable":true,"href":"https:\/\/uj.adatbank.ro\/lexikon\/wp-json\/wp\/v2\/comments?post=9473"}],"wp:attachment":[{"href":"https:\/\/uj.adatbank.ro\/lexikon\/wp-json\/wp\/v2\/media?parent=9473"}],"wp:term":[{"taxonomy":"product_brand","embeddable":true,"href":"https:\/\/uj.adatbank.ro\/lexikon\/wp-json\/wp\/v2\/product_brand?post=9473"},{"taxonomy":"product_cat","embeddable":true,"href":"https:\/\/uj.adatbank.ro\/lexikon\/wp-json\/wp\/v2\/product_cat?post=9473"},{"taxonomy":"product_tag","embeddable":true,"href":"https:\/\/uj.adatbank.ro\/lexikon\/wp-json\/wp\/v2\/product_tag?post=9473"}],"curies":[{"name":"wp","href":"https:\/\/api.w.org\/{rel}","templated":true}]}}

HAJDU Zoltán, §

<p>Radnótfája, 1924. dec. 16., † Buk., 1982. febr. 12. – Hamvait a mv.-i ref. temetőbe helyezték (1984. dec. 20.): költő, műfordító, festőművész, zeneszerző. – Hajdu Győző testvérbátyja. – Középiskolai tanulmányait a mv.-i Ref. Koll.-ban végezte. Részt vett a II. vh. -ban, hátgerincsérüléssel és kétévi belgiumi és dániai tartózkodása után tért haza (1945–47). Bekapcsolodott a MNSZ munkájába, egyik munkatársa a Régi és valódi Lőcsei féle Székely Naptárnak (Mv., 1948). Kötetben a fiatal költők 50 vers c. antológiája közölte először költeményeit (1950). Sütő Andrással írt színműve: a Mezitlábas menyasszony (bemutató Kv., 1951. febr.) államidíjat kapott. Különböző buk.-i szerk. -ségekben dolgozott: Falvak Dolgozó Népe, Művelődés, Utunk, A Hét. A Román Rádió munkatársa volt. Mv.-en az Állami Székely Népi Együttes, majd új neve Maros Művészegyüttes, megszervezője és igazgatója (1956–1959); megszervezte a mv.-i Pioníregyüttest (1957), amely rövid idő alatt híressé vált. Betegsége miatt saját kérésére nyugdjazták (1960), ezután Buk. -ben élt. Írt verseket, gyermekverseket is; élete utolsó másfél évtizedében zeneszerzéssel és nonfigurativ festészettel is foglalkozott; mint zeneszerző hangszeres és dalműveket írt, az előadások színhelyei: Buk., Mv., Bécs, Brüsszel. <strong>Kitüntetései:</strong> az RNK Állami Díja 3. oszt. (1950, [1952]); A Mv.-i Írói Egyesület Díja (1970). – <strong>F. m.:</strong> Mindhalálig (poéma; Buk., 1951); Kirándulás (gyermekversek; Buk., 1954); Csillag a Maroson (versek; Buk., 1955); Egyszerű ének (versek; Mv., 1956); Farkastanya (gyermek versek; Buk., 1956); Furulyaszó (versek; Mv., 1957); Kövek az útszélen (versek; Buk., 1965); Égszínkék mágia (versek 1964–67; Buk., 1970); Forró vizet a kopacnak (gyermek versek; 1972, 1979; Apă fiartă pentru lup. (Buc., 1975 ); Kérdező (versek; Bp., 1978); <strong>társsz.:</strong> Mezitlában menyasszony (Sütő Andrással]; dráma; Buk., 1950); <strong>antológ.:</strong> 50 vers (fiatal költők antológiája, Buk., 1950); <strong>ford.:</strong> V. Poljakov: Nevetni nem vétek (Vincze Ferenccel, Buk., 1956); Tulbure Victor: Mindennapra egy mese (Buk, 1978), <strong>szerk.:</strong> Évezredek húrjain: Franyó Zoltán műfordításai. 1–3. köt., (összeáll.; Mv., 1958–1960); Csávossy György: Fütyörészve. (előszó; Buk., 1962); Katona Szabó István: Borika (utószó; Buk., 1963). <br /><strong>Irod.:</strong> Aranykorszak; Bartis Ferenc: H. Z. halálára (V. Z., 1982. febr. 20.); Bottoni 2006; Bottoni 2008; Csekme; Gulyás; A Hét évk. (1978); Időtár 4.; Intelectuali rom.; Kántor–Láng; KMI; Kortárs MÍKL; Kuszálik; MÉL; MIIB; Mv. tört. 2; [Nekrolog] (V. Z., 1982. febr. 14.; 1984. dec. 19.); Otthoni barátsággal. Hajdu Zoltán (1924–1982) emlékére = Székely F.; Pál-Antal 2013; Profiluri reghinene; Réthy–Váczy; RMIL; Székely Dénes 2005; Székely Sz. Z.; ÚMÉL; ÚMIL</br></p>

<p>Radnótfája, 1924. dec. 16., † Buk., 1982. febr. 12. – Hamvait a mv.-i ref. temetőbe helyezték (1984. dec. 20.): költő, műfordító, festőművész, zeneszerző. – Hajdu Győző testvérbátyja. – Középiskolai tanulmányait a mv.-i Ref. Koll.-ban végezte. Részt vett a II. vh. -ban, hátgerincsérüléssel és kétévi belgiumi és dániai tartózkodása után tért haza (1945–47). Bekapcsolodott a MNSZ munkájába, [&hellip;]</p>
