{"id":9476,"date":"2025-06-29T12:45:59","date_gmt":"2025-06-29T10:45:59","guid":{"rendered":"https:\/\/uj.adatbank.ro\/lexikon\/termek\/hajnal-jozsef-ifj\/"},"modified":"2025-06-29T12:45:59","modified_gmt":"2025-06-29T10:45:59","slug":"hajnal-jozsef-ifj","status":"publish","type":"product","link":"https:\/\/uj.adatbank.ro\/lexikon\/termek\/hajnal-jozsef-ifj\/","title":{"rendered":"HAJNAL J\u00f3zsef, ifj."},"content":{"rendered":"<p>? \u2020 ? : hadnagy, j\u00e1r\u00e1sb\u00edr\u00f3. \u2013 Feles\u00e9ge: Farkas Lina (1826.? \u2013 Mv., 1845. j\u00fal. 2.). Fi\u00fak: J\u00f3zsef. \u2013 A v\u00e1rosi t\u00f6rv\u00e9nysz\u00e9ken \u00fcln\u00f6k (1867. szept. 28. \u2013). A Mv.-i Kaszin\u00f3 v\u00e1lasztm\u00e1nyi tagja (1883). K\u00fcld\u00f6tt a pesti Orsz\u00e1gos Honv\u00e9degylet k\u00f6zgy\u0171l\u00e9s\u00e9re (1883. m\u00e1j. 14). A mv.-i Honv\u00e9degylet aleln\u00f6ke (1885. m\u00e1rc. 3. \u2013). <br \/><strong>Irod.:<\/strong> 1848\u20131849 Transilvania; Bi\u00e1s Istv\u00e1n; Gy\u00e1szjelent\u0151; Id\u0151t\u00e1r 5 \/ 1.<\/br><\/p>\n","protected":false},"excerpt":{"rendered":"<p>? \u2020 ? : hadnagy, j\u00e1r\u00e1sb\u00edr\u00f3. \u2013 Feles\u00e9ge: Farkas Lina (1826.? \u2013 Mv., 1845. j\u00fal. 2.). Fi\u00fak: J\u00f3zsef. \u2013 A v\u00e1rosi t\u00f6rv\u00e9nysz\u00e9ken \u00fcln\u00f6k (1867. szept. 28. \u2013). A Mv.-i Kaszin\u00f3 v\u00e1lasztm\u00e1nyi tagja (1883). K\u00fcld\u00f6tt a pesti Orsz\u00e1gos Honv\u00e9degylet k\u00f6zgy\u0171l\u00e9s\u00e9re (1883. m\u00e1j. 14). A mv.-i Honv\u00e9degylet aleln\u00f6ke (1885. m\u00e1rc. 3. \u2013). Irod.: 1848\u20131849 Transilvania; Bi\u00e1s Istv\u00e1n; [&hellip;]<\/p>\n","protected":false},"featured_media":0,"comment_status":"open","ping_status":"closed","template":"","meta":[],"product_brand":[],"product_cat":[137],"product_tag":[],"class_list":{"0":"post-9476","1":"product","2":"type-product","3":"status-publish","5":"product_cat-maros-megyei-eletrajzi-lexikon","7":"first","8":"instock","9":"shipping-taxable","10":"product-type-simple"},"_links":{"self":[{"href":"https:\/\/uj.adatbank.ro\/lexikon\/wp-json\/wp\/v2\/product\/9476","targetHints":{"allow":["GET"]}}],"collection":[{"href":"https:\/\/uj.adatbank.ro\/lexikon\/wp-json\/wp\/v2\/product"}],"about":[{"href":"https:\/\/uj.adatbank.ro\/lexikon\/wp-json\/wp\/v2\/types\/product"}],"replies":[{"embeddable":true,"href":"https:\/\/uj.adatbank.ro\/lexikon\/wp-json\/wp\/v2\/comments?post=9476"}],"wp:attachment":[{"href":"https:\/\/uj.adatbank.ro\/lexikon\/wp-json\/wp\/v2\/media?parent=9476"}],"wp:term":[{"taxonomy":"product_brand","embeddable":true,"href":"https:\/\/uj.adatbank.ro\/lexikon\/wp-json\/wp\/v2\/product_brand?post=9476"},{"taxonomy":"product_cat","embeddable":true,"href":"https:\/\/uj.adatbank.ro\/lexikon\/wp-json\/wp\/v2\/product_cat?post=9476"},{"taxonomy":"product_tag","embeddable":true,"href":"https:\/\/uj.adatbank.ro\/lexikon\/wp-json\/wp\/v2\/product_tag?post=9476"}],"curies":[{"name":"wp","href":"https:\/\/api.w.org\/{rel}","templated":true}]}}