{"id":9478,"date":"2025-06-29T12:46:05","date_gmt":"2025-06-29T10:46:05","guid":{"rendered":"https:\/\/uj.adatbank.ro\/lexikon\/termek\/hajnal-laszlo\/"},"modified":"2025-06-29T12:46:05","modified_gmt":"2025-06-29T10:46:05","slug":"hajnal-laszlo","status":"publish","type":"product","link":"https:\/\/uj.adatbank.ro\/lexikon\/termek\/hajnal-laszlo\/","title":{"rendered":"HAJNAL L\u00e1szl\u00f3"},"content":{"rendered":"<p>B\u00e9k\u00e9scsaba, 1902. dec. 31., \u2020\u00a0Bp., 1944.: h\u00edrlap\u00edr\u00f3. \u2013 Kiutas\u00edtott\u00e1k Mv. -r\u0151l (1920). K\u00f6z\u00f6lt az erd\u00e9lyi.-i \u00e9s bp. i napilapokban, foly\u00f3iratokban: Esti Lapok., Sz\u00ednh\u00e1z \u00e9s T\u00e1rs., M. Sz\u00f3, Tavasz, Zord Id\u0151, Napkelet, Vas\u00e1rnap, Vas\u00e1rnapi \u00dajs\u00e1g, Keleti \u00dajs\u00e1g. (1920\u201327) verset, pr\u00f3z\u00e1t, sz\u00ednm\u0171veket, irodalomkritik\u00e1kat, irodalom-publicisztik\u00e1t; az aradi Fekete Macska erotikus \u00e9s irodalmi lap, a kv.-i Kom\u00e9dia c. \u00e9lclap szerk.-je volt. A KZST estjein is szerepelt. Bp.-re k\u00f6lt\u00f6z\u00f6tt (1927\u2013) az Est-lapokn\u00e1l dolgozott. Bp.-en a nyilas-terror \u00e1ldozata lett. \u2013 <strong>F. m.:<\/strong> H. L. versei. A szolga \u00e9neke (Mv., 1920); K\u00f3cos (sz\u00ednj\u00e1t\u00e9k; Kv., 1921); Ilyen vagyok (versek; Kv., 1924); Loriel (reg.; Kv., 1926); Mag\u00e1nyos \u00e9jszak\u00e1k (versek; Mv., Bolyai nyomda, 1926); A ricsei legenda (elb.; Bp., 1941); \u00dcvegszekr\u00e9ny (versek; Bp., 1941); P\u00e1risi kaland (kisreg.; Bp., 1942). <br \/><strong>Irod.:<\/strong> F\u00fcl\u00f6p\u2013Ferencz; Guly\u00e1s; Id\u0151t\u00e1r 3.; Molter 1.; RMIL; Z\u00e1honyi<\/br><\/p>\n","protected":false},"excerpt":{"rendered":"<p>B\u00e9k\u00e9scsaba, 1902. dec. 31., \u2020\u00a0Bp., 1944.: h\u00edrlap\u00edr\u00f3. \u2013 Kiutas\u00edtott\u00e1k Mv. -r\u0151l (1920). K\u00f6z\u00f6lt az erd\u00e9lyi.-i \u00e9s bp. i napilapokban, foly\u00f3iratokban: Esti Lapok., Sz\u00ednh\u00e1z \u00e9s T\u00e1rs., M. Sz\u00f3, Tavasz, Zord Id\u0151, Napkelet, Vas\u00e1rnap, Vas\u00e1rnapi \u00dajs\u00e1g, Keleti \u00dajs\u00e1g. (1920\u201327) verset, pr\u00f3z\u00e1t, sz\u00ednm\u0171veket, irodalomkritik\u00e1kat, irodalom-publicisztik\u00e1t; az aradi Fekete Macska erotikus \u00e9s irodalmi lap, a kv.-i Kom\u00e9dia c. \u00e9lclap [&hellip;]<\/p>\n","protected":false},"featured_media":0,"comment_status":"open","ping_status":"closed","template":"","meta":[],"product_brand":[],"product_cat":[137],"product_tag":[],"class_list":{"0":"post-9478","1":"product","2":"type-product","3":"status-publish","5":"product_cat-maros-megyei-eletrajzi-lexikon","7":"first","8":"instock","9":"shipping-taxable","10":"product-type-simple"},"_links":{"self":[{"href":"https:\/\/uj.adatbank.ro\/lexikon\/wp-json\/wp\/v2\/product\/9478","targetHints":{"allow":["GET"]}}],"collection":[{"href":"https:\/\/uj.adatbank.ro\/lexikon\/wp-json\/wp\/v2\/product"}],"about":[{"href":"https:\/\/uj.adatbank.ro\/lexikon\/wp-json\/wp\/v2\/types\/product"}],"replies":[{"embeddable":true,"href":"https:\/\/uj.adatbank.ro\/lexikon\/wp-json\/wp\/v2\/comments?post=9478"}],"wp:attachment":[{"href":"https:\/\/uj.adatbank.ro\/lexikon\/wp-json\/wp\/v2\/media?parent=9478"}],"wp:term":[{"taxonomy":"product_brand","embeddable":true,"href":"https:\/\/uj.adatbank.ro\/lexikon\/wp-json\/wp\/v2\/product_brand?post=9478"},{"taxonomy":"product_cat","embeddable":true,"href":"https:\/\/uj.adatbank.ro\/lexikon\/wp-json\/wp\/v2\/product_cat?post=9478"},{"taxonomy":"product_tag","embeddable":true,"href":"https:\/\/uj.adatbank.ro\/lexikon\/wp-json\/wp\/v2\/product_tag?post=9478"}],"curies":[{"name":"wp","href":"https:\/\/api.w.org\/{rel}","templated":true}]}}

HAJNAL László

<p>Békéscsaba, 1902. dec. 31., † Bp., 1944.: hírlapíró. – Kiutasították Mv. -ről (1920). Közölt az erdélyi.-i és bp. i napilapokban, folyóiratokban: Esti Lapok., Színház és Társ., M. Szó, Tavasz, Zord Idő, Napkelet, Vasárnap, Vasárnapi Újság, Keleti Újság. (1920–27) verset, prózát, színműveket, irodalomkritikákat, irodalom-publicisztikát; az aradi Fekete Macska erotikus és irodalmi lap, a kv.-i Komédia c. élclap szerk.-je volt. A KZST estjein is szerepelt. Bp.-re költözött (1927–) az Est-lapoknál dolgozott. Bp.-en a nyilas-terror áldozata lett. – <strong>F. m.:</strong> H. L. versei. A szolga éneke (Mv., 1920); Kócos (színjáték; Kv., 1921); Ilyen vagyok (versek; Kv., 1924); Loriel (reg.; Kv., 1926); Magányos éjszakák (versek; Mv., Bolyai nyomda, 1926); A ricsei legenda (elb.; Bp., 1941); Üvegszekrény (versek; Bp., 1941); Párisi kaland (kisreg.; Bp., 1942). <br /><strong>Irod.:</strong> Fülöp–Ferencz; Gulyás; Időtár 3.; Molter 1.; RMIL; Záhonyi</br></p>

<p>Békéscsaba, 1902. dec. 31., † Bp., 1944.: hírlapíró. – Kiutasították Mv. -ről (1920). Közölt az erdélyi.-i és bp. i napilapokban, folyóiratokban: Esti Lapok., Színház és Társ., M. Szó, Tavasz, Zord Idő, Napkelet, Vasárnap, Vasárnapi Újság, Keleti Újság. (1920–27) verset, prózát, színműveket, irodalomkritikákat, irodalom-publicisztikát; az aradi Fekete Macska erotikus és irodalmi lap, a kv.-i Komédia c. élclap [&hellip;]</p>
