{"id":9481,"date":"2025-06-29T12:46:12","date_gmt":"2025-06-29T10:46:12","guid":{"rendered":"https:\/\/uj.adatbank.ro\/lexikon\/termek\/hajos-janos\/"},"modified":"2025-06-29T12:46:12","modified_gmt":"2025-06-29T10:46:12","slug":"hajos-janos","status":"publish","type":"product","link":"https:\/\/uj.adatbank.ro\/lexikon\/termek\/hajos-janos\/","title":{"rendered":"HAJ\u00d3S J\u00e1nos"},"content":{"rendered":"<p>Kv., 1819. dec. 15., \u2020 Kv., 1899. m\u00e1j. 12.: jog\u00e1sz, miniszteri tan\u00e1csos. \u2013 L\u00e9trehozta a Sz\u00e9kely M\u0171vel\u0151d\u00e9si \u00e9s K\u00f6zgazdas\u00e1gi Egyletet, amelynek orsz\u00e1gos eln\u00f6ke, f\u0151titk\u00e1ra, majd tiszteletbeli eln\u00f6ke, a kamara levelez\u0151tagjai k\u00f6z\u00e9 v\u00e1lasztott\u00e1k (1893. m\u00e1rc. 27.). K\u00f6zgy\u00fcl\u00e9sen a marossz\u00e9ki v\u00e1lasztm\u00e1ny k\u00e9rte egy \u00e1llami ipariskola fel\u00e1ll\u00edt\u00e1s\u00e1t Mv.-en. (1878). Az Egylet kezdem\u00e9nyezte a Sz\u00e9kelyf\u00f6ldi Iparm\u00fazeum l\u00e9trehoz\u00e1s\u00e1t (1886. j\u00fan. 27.). A m\u00fazeum megnyilt (1886. Ideiglenes termekben, a ny\u00e1ri sz\u00ednk\u00f6r \u00e9p\u00fclet\u00e9ben. Sz\u00e9khelye 4 \u00e9v alatt k\u00e9sz\u00fclt el (1890\u20131893). H. J. -t Mv. d\u00edszpolg\u00e1r\u00e1v\u00e1 avatt\u00e1k (1886. j\u00fal. 21.). C\u00edmzetes miniszteri tan\u00e1csoss\u00e1 nevezt\u00e9k ki (1886. nov. 27). <br \/><strong>Irod.:<\/strong> B\u00f3nis Johanna: Egyed \u00c1kos: A Sz\u00e9kelyf\u00f6ldi Iparm\u00fazeum (Mv., 2003); A sz\u00e9kelyek r\u00f6vid t\u00f6rt\u00e9nete a megteleped\u00e9st\u0151l 1918-ig (Cs\u00edkszereda, 2006); Ga\u00e1l K.: A Sz\u00e9kelyf\u00f6ldi Iparm\u00fazeum Mv. -t  =  Mv. t\u00f6rt\u00e9net\u00e9b\u0151l; Ga\u00e1l Korn\u00e9lia: Sz\u00e1z \u00e9ve, 1893. j\u00falius m\u00e1sodik\u00e1n avatt\u00e1k fel a Sz\u00e9kelyf\u00f6ldi Iparm\u00fazeum csarnok\u00e1t (N\u00fa., 1993. j\u00fal. 9.; 1993. j\u00fal. 23.); Id\u0151t\u00e1r 2, 5 \/1.<\/br><\/p>\n","protected":false},"excerpt":{"rendered":"<p>Kv., 1819. dec. 15., \u2020 Kv., 1899. m\u00e1j. 12.: jog\u00e1sz, miniszteri tan\u00e1csos. \u2013 L\u00e9trehozta a Sz\u00e9kely M\u0171vel\u0151d\u00e9si \u00e9s K\u00f6zgazdas\u00e1gi Egyletet, amelynek orsz\u00e1gos eln\u00f6ke, f\u0151titk\u00e1ra, majd tiszteletbeli eln\u00f6ke, a kamara levelez\u0151tagjai k\u00f6z\u00e9 v\u00e1lasztott\u00e1k (1893. m\u00e1rc. 27.). K\u00f6zgy\u00fcl\u00e9sen a marossz\u00e9ki v\u00e1lasztm\u00e1ny k\u00e9rte egy \u00e1llami ipariskola fel\u00e1ll\u00edt\u00e1s\u00e1t Mv.-en. (1878). Az Egylet kezdem\u00e9nyezte a Sz\u00e9kelyf\u00f6ldi Iparm\u00fazeum l\u00e9trehoz\u00e1s\u00e1t (1886. j\u00fan. [&hellip;]<\/p>\n","protected":false},"featured_media":0,"comment_status":"open","ping_status":"closed","template":"","meta":[],"product_brand":[],"product_cat":[137],"product_tag":[],"class_list":{"0":"post-9481","1":"product","2":"type-product","3":"status-publish","5":"product_cat-maros-megyei-eletrajzi-lexikon","7":"first","8":"instock","9":"shipping-taxable","10":"product-type-simple"},"_links":{"self":[{"href":"https:\/\/uj.adatbank.ro\/lexikon\/wp-json\/wp\/v2\/product\/9481","targetHints":{"allow":["GET"]}}],"collection":[{"href":"https:\/\/uj.adatbank.ro\/lexikon\/wp-json\/wp\/v2\/product"}],"about":[{"href":"https:\/\/uj.adatbank.ro\/lexikon\/wp-json\/wp\/v2\/types\/product"}],"replies":[{"embeddable":true,"href":"https:\/\/uj.adatbank.ro\/lexikon\/wp-json\/wp\/v2\/comments?post=9481"}],"wp:attachment":[{"href":"https:\/\/uj.adatbank.ro\/lexikon\/wp-json\/wp\/v2\/media?parent=9481"}],"wp:term":[{"taxonomy":"product_brand","embeddable":true,"href":"https:\/\/uj.adatbank.ro\/lexikon\/wp-json\/wp\/v2\/product_brand?post=9481"},{"taxonomy":"product_cat","embeddable":true,"href":"https:\/\/uj.adatbank.ro\/lexikon\/wp-json\/wp\/v2\/product_cat?post=9481"},{"taxonomy":"product_tag","embeddable":true,"href":"https:\/\/uj.adatbank.ro\/lexikon\/wp-json\/wp\/v2\/product_tag?post=9481"}],"curies":[{"name":"wp","href":"https:\/\/api.w.org\/{rel}","templated":true}]}}

HAJÓS János

<p>Kv., 1819. dec. 15., † Kv., 1899. máj. 12.: jogász, miniszteri tanácsos. – Létrehozta a Székely Művelődési és Közgazdasági Egyletet, amelynek országos elnöke, főtitkára, majd tiszteletbeli elnöke, a kamara levelezőtagjai közé választották (1893. márc. 27.). Közgyülésen a marosszéki választmány kérte egy állami ipariskola felállítását Mv.-en. (1878). Az Egylet kezdeményezte a Székelyföldi Iparmúzeum létrehozását (1886. jún. 27.). A múzeum megnyilt (1886. Ideiglenes termekben, a nyári színkör épületében. Székhelye 4 év alatt készült el (1890–1893). H. J. -t Mv. díszpolgárává avatták (1886. júl. 21.). Címzetes miniszteri tanácsossá nevezték ki (1886. nov. 27). <br /><strong>Irod.:</strong> Bónis Johanna: Egyed Ákos: A Székelyföldi Iparmúzeum (Mv., 2003); A székelyek rövid története a megtelepedéstől 1918-ig (Csíkszereda, 2006); Gaál K.: A Székelyföldi Iparmúzeum Mv. -t  =  Mv. történetéből; Gaál Kornélia: Száz éve, 1893. július másodikán avatták fel a Székelyföldi Iparmúzeum csarnokát (Nú., 1993. júl. 9.; 1993. júl. 23.); Időtár 2, 5 /1.</br></p>

<p>Kv., 1819. dec. 15., † Kv., 1899. máj. 12.: jogász, miniszteri tanácsos. – Létrehozta a Székely Művelődési és Közgazdasági Egyletet, amelynek országos elnöke, főtitkára, majd tiszteletbeli elnöke, a kamara levelezőtagjai közé választották (1893. márc. 27.). Közgyülésen a marosszéki választmány kérte egy állami ipariskola felállítását Mv.-en. (1878). Az Egylet kezdeményezte a Székelyföldi Iparmúzeum létrehozását (1886. jún. [&hellip;]</p>
