{"id":9483,"date":"2025-06-29T12:46:17","date_gmt":"2025-06-29T10:46:17","guid":{"rendered":"https:\/\/uj.adatbank.ro\/lexikon\/termek\/hajos-karoly\/"},"modified":"2025-06-29T12:46:17","modified_gmt":"2025-06-29T10:46:17","slug":"hajos-karoly","status":"publish","type":"product","link":"https:\/\/uj.adatbank.ro\/lexikon\/termek\/hajos-karoly\/","title":{"rendered":"HAJ\u00d3S K\u00e1roly"},"content":{"rendered":"<p>P\u00e9cs, 1887. dec. 21., \u2020\u00a0Mv., ? : fest\u0151m\u0171v\u00e9sz, grafikus, rajztan\u00e1r. \u2013 A bp.-i K\u00e9pz\u0151m\u0171v\u00e9szeti F\u0151iskol\u00e1n rajztan\u00e1ri oklevelet szerzett. Tan\u00edtott P\u00e9csen; a mv.-i Ref. Koll-ban (1916\u201317); a 20-as \u00e9vekben a mv.-i \u00c1llami Fa- \u00e9s F\u00e9mipari Szakiskola tan\u00e1ra (1920), a K\u00e9pt\u00e1r \u0151re (\u20131940). Molter K\u00e1roly Mv. c. essz\u00e9j\u00e9hez k\u00e9sz\u00edtett rajzokat. Portr\u00e9ib\u00f3l \u00e9s zs\u00e1ner-k\u00e9peib\u0151l t\u00f6bb\u00edzben rendezett ki\u00e1ll\u00edt\u00e1st, a buk.-i Salonul Oficial t\u00e1rlat\u00e1n is r\u00e9szt vett. Tollrajz-illusztr\u00e1ci\u00f3i az Erd\u00e9lyi Helikonban jelentek meg. A KZST tagja (1926). \u2013 <strong>F. ki\u00e1ll.:<\/strong> Buk (1920); Mv (1920, 1921, 1941). <br \/><strong>Irod.:<\/strong> Banner, EM; Helikon 1924\u20131944; Id\u0151t\u00e1r 3, 5 \/1.; KZST1930; Marosi-Helikon; Marosi-KZST; Moln\u00e1r; Molter 2.; Mv. t\u00f6rt. 2.; Mv. m\u0171v. v\u00e1r.; Osv\u00e1th; Szab\u00f3\u2013K\u00e1llai; \u00dcnnepi k\u00f6nyv<\/br><\/p>\n","protected":false},"excerpt":{"rendered":"<p>P\u00e9cs, 1887. dec. 21., \u2020\u00a0Mv., ? : fest\u0151m\u0171v\u00e9sz, grafikus, rajztan\u00e1r. \u2013 A bp.-i K\u00e9pz\u0151m\u0171v\u00e9szeti F\u0151iskol\u00e1n rajztan\u00e1ri oklevelet szerzett. Tan\u00edtott P\u00e9csen; a mv.-i Ref. Koll-ban (1916\u201317); a 20-as \u00e9vekben a mv.-i \u00c1llami Fa- \u00e9s F\u00e9mipari Szakiskola tan\u00e1ra (1920), a K\u00e9pt\u00e1r \u0151re (\u20131940). Molter K\u00e1roly Mv. c. essz\u00e9j\u00e9hez k\u00e9sz\u00edtett rajzokat. Portr\u00e9ib\u00f3l \u00e9s zs\u00e1ner-k\u00e9peib\u0151l t\u00f6bb\u00edzben rendezett ki\u00e1ll\u00edt\u00e1st, a [&hellip;]<\/p>\n","protected":false},"featured_media":0,"comment_status":"open","ping_status":"closed","template":"","meta":[],"product_brand":[],"product_cat":[137],"product_tag":[],"class_list":{"0":"post-9483","1":"product","2":"type-product","3":"status-publish","5":"product_cat-maros-megyei-eletrajzi-lexikon","7":"first","8":"instock","9":"shipping-taxable","10":"product-type-simple"},"_links":{"self":[{"href":"https:\/\/uj.adatbank.ro\/lexikon\/wp-json\/wp\/v2\/product\/9483","targetHints":{"allow":["GET"]}}],"collection":[{"href":"https:\/\/uj.adatbank.ro\/lexikon\/wp-json\/wp\/v2\/product"}],"about":[{"href":"https:\/\/uj.adatbank.ro\/lexikon\/wp-json\/wp\/v2\/types\/product"}],"replies":[{"embeddable":true,"href":"https:\/\/uj.adatbank.ro\/lexikon\/wp-json\/wp\/v2\/comments?post=9483"}],"wp:attachment":[{"href":"https:\/\/uj.adatbank.ro\/lexikon\/wp-json\/wp\/v2\/media?parent=9483"}],"wp:term":[{"taxonomy":"product_brand","embeddable":true,"href":"https:\/\/uj.adatbank.ro\/lexikon\/wp-json\/wp\/v2\/product_brand?post=9483"},{"taxonomy":"product_cat","embeddable":true,"href":"https:\/\/uj.adatbank.ro\/lexikon\/wp-json\/wp\/v2\/product_cat?post=9483"},{"taxonomy":"product_tag","embeddable":true,"href":"https:\/\/uj.adatbank.ro\/lexikon\/wp-json\/wp\/v2\/product_tag?post=9483"}],"curies":[{"name":"wp","href":"https:\/\/api.w.org\/{rel}","templated":true}]}}

HAJÓS Károly

<p>Pécs, 1887. dec. 21., † Mv., ? : festőművész, grafikus, rajztanár. – A bp.-i Képzőművészeti Főiskolán rajztanári oklevelet szerzett. Tanított Pécsen; a mv.-i Ref. Koll-ban (1916–17); a 20-as években a mv.-i Állami Fa- és Fémipari Szakiskola tanára (1920), a Képtár őre (–1940). Molter Károly Mv. c. esszéjéhez készített rajzokat. Portréiból és zsáner-képeiből többízben rendezett kiállítást, a buk.-i Salonul Oficial tárlatán is részt vett. Tollrajz-illusztrációi az Erdélyi Helikonban jelentek meg. A KZST tagja (1926). – <strong>F. kiáll.:</strong> Buk (1920); Mv (1920, 1921, 1941). <br /><strong>Irod.:</strong> Banner, EM; Helikon 1924–1944; Időtár 3, 5 /1.; KZST1930; Marosi-Helikon; Marosi-KZST; Molnár; Molter 2.; Mv. tört. 2.; Mv. műv. vár.; Osváth; Szabó–Kállai; Ünnepi könyv</br></p>

<p>Pécs, 1887. dec. 21., † Mv., ? : festőművész, grafikus, rajztanár. – A bp.-i Képzőművészeti Főiskolán rajztanári oklevelet szerzett. Tanított Pécsen; a mv.-i Ref. Koll-ban (1916–17); a 20-as években a mv.-i Állami Fa- és Fémipari Szakiskola tanára (1920), a Képtár őre (–1940). Molter Károly Mv. c. esszéjéhez készített rajzokat. Portréiból és zsáner-képeiből többízben rendezett kiállítást, a [&hellip;]</p>
