{"id":9486,"date":"2025-06-29T12:46:27","date_gmt":"2025-06-29T10:46:27","guid":{"rendered":"https:\/\/uj.adatbank.ro\/lexikon\/termek\/halassy-mariska\/"},"modified":"2025-06-29T12:46:27","modified_gmt":"2025-06-29T10:46:27","slug":"halassy-mariska","status":"publish","type":"product","link":"https:\/\/uj.adatbank.ro\/lexikon\/termek\/halassy-mariska\/","title":{"rendered":"HALASSY Mariska"},"content":{"rendered":"<p>1885, \u2020 Bp., 1955. j\u00fan. 26.: sz\u00edn\u00e9szn\u0151. Sz\u00ednpadra Mv.-en l\u00e9pett \u00e9s j\u00e1tszott (1905\u201308), Polg\u00e1r K\u00e1roly d\u00e9lvid\u00e9ki (1908\u201309) \u00e9s Pal\u00e1sthy S\u00e1ndor t\u00e1rsulatai ut\u00e1n (1909\u201310) Szabadk\u00e1ra ker\u00fclt (1910\u201312); a debreceni (1912\u201316), a p\u00e9csi sz\u00ednh\u00e1zban volt dr\u00e1mai h\u0151sn\u0151 \u00e9s szende (1916\u201321), majd ism\u00e9t a debreceni sz\u00ednh\u00e1zban j\u00e1tszott (1921\u201339). B\u00e1nky R\u00f3bert Stagione t\u00e1rs. -\u00e1ban h\u0151sn\u0151- \u00e9s anyaszerepeket kapott (1939\u201340). T\u00f6bb bp.-i sz\u00ednh\u00e1z: az \u00daj M. Sz\u00ednh\u00e1z, a M\u0171v\u00e9sz, a B\u00e9ke, a V\u00edgsz\u00ednh\u00e1z m\u0171v\u00e9sze volt. \u00c9lete v\u00e9g\u00e9n, az Ifj\u00fas\u00e1gi (1951\u20131955), k\u00e9s\u0151bb a Pet\u0151fi Sz\u00ednh\u00e1zban szerepelt. Minden pr\u00f3zai m\u0171fajban kit\u0171nt impon\u00e1l\u00f3 m\u0171v\u00e9szi k\u00e9pess\u00e9geivel \u00e9s kiv\u00e1l\u00f3 besz\u00e9dtechnik\u00e1j\u00e1val. <strong>F. sz.:<\/strong> Henscheln\u00e9 (Hauptmann: Henschel fuvaros); \u00d6reg J\u00f3sk\u00e1n\u00e9 (Szirmai A.: M\u00e9zeskal\u00e1cs); Marguerite Gauthier (ifj. Dumas: A kam\u00e9li\u00e1s h\u00f6lgy). <br \/><strong>Irod.:<\/strong> Msz\u00ednL<\/br><\/p>\n","protected":false},"excerpt":{"rendered":"<p>1885, \u2020 Bp., 1955. j\u00fan. 26.: sz\u00edn\u00e9szn\u0151. Sz\u00ednpadra Mv.-en l\u00e9pett \u00e9s j\u00e1tszott (1905\u201308), Polg\u00e1r K\u00e1roly d\u00e9lvid\u00e9ki (1908\u201309) \u00e9s Pal\u00e1sthy S\u00e1ndor t\u00e1rsulatai ut\u00e1n (1909\u201310) Szabadk\u00e1ra ker\u00fclt (1910\u201312); a debreceni (1912\u201316), a p\u00e9csi sz\u00ednh\u00e1zban volt dr\u00e1mai h\u0151sn\u0151 \u00e9s szende (1916\u201321), majd ism\u00e9t a debreceni sz\u00ednh\u00e1zban j\u00e1tszott (1921\u201339). B\u00e1nky R\u00f3bert Stagione t\u00e1rs. -\u00e1ban h\u0151sn\u0151- \u00e9s anyaszerepeket kapott (1939\u201340). [&hellip;]<\/p>\n","protected":false},"featured_media":0,"comment_status":"open","ping_status":"closed","template":"","meta":[],"product_brand":[],"product_cat":[137],"product_tag":[],"class_list":{"0":"post-9486","1":"product","2":"type-product","3":"status-publish","5":"product_cat-maros-megyei-eletrajzi-lexikon","7":"first","8":"instock","9":"shipping-taxable","10":"product-type-simple"},"_links":{"self":[{"href":"https:\/\/uj.adatbank.ro\/lexikon\/wp-json\/wp\/v2\/product\/9486","targetHints":{"allow":["GET"]}}],"collection":[{"href":"https:\/\/uj.adatbank.ro\/lexikon\/wp-json\/wp\/v2\/product"}],"about":[{"href":"https:\/\/uj.adatbank.ro\/lexikon\/wp-json\/wp\/v2\/types\/product"}],"replies":[{"embeddable":true,"href":"https:\/\/uj.adatbank.ro\/lexikon\/wp-json\/wp\/v2\/comments?post=9486"}],"wp:attachment":[{"href":"https:\/\/uj.adatbank.ro\/lexikon\/wp-json\/wp\/v2\/media?parent=9486"}],"wp:term":[{"taxonomy":"product_brand","embeddable":true,"href":"https:\/\/uj.adatbank.ro\/lexikon\/wp-json\/wp\/v2\/product_brand?post=9486"},{"taxonomy":"product_cat","embeddable":true,"href":"https:\/\/uj.adatbank.ro\/lexikon\/wp-json\/wp\/v2\/product_cat?post=9486"},{"taxonomy":"product_tag","embeddable":true,"href":"https:\/\/uj.adatbank.ro\/lexikon\/wp-json\/wp\/v2\/product_tag?post=9486"}],"curies":[{"name":"wp","href":"https:\/\/api.w.org\/{rel}","templated":true}]}}

<p>1885, † Bp., 1955. jún. 26.: színésznő. Színpadra Mv.-en lépett és játszott (1905–08), Polgár Károly délvidéki (1908–09) és Palásthy Sándor társulatai után (1909–10) Szabadkára került (1910–12); a debreceni (1912–16), a pécsi színházban volt drámai hősnő és szende (1916–21), majd ismét a debreceni színházban játszott (1921–39). Bánky Róbert Stagione társ. -ában hősnő- és anyaszerepeket kapott (1939–40). Több bp.-i színház: az Új M. Színház, a Művész, a Béke, a Vígszínház művésze volt. Élete végén, az Ifjúsági (1951–1955), később a Petőfi Színházban szerepelt. Minden prózai műfajban kitűnt imponáló művészi képességeivel és kiváló beszédtechnikájával. <strong>F. sz.:</strong> Henschelné (Hauptmann: Henschel fuvaros); Öreg Jóskáné (Szirmai A.: Mézeskalács); Marguerite Gauthier (ifj. Dumas: A kaméliás hölgy). <br /><strong>Irod.:</strong> MszínL</br></p>

<p>1885, † Bp., 1955. jún. 26.: színésznő. Színpadra Mv.-en lépett és játszott (1905–08), Polgár Károly délvidéki (1908–09) és Palásthy Sándor társulatai után (1909–10) Szabadkára került (1910–12); a debreceni (1912–16), a pécsi színházban volt drámai hősnő és szende (1916–21), majd ismét a debreceni színházban játszott (1921–39). Bánky Róbert Stagione társ. -ában hősnő- és anyaszerepeket kapott (1939–40). [&hellip;]</p>
