{"id":9487,"date":"2025-06-29T12:46:30","date_gmt":"2025-06-29T10:46:30","guid":{"rendered":"https:\/\/uj.adatbank.ro\/lexikon\/termek\/halasz-borbala-%c2%a7-halasz-boriska\/"},"modified":"2025-06-29T12:46:30","modified_gmt":"2025-06-29T10:46:30","slug":"halasz-borbala-%c2%a7-halasz-boriska","status":"publish","type":"product","link":"https:\/\/uj.adatbank.ro\/lexikon\/termek\/halasz-borbala-%c2%a7-halasz-boriska\/","title":{"rendered":"HAL\u00c1SZ Borb\u00e1la, \u00a7 Hal\u00e1sz Boriska"},"content":{"rendered":"<p>Mv., 1908. jan. 25., \u2020 Mv., 1987. m\u00e1j. 19.: tan\u00e1r, \u00fajs\u00e1g\u00edr\u00f3, k\u00f6nyvt\u00e1rigazgat\u00f3. \u2013 H. J\u00f3zsef \u00e9s Farkas Ida Etelka le\u00e1nya. F\u00e9rje: 1. Hal\u00e1sz Istv\u00e1n (1902\u20131989). Fi\u00fak: J\u00f3zsef J\u00e1nos (1936\u2013), a H. csal\u00e1d bar\u00e1ti viszonyban volt Molter\u00e9kkel, \u0151k rejtegett\u00e9k J\u00e1nost \u00e9s mentett\u00e9k meg a deport\u00e1l\u00e1st\u00f3l (1944). 2. H. \/ Hirsch Lipot (1908-Mv. \u2013 1968. m\u00e1j. 12.), fi\u00fak P\u00e9ter Andr\u00e1s (1947\u2013), orvos. \u2013 A k\u00f6z\u00e9piskol\u00e1t Mv.-en, ker\u00e9kp\u00e1r- varr\u00f3- \u00e9s \u00edr\u00f3g\u00e9p szakiskol\u00e1t Bp.-en, az egyetemet Kv-on a BTE filoz\u00f3fia-t\u00f6rt\u00e9nelem szak\u00e1n v\u00e9gezte (1953), M\u00e9sz\u00e1ros J\u00f3zseffel voltak koll\u00e9g\u00e1k. A 20-as \u00e9vekt\u0151l r\u00e9szt vett a munk\u00e1smozgalomban. Elj\u00e1r\u00e1st ind\u00edtottak ellene a szovjetek jav\u00e1ra t\u00f6rt\u00e9n\u0151 k\u00e9mked\u00e9ssel v\u00e1dolva, de felmentett\u00e9k (1930). Varr\u00f3- \u00e9s \u00edr\u00f3g\u00e9pjav\u00edt\u00f3 m\u0171helyben m\u0171szer\u00e9sz volt \u00e9s mint k\u00f6nyvt\u00e1ros dolgozott a R\u00e9v\u00e9sz Ern\u0151 f\u00e9le k\u00f6nyvesboltban \u00e9s k\u00f6lcs\u00f6nk\u00f6nyvt\u00e1rban (1928\u201331). Mv. -r\u0151l deport\u00e1lt\u00e1k t\u00f6bb csal\u00e1dtagj\u00e1val (1944. m\u00e1j. 29.). A deport\u00e1l\u00e1sb\u00f3l val\u00f3 visszat\u00e9rte ut\u00e1n (1945. m\u00e1j.) az Antifasiszta N\u0151sz\u00f6vets\u00e9g helyi h\u00e1romtag\u00fa b\u00fcr\u00f3j\u00e1nak egyik tagja volt, majd a Rom\u00e1niai Demokratikus N\u0151sz\u00f6vets\u00e9g helyi funkcion\u00e1riusa (1948-ig). A mv.-i k\u00f6nyvterjeszt\u0151 v\u00e1llalat megb\u00edzott igazgat\u00f3ja (1948\u201352). K\u00f6nyvt\u00e1ros a MOGYI k\u00f6zponti, az Orvost\u00f6rt\u00e9neti Tansz\u00e9k fi\u00f3kk\u00f6nyvt\u00e1r\u00e1ban, itt a titk\u00e1rn\u0151i teend\u0151ket is ell\u00e1tta, majd kutat\u00f3k\u00e9nt dolgozott a tansz\u00e9ken (1952\u201354). A V. Z. szerkeszt\u0151s\u00e9g\u00e9ben dolgozott, n\u0151-rovat\u00e1nak szerk.-je (1954\u201356). Az 1951-ben indult mv.-i k\u00f6nyvt\u00e1rosk\u00e9pz\u0151 iskola igazgat\u00f3ja (1956\u201357), a Tartom\u00e1nyi K\u00f6nyvt\u00e1r igazgat\u00f3ja k\u00e9nyszer nyugd\u00edj\u00e1z\u00e1s\u00e1ig (1957. jan. v\u00e9ge \u2013 1965. m\u00e1rc.). Megval\u00f3s\u00edt\u00e1sai: A L\u00e1z\u00e1r \u00d6d\u00f6n parkb\u00f3l a Kult\u00farpalot\u00e1ba k\u00f6lt\u00f6ztette a Gyermekk\u00f6nyvt\u00e1r r\u00e9szleget; visszaszerezte b\u0151v\u00edt\u00e9s c\u00e9lj\u00e1b\u00f3l a Kult\u00farpalota k\u00f6nyvt\u00e1ri sz\u00e1rnya m\u00e1sodik emelet\u00e9t; a tartom\u00e1nyban els\u0151nek szabadpolcos rendszert l\u00e9tes\u00edtettek a k\u00f6lcs\u00f6nz\u0151 r\u00e9szlegen; m\u0171szaki r\u00e9szleget alap\u00edtott, Schnedarek Istv\u00e1n szakk\u00f6nyvt\u00e1ros vezet\u00e9s\u00e9vel (1960. febr. \u2013); utcai k\u00f6nyvt\u00e1rakat \u00e9s kihelyezett h\u00e1zi olvas\u00f3k\u00f6r\u00f6ket szervezett Gutfreund \u00c9va k\u00f6zrem\u0171k\u00f6d\u00e9s\u00e9vel. N\u00f6velte a munkat\u00e1rsak sz\u00e1m\u00e1t, biztos\u00edtotta a tov\u00e1bbk\u00e9pz\u00e9s\u00fcket, akt\u00edvabb r\u00e9szv\u00e9tel\u00fcket a k\u00f6nyvt\u00e1ri rendezv\u00e9nyek szervez\u00e9s\u00e9ben. A M\u0171vel\u0151d\u00e9si Miniszt\u00e9rium K\u00f6nyvt\u00e1ri F\u0151oszt\u00e1lya t\u00f6bbsz\u00f6ri kit\u00fcntet\u00e9sben r\u00e9szes\u00edtette a maga \u00e9s a kollekt\u00edva eredm\u00e9nyei\u00e9rt (1958, 1960, 1962, 1964), m\u00e9gis menesztett\u00e9k (1965. m\u00e1rc.). Marosi Ildik\u00f3nak mondta: \u201eitt is ott is valahogy mindig egy kicsit oszt\u00e1lyidegen maradtam.\u201d K\u00f6z\u00f6lt az Orvosi Szemle, Igazs\u00e1g, Szabad Sz\u00f3, El\u0151re, M\u0171vel\u0151d\u00e9s, Igaz Sz\u00f3, Korunk, Falvak Dolgoz\u00f3 N\u00e9pe; V. Z., Dolgoz\u00f3 N\u0151, C\u0103l\u0103uza bibliotecarului, K\u00f6nyvt\u00e1rosok T\u00e1j\u00e9koztat\u00f3ja, K\u00f6nyvt\u00e1ri Szemle, Utunk-ban. \u2013 <strong>F. m.:<\/strong> Din istoria spitalului din Tg. M. (Buc., 1957); A marosv\u00e1s\u00e1rhelyi k\u00f3rh\u00e1z t\u00f6rt\u00e9net\u00e9b\u0151l (Orvosi Szemle, 1957); <strong>t\u00e1rssz.:<\/strong> Adatok a mv.-i k\u00f3rh\u00e1z t\u00f6rt\u00e9net\u00e9hez  = A hazai orvostudom\u00e1ny t\u00f6rt\u00e9net\u00e9b\u0151l. (Buc., 1957); ); <strong>Cikkei:<\/strong> A tanul\u00e1s \u00e9s m\u0171vel\u0151d\u00e9s m\u0171helyei. (A MAT t\u00f6megk\u00f6nyvt\u00e1rainak tapasztalataib\u00f3l)(El\u0151re, (1959. dec. 12.); M\u00e1sodik d\u00edjat nyert a MMAT-i K\u00f6nyvt\u00e1r (El\u0151re, 1961. m\u00e1j. 11.; A marosv\u00e1s\u00e1rhelyi k\u00f3rh\u00e1z t\u00f6rt\u00e9net\u00e9b\u0151l. (R\u00e9szletek egy nagyobb monogr\u00e1fi\u00e1b\u00f3l.) Orvosi Szemle, (1957. jan-febr., 1. sz.); K\u00f6nyv \u00e9s term\u00e9s. [\u201eA k\u00f6nyvt\u00e1r a szocialista \u00e9p\u00edt\u00e9s szolg\u00e1lat\u00e1ban\u201d c\u00edm\u0171 k\u00e9t \u00e9ves verseny els\u0151 szakasz\u00e1nak eredm\u00e9nyei a MMAT-ban] FDN, (1961. \u00e1pr. 27, 17. sz.).; Bibliotecari frunta\u015fi. (Steaua Ro\u015fie (24 febr. 1960, p. 5); \u00dcnneps\u00e9gek a tartom\u00e1nyi k\u00f6nyvt\u00e1rban. (V. Z. 8, nr. 74, 29 mart. 1959).; T\u00f6bb mint egy milli\u00f3 k\u00f6nyvt\u00e1ri k\u00f6nyvet olvastak el egy \u00e9v alatt. (V. Z., 1959. aug. 9.); K\u00f6nyvt\u00e1rak a szocialista \u00e9p\u00edt\u00e9s szolg\u00e1lat\u00e1ban. (V. Z., 1960. \u00e1pr. 30); \u00c9rt\u00e9kes k\u00f6nyvt\u00e1rosi tapasztalatcsere. (V. Z., 1961. szept. 30..; Egyre jobban h\u00f3d\u00edt a k\u00f6nyv. (V. Z., (1962. jan. 4.). <strong>szerk.:<\/strong> Kov\u00e1cs Gy\u00f6rgy: A hadnagy \u00e9s a t\u00fcnem\u00e9ny: Elbesz\u00e9l\u00e9sek 1941\u20131946 (bibliogr. mutat\u00f3: Abaf\u00e1y Guszt\u00e1v, Bonyh\u00e1ti Jol\u00e1nnal; Buk., 1977). <br \/><strong>Irod.:<\/strong> Agyag\u00e1si Hajnal: Biblioteca Central\u0103 Regional\u0103 Mure\u015f, 1957\u20131965 (Libraria. Anuar, nr. 4., 2005); Id\u0151t\u00e1r 3., 4.; Marosi Ildik\u00f3: \u00d6r\u00f6k befut\u00f3hely (A H\u00e9t, 24. sz., 1982); Mv. zsid\u00f3s\u00e1ga; Mv.-i zsid\u00f3 temet\u0151 dok.; [Nekrol\u00f3g] (V. Z., 1987. m\u00e1j. 20.); Barab\u00e1s-P\u00e9ter M.\u2013P\u00e9ter H. M.; P\u00e9ter Mih\u00e1ly: A MOGYE Orvost\u00f6rt\u00e9neti tansz\u00e9k\u00e9nek t\u00f6rt\u00e9net\u00e9r\u0151l  =  Spielmann J\u00f3zsef orvost\u00f6rt\u00e9n\u00e9sz eml\u00e9kk\u00f6nyve; RMIL; Sz\u00e9pr\u00e9ti Lilla: 30 \u00e9ve alakult meg a Rom\u00e1niai Demokratikus N\u0151sz\u00f6vets\u00e9g: K\u00f6z\u00f6tt\u00fck \u00e9lni (\u00daj \u00c9let, 3. sz., 1978.); Todea\u2013F\u00fcl\u00f6p\u2013Avram; Vintil\u0103, Anna: Iubea florile, c\u0103r\u0163ile \u015fi oamenii: In memoriam Hal\u00e1sz Boriska (Biblioteca Marisiana, nr. 1., 2009); csal\u00e1di inf. \u00d6llerer King\u00e1t\u00f3l<\/br><\/p>\n","protected":false},"excerpt":{"rendered":"<p>Mv., 1908. jan. 25., \u2020 Mv., 1987. m\u00e1j. 19.: tan\u00e1r, \u00fajs\u00e1g\u00edr\u00f3, k\u00f6nyvt\u00e1rigazgat\u00f3. \u2013 H. J\u00f3zsef \u00e9s Farkas Ida Etelka le\u00e1nya. F\u00e9rje: 1. Hal\u00e1sz Istv\u00e1n (1902\u20131989). Fi\u00fak: J\u00f3zsef J\u00e1nos (1936\u2013), a H. csal\u00e1d bar\u00e1ti viszonyban volt Molter\u00e9kkel, \u0151k rejtegett\u00e9k J\u00e1nost \u00e9s mentett\u00e9k meg a deport\u00e1l\u00e1st\u00f3l (1944). 2. H. \/ Hirsch Lipot (1908-Mv. \u2013 1968. m\u00e1j. 12.), [&hellip;]<\/p>\n","protected":false},"featured_media":0,"comment_status":"open","ping_status":"closed","template":"","meta":[],"product_brand":[],"product_cat":[137],"product_tag":[],"class_list":{"0":"post-9487","1":"product","2":"type-product","3":"status-publish","5":"product_cat-maros-megyei-eletrajzi-lexikon","7":"first","8":"instock","9":"shipping-taxable","10":"product-type-simple"},"_links":{"self":[{"href":"https:\/\/uj.adatbank.ro\/lexikon\/wp-json\/wp\/v2\/product\/9487","targetHints":{"allow":["GET"]}}],"collection":[{"href":"https:\/\/uj.adatbank.ro\/lexikon\/wp-json\/wp\/v2\/product"}],"about":[{"href":"https:\/\/uj.adatbank.ro\/lexikon\/wp-json\/wp\/v2\/types\/product"}],"replies":[{"embeddable":true,"href":"https:\/\/uj.adatbank.ro\/lexikon\/wp-json\/wp\/v2\/comments?post=9487"}],"wp:attachment":[{"href":"https:\/\/uj.adatbank.ro\/lexikon\/wp-json\/wp\/v2\/media?parent=9487"}],"wp:term":[{"taxonomy":"product_brand","embeddable":true,"href":"https:\/\/uj.adatbank.ro\/lexikon\/wp-json\/wp\/v2\/product_brand?post=9487"},{"taxonomy":"product_cat","embeddable":true,"href":"https:\/\/uj.adatbank.ro\/lexikon\/wp-json\/wp\/v2\/product_cat?post=9487"},{"taxonomy":"product_tag","embeddable":true,"href":"https:\/\/uj.adatbank.ro\/lexikon\/wp-json\/wp\/v2\/product_tag?post=9487"}],"curies":[{"name":"wp","href":"https:\/\/api.w.org\/{rel}","templated":true}]}}

HALÁSZ Borbála, § Halász Boriska

<p>Mv., 1908. jan. 25., † Mv., 1987. máj. 19.: tanár, újságíró, könyvtárigazgató. – H. József és Farkas Ida Etelka leánya. Férje: 1. Halász István (1902–1989). Fiúk: József János (1936–), a H. család baráti viszonyban volt Molterékkel, ők rejtegették Jánost és mentették meg a deportálástól (1944). 2. H. / Hirsch Lipot (1908-Mv. – 1968. máj. 12.), fiúk Péter András (1947–), orvos. – A középiskolát Mv.-en, kerékpár- varró- és írógép szakiskolát Bp.-en, az egyetemet Kv-on a BTE filozófia-történelem szakán végezte (1953), Mészáros Józseffel voltak kollégák. A 20-as évektől részt vett a munkásmozgalomban. Eljárást indítottak ellene a szovjetek javára történő kémkedéssel vádolva, de felmentették (1930). Varró- és írógépjavító műhelyben műszerész volt és mint könyvtáros dolgozott a Révész Ernő féle könyvesboltban és kölcsönkönyvtárban (1928–31). Mv. -ről deportálták több családtagjával (1944. máj. 29.). A deportálásból való visszatérte után (1945. máj.) az Antifasiszta Nőszövetség helyi háromtagú bürójának egyik tagja volt, majd a Romániai Demokratikus Nőszövetség helyi funkcionáriusa (1948-ig). A mv.-i könyvterjesztő vállalat megbízott igazgatója (1948–52). Könyvtáros a MOGYI központi, az Orvostörténeti Tanszék fiókkönyvtárában, itt a titkárnői teendőket is ellátta, majd kutatóként dolgozott a tanszéken (1952–54). A V. Z. szerkesztőségében dolgozott, nő-rovatának szerk.-je (1954–56). Az 1951-ben indult mv.-i könyvtárosképző iskola igazgatója (1956–57), a Tartományi Könyvtár igazgatója kényszer nyugdíjázásáig (1957. jan. vége – 1965. márc.). Megvalósításai: A Lázár Ödön parkból a Kultúrpalotába költöztette a Gyermekkönyvtár részleget; visszaszerezte bővítés céljából a Kultúrpalota könyvtári szárnya második emeletét; a tartományban elsőnek szabadpolcos rendszert létesítettek a kölcsönző részlegen; műszaki részleget alapított, Schnedarek István szakkönyvtáros vezetésével (1960. febr. –); utcai könyvtárakat és kihelyezett házi olvasóköröket szervezett Gutfreund Éva közreműködésével. Növelte a munkatársak számát, biztosította a továbbképzésüket, aktívabb részvételüket a könyvtári rendezvények szervezésében. A Művelődési Minisztérium Könyvtári Főosztálya többszöri kitüntetésben részesítette a maga és a kollektíva eredményeiért (1958, 1960, 1962, 1964), mégis menesztették (1965. márc.). Marosi Ildikónak mondta: „itt is ott is valahogy mindig egy kicsit osztályidegen maradtam.” Közölt az Orvosi Szemle, Igazság, Szabad Szó, Előre, Művelődés, Igaz Szó, Korunk, Falvak Dolgozó Népe; V. Z., Dolgozó Nő, Călăuza bibliotecarului, Könyvtárosok Tájékoztatója, Könyvtári Szemle, Utunk-ban. – <strong>F. m.:</strong> Din istoria spitalului din Tg. M. (Buc., 1957); A marosvásárhelyi kórház történetéből (Orvosi Szemle, 1957); <strong>társsz.:</strong> Adatok a mv.-i kórház történetéhez  = A hazai orvostudomány történetéből. (Buc., 1957); ); <strong>Cikkei:</strong> A tanulás és művelődés műhelyei. (A MAT tömegkönyvtárainak tapasztalataiból)(Előre, (1959. dec. 12.); Második díjat nyert a MMAT-i Könyvtár (Előre, 1961. máj. 11.; A marosvásárhelyi kórház történetéből. (Részletek egy nagyobb monográfiából.) Orvosi Szemle, (1957. jan-febr., 1. sz.); Könyv és termés. [„A könyvtár a szocialista építés szolgálatában” című két éves verseny első szakaszának eredményei a MMAT-ban] FDN, (1961. ápr. 27, 17. sz.).; Bibliotecari fruntaşi. (Steaua Roşie (24 febr. 1960, p. 5); Ünnepségek a tartományi könyvtárban. (V. Z. 8, nr. 74, 29 mart. 1959).; Több mint egy millió könyvtári könyvet olvastak el egy év alatt. (V. Z., 1959. aug. 9.); Könyvtárak a szocialista építés szolgálatában. (V. Z., 1960. ápr. 30); Értékes könyvtárosi tapasztalatcsere. (V. Z., 1961. szept. 30..; Egyre jobban hódít a könyv. (V. Z., (1962. jan. 4.). <strong>szerk.:</strong> Kovács György: A hadnagy és a tünemény: Elbeszélések 1941–1946 (bibliogr. mutató: Abafáy Gusztáv, Bonyháti Jolánnal; Buk., 1977). <br /><strong>Irod.:</strong> Agyagási Hajnal: Biblioteca Centrală Regională Mureş, 1957–1965 (Libraria. Anuar, nr. 4., 2005); Időtár 3., 4.; Marosi Ildikó: Örök befutóhely (A Hét, 24. sz., 1982); Mv. zsidósága; Mv.-i zsidó temető dok.; [Nekrológ] (V. Z., 1987. máj. 20.); Barabás-Péter M.–Péter H. M.; Péter Mihály: A MOGYE Orvostörténeti tanszékének történetéről  =  Spielmann József orvostörténész emlékkönyve; RMIL; Szépréti Lilla: 30 éve alakult meg a Romániai Demokratikus Nőszövetség: Közöttük élni (Új Élet, 3. sz., 1978.); Todea–Fülöp–Avram; Vintilă, Anna: Iubea florile, cărţile şi oamenii: In memoriam Halász Boriska (Biblioteca Marisiana, nr. 1., 2009); családi inf. Öllerer Kingától</br></p>

<p>Mv., 1908. jan. 25., † Mv., 1987. máj. 19.: tanár, újságíró, könyvtárigazgató. – H. József és Farkas Ida Etelka leánya. Férje: 1. Halász István (1902–1989). Fiúk: József János (1936–), a H. család baráti viszonyban volt Molterékkel, ők rejtegették Jánost és mentették meg a deportálástól (1944). 2. H. / Hirsch Lipot (1908-Mv. – 1968. máj. 12.), [&hellip;]</p>
