{"id":9490,"date":"2025-06-29T12:46:35","date_gmt":"2025-06-29T10:46:35","guid":{"rendered":"https:\/\/uj.adatbank.ro\/lexikon\/termek\/halasz-istvan-fischer-istvan-1895\/"},"modified":"2025-06-29T12:46:35","modified_gmt":"2025-06-29T10:46:35","slug":"halasz-istvan-fischer-istvan-1895","status":"publish","type":"product","link":"https:\/\/uj.adatbank.ro\/lexikon\/termek\/halasz-istvan-fischer-istvan-1895\/","title":{"rendered":"HAL\u00c1SZ Istv\u00e1n, Fischer Istv\u00e1n (\u20131895)"},"content":{"rendered":"<p>1864., \u2020\u00a0?.: k\u00f6rorvos. \u2013- Oklevel\u00e9t B\u00e9csben szerezte (1889); k\u00f6rorvos Mez\u0151r\u00fccs (1890\u201398), \u00c1kosfalva (1899\u20131916) k\u00f6zs\u00e9gekben. Eredeti cikkei \u00e9s ford\u00edt\u00e1sai Az Alkoholizmus ellen \u2013ben jelentek meg (1908). \u2013 <strong>F. m.:<\/strong> Alkohol \u00e9s csal\u00e1d (Mv., 1907); \u201ePrincipikon\u201d: Mozg\u00f3\u00e1br\u00e1s elektrotechnika (Bp., 1959). M\u00e9g van t\u00f6bb k\u00f6nyve! Be kell \u00edrni <br \/><strong>Irod.:<\/strong> Guly\u00e1s; Id\u0151t\u00e1r 2<\/br><\/p>\n","protected":false},"excerpt":{"rendered":"<p>1864., \u2020\u00a0?.: k\u00f6rorvos. \u2013- Oklevel\u00e9t B\u00e9csben szerezte (1889); k\u00f6rorvos Mez\u0151r\u00fccs (1890\u201398), \u00c1kosfalva (1899\u20131916) k\u00f6zs\u00e9gekben. Eredeti cikkei \u00e9s ford\u00edt\u00e1sai Az Alkoholizmus ellen \u2013ben jelentek meg (1908). \u2013 F. m.: Alkohol \u00e9s csal\u00e1d (Mv., 1907); \u201ePrincipikon\u201d: Mozg\u00f3\u00e1br\u00e1s elektrotechnika (Bp., 1959). M\u00e9g van t\u00f6bb k\u00f6nyve! Be kell \u00edrni Irod.: Guly\u00e1s; Id\u0151t\u00e1r 2<\/p>\n","protected":false},"featured_media":0,"comment_status":"open","ping_status":"closed","template":"","meta":[],"product_brand":[],"product_cat":[137],"product_tag":[],"class_list":{"0":"post-9490","1":"product","2":"type-product","3":"status-publish","5":"product_cat-maros-megyei-eletrajzi-lexikon","7":"first","8":"instock","9":"shipping-taxable","10":"product-type-simple"},"_links":{"self":[{"href":"https:\/\/uj.adatbank.ro\/lexikon\/wp-json\/wp\/v2\/product\/9490","targetHints":{"allow":["GET"]}}],"collection":[{"href":"https:\/\/uj.adatbank.ro\/lexikon\/wp-json\/wp\/v2\/product"}],"about":[{"href":"https:\/\/uj.adatbank.ro\/lexikon\/wp-json\/wp\/v2\/types\/product"}],"replies":[{"embeddable":true,"href":"https:\/\/uj.adatbank.ro\/lexikon\/wp-json\/wp\/v2\/comments?post=9490"}],"wp:attachment":[{"href":"https:\/\/uj.adatbank.ro\/lexikon\/wp-json\/wp\/v2\/media?parent=9490"}],"wp:term":[{"taxonomy":"product_brand","embeddable":true,"href":"https:\/\/uj.adatbank.ro\/lexikon\/wp-json\/wp\/v2\/product_brand?post=9490"},{"taxonomy":"product_cat","embeddable":true,"href":"https:\/\/uj.adatbank.ro\/lexikon\/wp-json\/wp\/v2\/product_cat?post=9490"},{"taxonomy":"product_tag","embeddable":true,"href":"https:\/\/uj.adatbank.ro\/lexikon\/wp-json\/wp\/v2\/product_tag?post=9490"}],"curies":[{"name":"wp","href":"https:\/\/api.w.org\/{rel}","templated":true}]}}