{"id":9491,"date":"2025-06-29T12:46:36","date_gmt":"2025-06-29T10:46:36","guid":{"rendered":"https:\/\/uj.adatbank.ro\/lexikon\/termek\/halasz-jakab\/"},"modified":"2025-06-29T12:46:36","modified_gmt":"2025-06-29T10:46:36","slug":"halasz-jakab","status":"publish","type":"product","link":"https:\/\/uj.adatbank.ro\/lexikon\/termek\/halasz-jakab\/","title":{"rendered":"HAL\u00c1SZ Jakab"},"content":{"rendered":"<p>Mv., 1861., \u2020 Kv., 1933. febr. 7.: gy\u00f3gyszer\u00e9sz. \u2013 Le\u00e1nyai: Erzs\u00e9bet, dr. Benedek Dezs\u0151n\u00e9; M\u00e1ria Gy\u00f6rffy Lajosn\u00e9. Mindkette gy\u00f3gyszer\u00e9szek. \u2013 A mv.-i Ref. Koll.-ban tanult, gy\u00f3gyszer\u00e9szgyakornok Szegeden (1877\u2013), a kv.-i FJTE-en kapott gy\u00f3gyszer\u00e9sz oklevelet (1883). Mv.-en gy\u00f3gyszer\u00e9sz a Bern\u00e1dy-gy\u00f3gyszert\u00e1rban az \u0150rangyal gy\u00f3gyszert\u00e1r gondnoka \u00f6t \u00e9ven \u00e1t \u00e9s b\u00e9rl\u0151je (1889-ig), gondnoka volt a Nagy S\u00e1ndor Arany Kereszt Gy\u00f3gyszert\u00e1r gondnoka (1889\u201398), majd B\u00e9csben \u00e9s Mv.-en kis gy\u00f3gyszer\u00fczemet alap\u00edtott, k\u00e9sz\u00edtm\u00e9nyeivel sikeresen vett r\u00e9sz ki\u00e1ll\u00edt\u00e1sokon, kit\u00fcntet\u00e9seket kapott. Tiszteletbeli tagj\u00e1v\u00e1 v\u00e1lasztotta az Olasz Kir. Akad. (Firenze-Chieti) (1897. m\u00e1rc. 14.). Kv.-on vett gy\u00f3gyszert\u00e1rat (1900), majd Gyalun v\u00e1s\u00e1rolta meg a K\u00edgy\u00f3 patik\u00e1t (1904\u201331), amit eladott \u00e9s nyugalomba vonult Kv. -ra. <br \/><strong>Irod.:<\/strong> Bern\u00e1dy; I\u0151t\u00e1r 5 \/1.; P\u00e9ter H. M.; P\u00e9ter H. M. 2013; Szab\u00f3 Mikl\u00f3s 2005<\/br><\/p>\n","protected":false},"excerpt":{"rendered":"<p>Mv., 1861., \u2020 Kv., 1933. febr. 7.: gy\u00f3gyszer\u00e9sz. \u2013 Le\u00e1nyai: Erzs\u00e9bet, dr. Benedek Dezs\u0151n\u00e9; M\u00e1ria Gy\u00f6rffy Lajosn\u00e9. Mindkette gy\u00f3gyszer\u00e9szek. \u2013 A mv.-i Ref. Koll.-ban tanult, gy\u00f3gyszer\u00e9szgyakornok Szegeden (1877\u2013), a kv.-i FJTE-en kapott gy\u00f3gyszer\u00e9sz oklevelet (1883). Mv.-en gy\u00f3gyszer\u00e9sz a Bern\u00e1dy-gy\u00f3gyszert\u00e1rban az \u0150rangyal gy\u00f3gyszert\u00e1r gondnoka \u00f6t \u00e9ven \u00e1t \u00e9s b\u00e9rl\u0151je (1889-ig), gondnoka volt a Nagy S\u00e1ndor Arany [&hellip;]<\/p>\n","protected":false},"featured_media":0,"comment_status":"open","ping_status":"closed","template":"","meta":[],"product_brand":[],"product_cat":[137],"product_tag":[],"class_list":{"0":"post-9491","1":"product","2":"type-product","3":"status-publish","5":"product_cat-maros-megyei-eletrajzi-lexikon","7":"first","8":"instock","9":"shipping-taxable","10":"product-type-simple"},"_links":{"self":[{"href":"https:\/\/uj.adatbank.ro\/lexikon\/wp-json\/wp\/v2\/product\/9491","targetHints":{"allow":["GET"]}}],"collection":[{"href":"https:\/\/uj.adatbank.ro\/lexikon\/wp-json\/wp\/v2\/product"}],"about":[{"href":"https:\/\/uj.adatbank.ro\/lexikon\/wp-json\/wp\/v2\/types\/product"}],"replies":[{"embeddable":true,"href":"https:\/\/uj.adatbank.ro\/lexikon\/wp-json\/wp\/v2\/comments?post=9491"}],"wp:attachment":[{"href":"https:\/\/uj.adatbank.ro\/lexikon\/wp-json\/wp\/v2\/media?parent=9491"}],"wp:term":[{"taxonomy":"product_brand","embeddable":true,"href":"https:\/\/uj.adatbank.ro\/lexikon\/wp-json\/wp\/v2\/product_brand?post=9491"},{"taxonomy":"product_cat","embeddable":true,"href":"https:\/\/uj.adatbank.ro\/lexikon\/wp-json\/wp\/v2\/product_cat?post=9491"},{"taxonomy":"product_tag","embeddable":true,"href":"https:\/\/uj.adatbank.ro\/lexikon\/wp-json\/wp\/v2\/product_tag?post=9491"}],"curies":[{"name":"wp","href":"https:\/\/api.w.org\/{rel}","templated":true}]}}

HALÁSZ Jakab

<p>Mv., 1861., † Kv., 1933. febr. 7.: gyógyszerész. – Leányai: Erzsébet, dr. Benedek Dezsőné; Mária Györffy Lajosné. Mindkette gyógyszerészek. – A mv.-i Ref. Koll.-ban tanult, gyógyszerészgyakornok Szegeden (1877–), a kv.-i FJTE-en kapott gyógyszerész oklevelet (1883). Mv.-en gyógyszerész a Bernády-gyógyszertárban az Őrangyal gyógyszertár gondnoka öt éven át és bérlője (1889-ig), gondnoka volt a Nagy Sándor Arany Kereszt Gyógyszertár gondnoka (1889–98), majd Bécsben és Mv.-en kis gyógyszerüzemet alapított, készítményeivel sikeresen vett rész kiállításokon, kitüntetéseket kapott. Tiszteletbeli tagjává választotta az Olasz Kir. Akad. (Firenze-Chieti) (1897. márc. 14.). Kv.-on vett gyógyszertárat (1900), majd Gyalun vásárolta meg a Kígyó patikát (1904–31), amit eladott és nyugalomba vonult Kv. -ra. <br /><strong>Irod.:</strong> Bernády; Iőtár 5 /1.; Péter H. M.; Péter H. M. 2013; Szabó Miklós 2005</br></p>

<p>Mv., 1861., † Kv., 1933. febr. 7.: gyógyszerész. – Leányai: Erzsébet, dr. Benedek Dezsőné; Mária Györffy Lajosné. Mindkette gyógyszerészek. – A mv.-i Ref. Koll.-ban tanult, gyógyszerészgyakornok Szegeden (1877–), a kv.-i FJTE-en kapott gyógyszerész oklevelet (1883). Mv.-en gyógyszerész a Bernády-gyógyszertárban az Őrangyal gyógyszertár gondnoka öt éven át és bérlője (1889-ig), gondnoka volt a Nagy Sándor Arany [&hellip;]</p>
