{"id":9494,"date":"2025-06-29T12:46:41","date_gmt":"2025-06-29T10:46:41","guid":{"rendered":"https:\/\/uj.adatbank.ro\/lexikon\/termek\/halasz-magda-%c2%a7-halasz-magdolna-fuchs-simonne\/"},"modified":"2025-06-29T12:46:41","modified_gmt":"2025-06-29T10:46:41","slug":"halasz-magda-%c2%a7-halasz-magdolna-fuchs-simonne","status":"publish","type":"product","link":"https:\/\/uj.adatbank.ro\/lexikon\/termek\/halasz-magda-%c2%a7-halasz-magdolna-fuchs-simonne\/","title":{"rendered":"HAL\u00c1SZ Magda, \u00a7 Hal\u00e1sz Magdolna, Fuchs Simonn\u00e9"},"content":{"rendered":"<p>1905. okt. 20., \u2020\u00a0Auschwitz, 1944.: iparm\u0171v\u00e9sz, munk\u00e1smozgalmi harcos. \u2013 Apja: H. J\u00f3zsef. F\u00e9rje: Fuchs Simon. Gyermekeik: J\u00f3zsi \u00e9s Zsuzsa (\u2020 Auschwitz, 1944). \u2013 A rom\u00e1niai munk\u00e1smozgalom n\u0151i vezet\u0151i k\u00f6z\u00e9 tartozott. A mv.-i munk\u00e1sn\u0151ket k\u00e9pviselte a temesv\u00e1ri egys\u00e9ges szakszervezeti kongresszuson (1929). Bev\u00e1lasztott\u00e1k az Orsz\u00e1gos N\u0151bizotts\u00e1g, a Rom\u00e1n Munk\u00e1sseg\u00e9ly k\u00f6zponti vezet\u0151s\u00e9g\u00e9nek tagjai k\u00f6z\u00e9. Mv.-en, Brass\u00f3ban, Buk. -ben tev\u00e9kenykedett (1929\u2013), f\u00e9rj\u00e9vel Fuchs Simonnal egy\u00fctt, f\u0151leg az \u00fajj\u00e1\u00e9led\u0151 szakszervezeti mozgalomban, az illeg\u00e1lis sajt\u00f3 \u00e9s r\u00f6piratok terjeszt\u00e9s\u00e9ben, a T\u00een\u0103rul muncitor szerkeszt\u00e9s\u00e9ben. T\u00f6bbsz\u00f6r beb\u00f6rt\u00f6n\u00f6zt\u00e9k forradalmi munk\u00e1ss\u00e1g\u00e1\u00e9rt. Auschwitzi g\u00e1zkamr\u00e1ban pusztult el k\u00e9t gyermek\u00e9vel egy\u00fctt. <br \/><strong>Irod.:<\/strong> De\u00e9 Nagy Anik\u00f3 2001; Fuchs Simon: Munk\u00e1smozgalom a Maros v\u00f6lgy\u00e9ben (Buk., 1975); Ga\u00e1l Korn\u00e9lia: Maros-megyei munk\u00e1smozgalmi harcosok, akik nem \u00fcnnepelhettek vel\u00fcnk (V. Z., 1971. m\u00e1j. 9.); Mv.-i zsid\u00f3 temet\u0151 dok.; Visnai; csal\u00e1di inf. \u00d6llerer King\u00e1t\u00f3l<\/br><\/p>\n","protected":false},"excerpt":{"rendered":"<p>1905. okt. 20., \u2020\u00a0Auschwitz, 1944.: iparm\u0171v\u00e9sz, munk\u00e1smozgalmi harcos. \u2013 Apja: H. J\u00f3zsef. F\u00e9rje: Fuchs Simon. Gyermekeik: J\u00f3zsi \u00e9s Zsuzsa (\u2020 Auschwitz, 1944). \u2013 A rom\u00e1niai munk\u00e1smozgalom n\u0151i vezet\u0151i k\u00f6z\u00e9 tartozott. A mv.-i munk\u00e1sn\u0151ket k\u00e9pviselte a temesv\u00e1ri egys\u00e9ges szakszervezeti kongresszuson (1929). Bev\u00e1lasztott\u00e1k az Orsz\u00e1gos N\u0151bizotts\u00e1g, a Rom\u00e1n Munk\u00e1sseg\u00e9ly k\u00f6zponti vezet\u0151s\u00e9g\u00e9nek tagjai k\u00f6z\u00e9. Mv.-en, Brass\u00f3ban, Buk. -ben [&hellip;]<\/p>\n","protected":false},"featured_media":0,"comment_status":"open","ping_status":"closed","template":"","meta":[],"product_brand":[],"product_cat":[137],"product_tag":[],"class_list":{"0":"post-9494","1":"product","2":"type-product","3":"status-publish","5":"product_cat-maros-megyei-eletrajzi-lexikon","7":"first","8":"instock","9":"shipping-taxable","10":"product-type-simple"},"_links":{"self":[{"href":"https:\/\/uj.adatbank.ro\/lexikon\/wp-json\/wp\/v2\/product\/9494","targetHints":{"allow":["GET"]}}],"collection":[{"href":"https:\/\/uj.adatbank.ro\/lexikon\/wp-json\/wp\/v2\/product"}],"about":[{"href":"https:\/\/uj.adatbank.ro\/lexikon\/wp-json\/wp\/v2\/types\/product"}],"replies":[{"embeddable":true,"href":"https:\/\/uj.adatbank.ro\/lexikon\/wp-json\/wp\/v2\/comments?post=9494"}],"wp:attachment":[{"href":"https:\/\/uj.adatbank.ro\/lexikon\/wp-json\/wp\/v2\/media?parent=9494"}],"wp:term":[{"taxonomy":"product_brand","embeddable":true,"href":"https:\/\/uj.adatbank.ro\/lexikon\/wp-json\/wp\/v2\/product_brand?post=9494"},{"taxonomy":"product_cat","embeddable":true,"href":"https:\/\/uj.adatbank.ro\/lexikon\/wp-json\/wp\/v2\/product_cat?post=9494"},{"taxonomy":"product_tag","embeddable":true,"href":"https:\/\/uj.adatbank.ro\/lexikon\/wp-json\/wp\/v2\/product_tag?post=9494"}],"curies":[{"name":"wp","href":"https:\/\/api.w.org\/{rel}","templated":true}]}}