{"id":9497,"date":"2025-06-29T12:46:49","date_gmt":"2025-06-29T10:46:49","guid":{"rendered":"https:\/\/uj.adatbank.ro\/lexikon\/termek\/halatiu-ioan-%c2%a7\/"},"modified":"2025-06-29T12:46:49","modified_gmt":"2025-06-29T10:46:49","slug":"halatiu-ioan-%c2%a7","status":"publish","type":"product","link":"https:\/\/uj.adatbank.ro\/lexikon\/termek\/halatiu-ioan-%c2%a7\/","title":{"rendered":"HALA\u0162IU Ioan, \u00a7"},"content":{"rendered":"<p>K\u00f6rtekapu, 1916. aug. 27., \u2020 Mv., 1995: lelk\u00e9sz, tan\u00edt\u00f3. \u2013 Elemi iskol\u00e1t a sz\u00fcl\u0151faluban, tan\u00edt\u00f3k\u00e9pz\u0151t M\u00e1ramarosszigeten (1936), Gyulafeh\u00e9rv\u00e1ron a teol\u00f3gi\u00e1t v\u00e9gezte (1946), papp\u00e1 szentelt\u00e9k (1947). R\u00e9szt vett a II. vh. harcaiban, \u00e9s Kievig jutott el. A h\u00e1bor\u00fa ut\u00e1n Gyergy\u00f3b\u00e9k\u00e1son lelk\u00e9sz \u00e9s tan\u00edt\u00f3 (1947\u201349), Maross\u00e1rpatakon tan\u00edt\u00f3, majd Pusztaalm\u00e1sra ker\u00fclt (1949\u201359), onnan Toldalakra, ahol igazgat\u00f3tan\u00edt\u00f3. \u00c9rdeme az isk. V-VII. oszt\u00e1ly\u00e1nak l\u00e9trehoz\u00e1sa. Elismert\u00e9k a teol\u00f3giai okl. -t, \u00e9s tan\u00e1ri min\u0151s\u00edt\u00e9st kapott (1967). \u00c9l\u00e9nk kult\u00farmunk\u00e1t szervezett a faluban: k\u00f3rust, sz\u00ednj\u00e1tsz\u00f3- \u00e9s t\u00e1nc csoportot l\u00e9tes\u00edtett a fiatalok \u00e9s feln\u0151ttek r\u00e9sz\u00e9re. \u00c9lete utols\u00f3 \u00e9veit Mv.-en t\u00f6lt\u00f6tte. <br \/><strong>Irod.:<\/strong> Dasc\u0103li mure\u015feni 3.<\/br><\/p>\n","protected":false},"excerpt":{"rendered":"<p>K\u00f6rtekapu, 1916. aug. 27., \u2020 Mv., 1995: lelk\u00e9sz, tan\u00edt\u00f3. \u2013 Elemi iskol\u00e1t a sz\u00fcl\u0151faluban, tan\u00edt\u00f3k\u00e9pz\u0151t M\u00e1ramarosszigeten (1936), Gyulafeh\u00e9rv\u00e1ron a teol\u00f3gi\u00e1t v\u00e9gezte (1946), papp\u00e1 szentelt\u00e9k (1947). R\u00e9szt vett a II. vh. harcaiban, \u00e9s Kievig jutott el. A h\u00e1bor\u00fa ut\u00e1n Gyergy\u00f3b\u00e9k\u00e1son lelk\u00e9sz \u00e9s tan\u00edt\u00f3 (1947\u201349), Maross\u00e1rpatakon tan\u00edt\u00f3, majd Pusztaalm\u00e1sra ker\u00fclt (1949\u201359), onnan Toldalakra, ahol igazgat\u00f3tan\u00edt\u00f3. \u00c9rdeme az [&hellip;]<\/p>\n","protected":false},"featured_media":0,"comment_status":"open","ping_status":"closed","template":"","meta":[],"product_brand":[],"product_cat":[137],"product_tag":[],"class_list":{"0":"post-9497","1":"product","2":"type-product","3":"status-publish","5":"product_cat-maros-megyei-eletrajzi-lexikon","7":"first","8":"instock","9":"shipping-taxable","10":"product-type-simple"},"_links":{"self":[{"href":"https:\/\/uj.adatbank.ro\/lexikon\/wp-json\/wp\/v2\/product\/9497","targetHints":{"allow":["GET"]}}],"collection":[{"href":"https:\/\/uj.adatbank.ro\/lexikon\/wp-json\/wp\/v2\/product"}],"about":[{"href":"https:\/\/uj.adatbank.ro\/lexikon\/wp-json\/wp\/v2\/types\/product"}],"replies":[{"embeddable":true,"href":"https:\/\/uj.adatbank.ro\/lexikon\/wp-json\/wp\/v2\/comments?post=9497"}],"wp:attachment":[{"href":"https:\/\/uj.adatbank.ro\/lexikon\/wp-json\/wp\/v2\/media?parent=9497"}],"wp:term":[{"taxonomy":"product_brand","embeddable":true,"href":"https:\/\/uj.adatbank.ro\/lexikon\/wp-json\/wp\/v2\/product_brand?post=9497"},{"taxonomy":"product_cat","embeddable":true,"href":"https:\/\/uj.adatbank.ro\/lexikon\/wp-json\/wp\/v2\/product_cat?post=9497"},{"taxonomy":"product_tag","embeddable":true,"href":"https:\/\/uj.adatbank.ro\/lexikon\/wp-json\/wp\/v2\/product_tag?post=9497"}],"curies":[{"name":"wp","href":"https:\/\/api.w.org\/{rel}","templated":true}]}}

HALAŢIU Ioan, §

<p>Körtekapu, 1916. aug. 27., † Mv., 1995: lelkész, tanító. – Elemi iskolát a szülőfaluban, tanítóképzőt Máramarosszigeten (1936), Gyulafehérváron a teológiát végezte (1946), pappá szentelték (1947). Részt vett a II. vh. harcaiban, és Kievig jutott el. A háború után Gyergyóbékáson lelkész és tanító (1947–49), Marossárpatakon tanító, majd Pusztaalmásra került (1949–59), onnan Toldalakra, ahol igazgatótanító. Érdeme az isk. V-VII. osztályának létrehozása. Elismerték a teológiai okl. -t, és tanári minősítést kapott (1967). Élénk kultúrmunkát szervezett a faluban: kórust, színjátszó- és tánc csoportot létesített a fiatalok és felnőttek részére. Élete utolsó éveit Mv.-en töltötte. <br /><strong>Irod.:</strong> Dascăli mureşeni 3.</br></p>

<p>Körtekapu, 1916. aug. 27., † Mv., 1995: lelkész, tanító. – Elemi iskolát a szülőfaluban, tanítóképzőt Máramarosszigeten (1936), Gyulafehérváron a teológiát végezte (1946), pappá szentelték (1947). Részt vett a II. vh. harcaiban, és Kievig jutott el. A háború után Gyergyóbékáson lelkész és tanító (1947–49), Marossárpatakon tanító, majd Pusztaalmásra került (1949–59), onnan Toldalakra, ahol igazgatótanító. Érdeme az [&hellip;]</p>
