{"id":9500,"date":"2025-06-29T12:46:56","date_gmt":"2025-06-29T10:46:56","guid":{"rendered":"https:\/\/uj.adatbank.ro\/lexikon\/termek\/haller-antal-hallerkoi-gr-kapjoni-foag\/"},"modified":"2025-06-29T12:46:56","modified_gmt":"2025-06-29T10:46:56","slug":"haller-antal-hallerkoi-gr-kapjoni-foag","status":"publish","type":"product","link":"https:\/\/uj.adatbank.ro\/lexikon\/termek\/haller-antal-hallerkoi-gr-kapjoni-foag\/","title":{"rendered":"HALLER Antal, hallerk\u0151i, gr., kapjoni f\u0151\u00e1g"},"content":{"rendered":"<p>1732, \u2020 1796.: f\u0151isp\u00e1n. \u2013 Ferenc (1698\u20131750) \u00e9s borosjen\u0151i Korda Zsuzs\u00e1nna fia. Feles\u00e9ge zabolai Mikes Julianna gr. -n\u0151. Gyermekei: Ferenc, Istv\u00e1n (\u2020\u00a01839), Antal. \u2013 B\u00e9csben a Theresianumban tanult. Korm\u00e1nysz\u00e9ki tan\u00e1csos (1773), K\u00fck\u00fcll\u0151- \u00e9s Als\u00f3-Feh\u00e9r vm. f\u0151isp\u00e1nja (1774). Bal\u00e1zstelke tulajdonosa, amit apj\u00e1t\u00f3l \u00f6r\u00f6k\u00f6lt. <br \/><strong>Irod.:<\/strong> Bozac-Pavel; Bicsok-Orb\u00e1n; Bozac-Pavel; Gy\u00f6rgy: A ferencrendiek; Mo. f\u0151isp\u00e1njai; Nagy Iv\u00e1n; MNZsK<\/br><\/p>\n","protected":false},"excerpt":{"rendered":"<p>1732, \u2020 1796.: f\u0151isp\u00e1n. \u2013 Ferenc (1698\u20131750) \u00e9s borosjen\u0151i Korda Zsuzs\u00e1nna fia. Feles\u00e9ge zabolai Mikes Julianna gr. -n\u0151. Gyermekei: Ferenc, Istv\u00e1n (\u2020\u00a01839), Antal. \u2013 B\u00e9csben a Theresianumban tanult. Korm\u00e1nysz\u00e9ki tan\u00e1csos (1773), K\u00fck\u00fcll\u0151- \u00e9s Als\u00f3-Feh\u00e9r vm. f\u0151isp\u00e1nja (1774). Bal\u00e1zstelke tulajdonosa, amit apj\u00e1t\u00f3l \u00f6r\u00f6k\u00f6lt. Irod.: Bozac-Pavel; Bicsok-Orb\u00e1n; Bozac-Pavel; Gy\u00f6rgy: A ferencrendiek; Mo. f\u0151isp\u00e1njai; Nagy Iv\u00e1n; MNZsK<\/p>\n","protected":false},"featured_media":0,"comment_status":"open","ping_status":"closed","template":"","meta":[],"product_brand":[],"product_cat":[137],"product_tag":[],"class_list":{"0":"post-9500","1":"product","2":"type-product","3":"status-publish","5":"product_cat-maros-megyei-eletrajzi-lexikon","7":"first","8":"instock","9":"shipping-taxable","10":"product-type-simple"},"_links":{"self":[{"href":"https:\/\/uj.adatbank.ro\/lexikon\/wp-json\/wp\/v2\/product\/9500","targetHints":{"allow":["GET"]}}],"collection":[{"href":"https:\/\/uj.adatbank.ro\/lexikon\/wp-json\/wp\/v2\/product"}],"about":[{"href":"https:\/\/uj.adatbank.ro\/lexikon\/wp-json\/wp\/v2\/types\/product"}],"replies":[{"embeddable":true,"href":"https:\/\/uj.adatbank.ro\/lexikon\/wp-json\/wp\/v2\/comments?post=9500"}],"wp:attachment":[{"href":"https:\/\/uj.adatbank.ro\/lexikon\/wp-json\/wp\/v2\/media?parent=9500"}],"wp:term":[{"taxonomy":"product_brand","embeddable":true,"href":"https:\/\/uj.adatbank.ro\/lexikon\/wp-json\/wp\/v2\/product_brand?post=9500"},{"taxonomy":"product_cat","embeddable":true,"href":"https:\/\/uj.adatbank.ro\/lexikon\/wp-json\/wp\/v2\/product_cat?post=9500"},{"taxonomy":"product_tag","embeddable":true,"href":"https:\/\/uj.adatbank.ro\/lexikon\/wp-json\/wp\/v2\/product_tag?post=9500"}],"curies":[{"name":"wp","href":"https:\/\/api.w.org\/{rel}","templated":true}]}}

HALLER Antal, hallerkői, gr., kapjoni főág

<p>1732, † 1796.: főispán. – Ferenc (1698–1750) és borosjenői Korda Zsuzsánna fia. Felesége zabolai Mikes Julianna gr. -nő. Gyermekei: Ferenc, István († 1839), Antal. – Bécsben a Theresianumban tanult. Kormányszéki tanácsos (1773), Küküllő- és Alsó-Fehér vm. főispánja (1774). Balázstelke tulajdonosa, amit apjától örökölt. <br /><strong>Irod.:</strong> Bozac-Pavel; Bicsok-Orbán; Bozac-Pavel; György: A ferencrendiek; Mo. főispánjai; Nagy Iván; MNZsK</br></p>

<p>1732, † 1796.: főispán. – Ferenc (1698–1750) és borosjenői Korda Zsuzsánna fia. Felesége zabolai Mikes Julianna gr. -nő. Gyermekei: Ferenc, István († 1839), Antal. – Bécsben a Theresianumban tanult. Kormányszéki tanácsos (1773), Küküllő- és Alsó-Fehér vm. főispánja (1774). Balázstelke tulajdonosa, amit apjától örökölt. Irod.: Bozac-Pavel; Bicsok-Orbán; Bozac-Pavel; György: A ferencrendiek; Mo. főispánjai; Nagy Iván; MNZsK</p>
