{"id":9501,"date":"2025-06-29T12:46:58","date_gmt":"2025-06-29T10:46:58","guid":{"rendered":"https:\/\/uj.adatbank.ro\/lexikon\/termek\/haller-antonia-borbala-hallerkoi-gr-szentpali-ag-ugrai-agazat-karg-janosne\/"},"modified":"2025-06-29T12:46:58","modified_gmt":"2025-06-29T10:46:58","slug":"haller-antonia-borbala-hallerkoi-gr-szentpali-ag-ugrai-agazat-karg-janosne","status":"publish","type":"product","link":"https:\/\/uj.adatbank.ro\/lexikon\/termek\/haller-antonia-borbala-hallerkoi-gr-szentpali-ag-ugrai-agazat-karg-janosne\/","title":{"rendered":"HALLER Ant\u00f3nia Borb\u00e1la, hallerk\u0151i gr., szentp\u00e1li \u00e1g, ugrai \u00e1gazat, Karg J\u00e1nosn\u00e9"},"content":{"rendered":"<p>Marosugra, 1859. nov. 23. \u2020 Darlac, 1947. febr. 4.: f\u00f6ldbirtokos. \u2013 Gy\u00f6rgy (1818\u20131892) \u00e9s szirfalvi B\u00e1lint Borb\u00e1la (1824\u20131887) le\u00e1nya. F\u00e9rje: bebenburgi br. Karg J\u00e1nos (Bodenbach Teschen, Cseho., 1859. szept. 8. \u2013 Darlac, 1934. jan. 4). Esk\u00fcv\u0151: Marosugra, 1891. nov. 7. \u2013 Nagykiterjed\u00e9s\u0171 f\u00f6ldbirtokai voltak, t\u00f6bbek k\u00f6z\u00f6tt, Darlacon \u00e9s J\u00f6vedicsen (198 hold), amelyb\u0151l a f\u00f6ldoszt\u00e1skor elvettek \u00e9s kiosztottak 348 holdat (1922. j\u00fan. 22.). Azel\u0151tt a j\u00f6vedicsi \u00e9s darlaci birtokai haszonb\u00e9rbe voltak adva (1908\u201318). <br \/><strong>Irod.:<\/strong> Gudenus; Keresztes; Lev\u00e9lt\u00e1ri gy\u00e1szj.<\/br><\/p>\n","protected":false},"excerpt":{"rendered":"<p>Marosugra, 1859. nov. 23. \u2020 Darlac, 1947. febr. 4.: f\u00f6ldbirtokos. \u2013 Gy\u00f6rgy (1818\u20131892) \u00e9s szirfalvi B\u00e1lint Borb\u00e1la (1824\u20131887) le\u00e1nya. F\u00e9rje: bebenburgi br. Karg J\u00e1nos (Bodenbach Teschen, Cseho., 1859. szept. 8. \u2013 Darlac, 1934. jan. 4). Esk\u00fcv\u0151: Marosugra, 1891. nov. 7. \u2013 Nagykiterjed\u00e9s\u0171 f\u00f6ldbirtokai voltak, t\u00f6bbek k\u00f6z\u00f6tt, Darlacon \u00e9s J\u00f6vedicsen (198 hold), amelyb\u0151l a f\u00f6ldoszt\u00e1skor elvettek [&hellip;]<\/p>\n","protected":false},"featured_media":0,"comment_status":"open","ping_status":"closed","template":"","meta":[],"product_brand":[],"product_cat":[137],"product_tag":[],"class_list":{"0":"post-9501","1":"product","2":"type-product","3":"status-publish","5":"product_cat-maros-megyei-eletrajzi-lexikon","7":"first","8":"instock","9":"shipping-taxable","10":"product-type-simple"},"_links":{"self":[{"href":"https:\/\/uj.adatbank.ro\/lexikon\/wp-json\/wp\/v2\/product\/9501","targetHints":{"allow":["GET"]}}],"collection":[{"href":"https:\/\/uj.adatbank.ro\/lexikon\/wp-json\/wp\/v2\/product"}],"about":[{"href":"https:\/\/uj.adatbank.ro\/lexikon\/wp-json\/wp\/v2\/types\/product"}],"replies":[{"embeddable":true,"href":"https:\/\/uj.adatbank.ro\/lexikon\/wp-json\/wp\/v2\/comments?post=9501"}],"wp:attachment":[{"href":"https:\/\/uj.adatbank.ro\/lexikon\/wp-json\/wp\/v2\/media?parent=9501"}],"wp:term":[{"taxonomy":"product_brand","embeddable":true,"href":"https:\/\/uj.adatbank.ro\/lexikon\/wp-json\/wp\/v2\/product_brand?post=9501"},{"taxonomy":"product_cat","embeddable":true,"href":"https:\/\/uj.adatbank.ro\/lexikon\/wp-json\/wp\/v2\/product_cat?post=9501"},{"taxonomy":"product_tag","embeddable":true,"href":"https:\/\/uj.adatbank.ro\/lexikon\/wp-json\/wp\/v2\/product_tag?post=9501"}],"curies":[{"name":"wp","href":"https:\/\/api.w.org\/{rel}","templated":true}]}}

HALLER Antónia Borbála, hallerkői gr., szentpáli ág, ugrai ágazat, Karg Jánosné

<p>Marosugra, 1859. nov. 23. † Darlac, 1947. febr. 4.: földbirtokos. – György (1818–1892) és szirfalvi Bálint Borbála (1824–1887) leánya. Férje: bebenburgi br. Karg János (Bodenbach Teschen, Cseho., 1859. szept. 8. – Darlac, 1934. jan. 4). Esküvő: Marosugra, 1891. nov. 7. – Nagykiterjedésű földbirtokai voltak, többek között, Darlacon és Jövedicsen (198 hold), amelyből a földosztáskor elvettek és kiosztottak 348 holdat (1922. jún. 22.). Azelőtt a jövedicsi és darlaci birtokai haszonbérbe voltak adva (1908–18). <br /><strong>Irod.:</strong> Gudenus; Keresztes; Levéltári gyászj.</br></p>

<p>Marosugra, 1859. nov. 23. † Darlac, 1947. febr. 4.: földbirtokos. – György (1818–1892) és szirfalvi Bálint Borbála (1824–1887) leánya. Férje: bebenburgi br. Karg János (Bodenbach Teschen, Cseho., 1859. szept. 8. – Darlac, 1934. jan. 4). Esküvő: Marosugra, 1891. nov. 7. – Nagykiterjedésű földbirtokai voltak, többek között, Darlacon és Jövedicsen (198 hold), amelyből a földosztáskor elvettek [&hellip;]</p>
