{"id":9502,"date":"2025-06-29T12:47:00","date_gmt":"2025-06-29T10:47:00","guid":{"rendered":"https:\/\/uj.adatbank.ro\/lexikon\/termek\/haller-borbala-hallerkoi-br-feheregyhazi-csaky-istvanne-bornemisza-janosne\/"},"modified":"2025-06-29T12:47:00","modified_gmt":"2025-06-29T10:47:00","slug":"haller-borbala-hallerkoi-br-feheregyhazi-csaky-istvanne-bornemisza-janosne","status":"publish","type":"product","link":"https:\/\/uj.adatbank.ro\/lexikon\/termek\/haller-borbala-hallerkoi-br-feheregyhazi-csaky-istvanne-bornemisza-janosne\/","title":{"rendered":"HALLER Borb\u00e1la, hallerk\u0151i br, feh\u00e9regyh\u00e1zi, Cs\u00e1ky Istv\u00e1nn\u00e9, Bornemisza J\u00e1nosn\u00e9"},"content":{"rendered":"<p>1691., \u2020 1733.: birtokos. \u2013 H. Istv\u00e1n (1658\u20131710) \u00e9s csics\u00f3kereszt\u00fari Torma Borb\u00e1la le\u00e1nya (1670\u201397). Ferje: 1. k\u0151r\u00f6sszegi \u00e9s adorj\u00e1ni gr. Cs\u00e1ky Istv\u00e1n (1667\u20131720) (edk. 1708\u2013), 2. k\u00e1szonni br. Bornemisza J\u00e1nos J\u00f3zsef (1672\u20131742), kancell\u00e1r ( esk. 1722). Gyermekei 2. f\u00e9rj\u00e9t\u0151l Ferenc, K\u00e1roly, Kriszti\u00e1n, Cordula, P\u00e1l (1730\u20131770) <br \/><strong>Irod.:<\/strong> \u00c1rva Bethlen K.<\/br><\/p>\n","protected":false},"excerpt":{"rendered":"<p>1691., \u2020 1733.: birtokos. \u2013 H. Istv\u00e1n (1658\u20131710) \u00e9s csics\u00f3kereszt\u00fari Torma Borb\u00e1la le\u00e1nya (1670\u201397). Ferje: 1. k\u0151r\u00f6sszegi \u00e9s adorj\u00e1ni gr. Cs\u00e1ky Istv\u00e1n (1667\u20131720) (edk. 1708\u2013), 2. k\u00e1szonni br. Bornemisza J\u00e1nos J\u00f3zsef (1672\u20131742), kancell\u00e1r ( esk. 1722). Gyermekei 2. f\u00e9rj\u00e9t\u0151l Ferenc, K\u00e1roly, Kriszti\u00e1n, Cordula, P\u00e1l (1730\u20131770) Irod.: \u00c1rva Bethlen K.<\/p>\n","protected":false},"featured_media":0,"comment_status":"open","ping_status":"closed","template":"","meta":[],"product_brand":[],"product_cat":[137],"product_tag":[],"class_list":{"0":"post-9502","1":"product","2":"type-product","3":"status-publish","5":"product_cat-maros-megyei-eletrajzi-lexikon","7":"first","8":"instock","9":"shipping-taxable","10":"product-type-simple"},"_links":{"self":[{"href":"https:\/\/uj.adatbank.ro\/lexikon\/wp-json\/wp\/v2\/product\/9502","targetHints":{"allow":["GET"]}}],"collection":[{"href":"https:\/\/uj.adatbank.ro\/lexikon\/wp-json\/wp\/v2\/product"}],"about":[{"href":"https:\/\/uj.adatbank.ro\/lexikon\/wp-json\/wp\/v2\/types\/product"}],"replies":[{"embeddable":true,"href":"https:\/\/uj.adatbank.ro\/lexikon\/wp-json\/wp\/v2\/comments?post=9502"}],"wp:attachment":[{"href":"https:\/\/uj.adatbank.ro\/lexikon\/wp-json\/wp\/v2\/media?parent=9502"}],"wp:term":[{"taxonomy":"product_brand","embeddable":true,"href":"https:\/\/uj.adatbank.ro\/lexikon\/wp-json\/wp\/v2\/product_brand?post=9502"},{"taxonomy":"product_cat","embeddable":true,"href":"https:\/\/uj.adatbank.ro\/lexikon\/wp-json\/wp\/v2\/product_cat?post=9502"},{"taxonomy":"product_tag","embeddable":true,"href":"https:\/\/uj.adatbank.ro\/lexikon\/wp-json\/wp\/v2\/product_tag?post=9502"}],"curies":[{"name":"wp","href":"https:\/\/api.w.org\/{rel}","templated":true}]}}

HALLER Borbála, hallerkői br, fehéregyházi, Csáky Istvánné, Bornemisza Jánosné

<p>1691., † 1733.: birtokos. – H. István (1658–1710) és csicsókeresztúri Torma Borbála leánya (1670–97). Ferje: 1. kőrösszegi és adorjáni gr. Csáky István (1667–1720) (edk. 1708–), 2. kászonni br. Bornemisza János József (1672–1742), kancellár ( esk. 1722). Gyermekei 2. férjétől Ferenc, Károly, Krisztián, Cordula, Pál (1730–1770) <br /><strong>Irod.:</strong> Árva Bethlen K.</br></p>

<p>1691., † 1733.: birtokos. – H. István (1658–1710) és csicsókeresztúri Torma Borbála leánya (1670–97). Ferje: 1. kőrösszegi és adorjáni gr. Csáky István (1667–1720) (edk. 1708–), 2. kászonni br. Bornemisza János József (1672–1742), kancellár ( esk. 1722). Gyermekei 2. férjétől Ferenc, Károly, Krisztián, Cordula, Pál (1730–1770) Irod.: Árva Bethlen K.</p>
