{"id":9503,"date":"2025-06-29T12:47:02","date_gmt":"2025-06-29T10:47:02","guid":{"rendered":"https:\/\/uj.adatbank.ro\/lexikon\/termek\/haller-borbala-hallerkoi-gr-feheregyhazi-ag-teleki-palne\/"},"modified":"2025-06-29T12:47:02","modified_gmt":"2025-06-29T10:47:02","slug":"haller-borbala-hallerkoi-gr-feheregyhazi-ag-teleki-palne","status":"publish","type":"product","link":"https:\/\/uj.adatbank.ro\/lexikon\/termek\/haller-borbala-hallerkoi-gr-feheregyhazi-ag-teleki-palne\/","title":{"rendered":"HALLER Borb\u00e1la, hallerk\u0151i gr, feh\u00e9regyh\u00e1zi \u00e1g, Teleki P\u00e1ln\u00e9"},"content":{"rendered":"<p>\u00c1rokalja, 1719. szept. 11., \u2020 1770. febr. 6.: birtokos. \u2013 H. L\u00e1szl\u00f3 (1697\u20131719) \u00e9s gr. \u00c1rva Bethlen Kata (1700\u20131759) le\u00e1nya. Sz\u00e9ki gr. Teleki P\u00e1l (1719\u20131773) feles\u00e9ge (esk. 1740.). Gyermekei: Anna Thoroczkay Gergelyn\u00e9 majd Oszman Vilmosn\u00e9, M\u00e1ria Jozefa J\u00f3sika Antaln\u00e9, Mih\u00e1ly (\u2020 1793), Ferenc (\u2020 1808), P\u00e1l (\u2020 1794), Tam\u00e1s. \u2013 Csillakkeresztes h\u00f6lgy. <br \/><strong>Irod.:<\/strong> \u00c1rva Bethlen K.; Gudenus; Nagy Iv\u00e1n<\/br><\/p>\n","protected":false},"excerpt":{"rendered":"<p>\u00c1rokalja, 1719. szept. 11., \u2020 1770. febr. 6.: birtokos. \u2013 H. L\u00e1szl\u00f3 (1697\u20131719) \u00e9s gr. \u00c1rva Bethlen Kata (1700\u20131759) le\u00e1nya. Sz\u00e9ki gr. Teleki P\u00e1l (1719\u20131773) feles\u00e9ge (esk. 1740.). Gyermekei: Anna Thoroczkay Gergelyn\u00e9 majd Oszman Vilmosn\u00e9, M\u00e1ria Jozefa J\u00f3sika Antaln\u00e9, Mih\u00e1ly (\u2020 1793), Ferenc (\u2020 1808), P\u00e1l (\u2020 1794), Tam\u00e1s. \u2013 Csillakkeresztes h\u00f6lgy. Irod.: \u00c1rva Bethlen [&hellip;]<\/p>\n","protected":false},"featured_media":0,"comment_status":"open","ping_status":"closed","template":"","meta":[],"product_brand":[],"product_cat":[137],"product_tag":[],"class_list":{"0":"post-9503","1":"product","2":"type-product","3":"status-publish","5":"product_cat-maros-megyei-eletrajzi-lexikon","7":"first","8":"instock","9":"shipping-taxable","10":"product-type-simple"},"_links":{"self":[{"href":"https:\/\/uj.adatbank.ro\/lexikon\/wp-json\/wp\/v2\/product\/9503","targetHints":{"allow":["GET"]}}],"collection":[{"href":"https:\/\/uj.adatbank.ro\/lexikon\/wp-json\/wp\/v2\/product"}],"about":[{"href":"https:\/\/uj.adatbank.ro\/lexikon\/wp-json\/wp\/v2\/types\/product"}],"replies":[{"embeddable":true,"href":"https:\/\/uj.adatbank.ro\/lexikon\/wp-json\/wp\/v2\/comments?post=9503"}],"wp:attachment":[{"href":"https:\/\/uj.adatbank.ro\/lexikon\/wp-json\/wp\/v2\/media?parent=9503"}],"wp:term":[{"taxonomy":"product_brand","embeddable":true,"href":"https:\/\/uj.adatbank.ro\/lexikon\/wp-json\/wp\/v2\/product_brand?post=9503"},{"taxonomy":"product_cat","embeddable":true,"href":"https:\/\/uj.adatbank.ro\/lexikon\/wp-json\/wp\/v2\/product_cat?post=9503"},{"taxonomy":"product_tag","embeddable":true,"href":"https:\/\/uj.adatbank.ro\/lexikon\/wp-json\/wp\/v2\/product_tag?post=9503"}],"curies":[{"name":"wp","href":"https:\/\/api.w.org\/{rel}","templated":true}]}}