{"id":9505,"date":"2025-06-29T12:47:06","date_gmt":"2025-06-29T10:47:06","guid":{"rendered":"https:\/\/uj.adatbank.ro\/lexikon\/termek\/haller-ferenc-hallerkeoi-gr-feheregyhazi-ag\/"},"modified":"2025-06-29T12:47:06","modified_gmt":"2025-06-29T10:47:06","slug":"haller-ferenc-hallerkeoi-gr-feheregyhazi-ag","status":"publish","type":"product","link":"https:\/\/uj.adatbank.ro\/lexikon\/termek\/haller-ferenc-hallerkeoi-gr-feheregyhazi-ag\/","title":{"rendered":"HALLER Ferenc, hallerke\u0151i gr. feh\u00e9regyh\u00e1zi \u00e1g"},"content":{"rendered":"<p>Feh\u00e9regyh\u00e1za, 1815. aug. 10., \u2020 Feh\u00e9regyh\u00e1za, 1893. m\u00e1j. 16.: feh\u00e9regyh\u00e1zi f\u0151nemes, f\u0151isp\u00e1n. \u2013 H. J\u00e1nos (1774\u20131843) \u00e9s Kleisch Zsuzsanna (1785\u20131866) fia. Feles\u00e9ge: Baruch Elise. Gyermekeik: Louise \/ Lujza (\u2020 1909), Pet\u0151fi m\u00fazeum alap\u00edt\u00f3; Irma M\u00e1ria (1849\u20131922); Ilona (1851\u20131935). \u2013 Kufsteinban raboskodott az \u00f6nk\u00e9nyuralom idej\u00e9n (1857). Hazat\u00e9r\u00e9se ut\u00e1n megpr\u00f3b\u00e1lja \u00fajj\u00e1\u00e9p\u00edteni felperzselt, kifosztott feh\u00e9regyh\u00e1zi kast\u00e9ly\u00e1t. Hamarosan Fels\u00f4-Feh\u00e9r megye \u00e9s Udvarhelysz\u00e9k Honv\u00e9dseg\u00e9lyz\u0151 Egylet\u00e9nek \u00e9l\u00e9re v\u00e1lasztott\u00e1k. Fels\u0151-Feh\u00e9r megye f\u0151ib\u00edr\u00e1ja (1868), k\u00e9s\u0151bb f\u0151isp\u00e1n. A feh\u00e9regyh\u00e1zi csat\u00e1ban elhunytak eml\u00e9k\u00e9t \u00e1polta, Pet\u0151fi-relikvi\u00e1kat gy\u0171jt\u00f6tt. Isp\u00e1nj\u00e1val beker\u00edttette a h\u00e1rmas t\u00f6megs\u00edrt \u00e9s h\u00e1rsakat \u00fcltetett oda (1867). Eln\u00f6klet\u00e9vel Erzs\u00e9betv\u00e1roson Pet\u0151fi Eml\u00e9kegylet alakult, eml\u00e9koszlop \u00e9p\u00edt\u00e9se c\u00e9lj\u00e1b\u00f3l gy\u0171jt\u00e9st szervezett (1868). Betegs\u00e9ge miatt lemondott eln\u00f6ki tiszt\u00e9r\u0151l (1887). Bethlen G\u00e1bor vette \u00e1t a munk\u00e1j\u00e1t, egyik\u00fck sem \u00e9rte meg a turulos obeliszk fel\u00e1ll\u00edt\u00e1s\u00e1t (1897). <br \/><strong>Irod.:<\/strong> E\u00f6tv\u00f6s K\u00e1roly: Fej\u00e9regyh\u00e1zi sas (N\u00fa., 1999. m\u00e1rc. 26.); M\u00e1th\u00e9 Attila: M\u00e9g egyszer Pet\u0151fi-falv\u00e1r\u00f3l azaz Feh\u00e9regyh\u00e1z\u00e1r\u00f3l (N\u00fa, 2000. aug. 9); Fodor Ferenc: Vil\u00e1gost\u00f3l Trianonig (Bp., 1925); Gudenus; Haller J\u00e1nos: Hallerk\u0151i Haller gr\u00f3fok feh\u00e9regyh\u00e1zi \u00e1g\u00e1b\u00f3l sz\u00e1rmaz\u00f3 Haller Ferenc \u00e9s J\u00f3zsef gr\u00f3fok t\u00f6rv\u00e9nyes sz\u00e1rmaz\u00e1sa. (Bp., 1898); Mik\u00f3 Imre: Nemzetis\u00e9gi jog \u00e9s nemzetis\u00e9gi politika (Kv., 1944); MMA; Okm\u00e1nyt\u00e1r Fels\u0151feh\u00e9r v. megye jeleni alkotm\u00e1nyos korszak\u00e1b\u00f3l (Bp., 1868); Az OMGE \u00e1ltal Bp.-en 1881. okt. 15\u201318 megtartott gy\u00fcm\u00f6lcs \u00e9s konyhakerti ki\u00e1ll\u00edt\u00e1s catalogusa (Bp., 1881), \u00dcrm\u00f6ssy Lajos: Tizenh\u00e9t \u00e9v Erd\u00e9ly t\u00f6rt\u00e9net\u00e9b\u0151l (Temesv\u00e1r, 1894)<\/br><\/p>\n","protected":false},"excerpt":{"rendered":"<p>Feh\u00e9regyh\u00e1za, 1815. aug. 10., \u2020 Feh\u00e9regyh\u00e1za, 1893. m\u00e1j. 16.: feh\u00e9regyh\u00e1zi f\u0151nemes, f\u0151isp\u00e1n. \u2013 H. J\u00e1nos (1774\u20131843) \u00e9s Kleisch Zsuzsanna (1785\u20131866) fia. Feles\u00e9ge: Baruch Elise. Gyermekeik: Louise \/ Lujza (\u2020 1909), Pet\u0151fi m\u00fazeum alap\u00edt\u00f3; Irma M\u00e1ria (1849\u20131922); Ilona (1851\u20131935). \u2013 Kufsteinban raboskodott az \u00f6nk\u00e9nyuralom idej\u00e9n (1857). Hazat\u00e9r\u00e9se ut\u00e1n megpr\u00f3b\u00e1lja \u00fajj\u00e1\u00e9p\u00edteni felperzselt, kifosztott feh\u00e9regyh\u00e1zi kast\u00e9ly\u00e1t. Hamarosan Fels\u00f4-Feh\u00e9r [&hellip;]<\/p>\n","protected":false},"featured_media":0,"comment_status":"open","ping_status":"closed","template":"","meta":[],"product_brand":[],"product_cat":[137],"product_tag":[],"class_list":{"0":"post-9505","1":"product","2":"type-product","3":"status-publish","5":"product_cat-maros-megyei-eletrajzi-lexikon","7":"first","8":"instock","9":"shipping-taxable","10":"product-type-simple"},"_links":{"self":[{"href":"https:\/\/uj.adatbank.ro\/lexikon\/wp-json\/wp\/v2\/product\/9505","targetHints":{"allow":["GET"]}}],"collection":[{"href":"https:\/\/uj.adatbank.ro\/lexikon\/wp-json\/wp\/v2\/product"}],"about":[{"href":"https:\/\/uj.adatbank.ro\/lexikon\/wp-json\/wp\/v2\/types\/product"}],"replies":[{"embeddable":true,"href":"https:\/\/uj.adatbank.ro\/lexikon\/wp-json\/wp\/v2\/comments?post=9505"}],"wp:attachment":[{"href":"https:\/\/uj.adatbank.ro\/lexikon\/wp-json\/wp\/v2\/media?parent=9505"}],"wp:term":[{"taxonomy":"product_brand","embeddable":true,"href":"https:\/\/uj.adatbank.ro\/lexikon\/wp-json\/wp\/v2\/product_brand?post=9505"},{"taxonomy":"product_cat","embeddable":true,"href":"https:\/\/uj.adatbank.ro\/lexikon\/wp-json\/wp\/v2\/product_cat?post=9505"},{"taxonomy":"product_tag","embeddable":true,"href":"https:\/\/uj.adatbank.ro\/lexikon\/wp-json\/wp\/v2\/product_tag?post=9505"}],"curies":[{"name":"wp","href":"https:\/\/api.w.org\/{rel}","templated":true}]}}

HALLER Ferenc, hallerkeői gr. fehéregyházi ág

<p>Fehéregyháza, 1815. aug. 10., † Fehéregyháza, 1893. máj. 16.: fehéregyházi főnemes, főispán. – H. János (1774–1843) és Kleisch Zsuzsanna (1785–1866) fia. Felesége: Baruch Elise. Gyermekeik: Louise / Lujza († 1909), Petőfi múzeum alapító; Irma Mária (1849–1922); Ilona (1851–1935). – Kufsteinban raboskodott az önkényuralom idején (1857). Hazatérése után megpróbálja újjáépíteni felperzselt, kifosztott fehéregyházi kastélyát. Hamarosan Felsô-Fehér megye és Udvarhelyszék Honvédsegélyző Egyletének élére választották. Felső-Fehér megye főibírája (1868), később főispán. A fehéregyházi csatában elhunytak emlékét ápolta, Petőfi-relikviákat gyűjtött. Ispánjával bekeríttette a hármas tömegsírt és hársakat ültetett oda (1867). Elnökletével Erzsébetvároson Petőfi Emlékegylet alakult, emlékoszlop építése céljából gyűjtést szervezett (1868). Betegsége miatt lemondott elnöki tisztéről (1887). Bethlen Gábor vette át a munkáját, egyikük sem érte meg a turulos obeliszk felállítását (1897). <br /><strong>Irod.:</strong> Eötvös Károly: Fejéregyházi sas (Nú., 1999. márc. 26.); Máthé Attila: Még egyszer Petőfi-falváról azaz Fehéregyházáról (Nú, 2000. aug. 9); Fodor Ferenc: Világostól Trianonig (Bp., 1925); Gudenus; Haller János: Hallerkői Haller grófok fehéregyházi ágából származó Haller Ferenc és József grófok törvényes származása. (Bp., 1898); Mikó Imre: Nemzetiségi jog és nemzetiségi politika (Kv., 1944); MMA; Okmánytár Felsőfehér v. megye jeleni alkotmányos korszakából (Bp., 1868); Az OMGE által Bp.-en 1881. okt. 15–18 megtartott gyümölcs és konyhakerti kiállítás catalogusa (Bp., 1881), Ürmössy Lajos: Tizenhét év Erdély történetéből (Temesvár, 1894)</br></p>

<p>Fehéregyháza, 1815. aug. 10., † Fehéregyháza, 1893. máj. 16.: fehéregyházi főnemes, főispán. – H. János (1774–1843) és Kleisch Zsuzsanna (1785–1866) fia. Felesége: Baruch Elise. Gyermekeik: Louise / Lujza († 1909), Petőfi múzeum alapító; Irma Mária (1849–1922); Ilona (1851–1935). – Kufsteinban raboskodott az önkényuralom idején (1857). Hazatérése után megpróbálja újjáépíteni felperzselt, kifosztott fehéregyházi kastélyát. Hamarosan Felsô-Fehér [&hellip;]</p>
