{"id":9508,"date":"2025-06-29T12:47:15","date_gmt":"2025-06-29T10:47:15","guid":{"rendered":"https:\/\/uj.adatbank.ro\/lexikon\/termek\/haller-franciska-hallerkoi-gr-feheregyhazi-ag-haller-jenone\/"},"modified":"2025-06-29T12:47:15","modified_gmt":"2025-06-29T10:47:15","slug":"haller-franciska-hallerkoi-gr-feheregyhazi-ag-haller-jenone","status":"publish","type":"product","link":"https:\/\/uj.adatbank.ro\/lexikon\/termek\/haller-franciska-hallerkoi-gr-feheregyhazi-ag-haller-jenone\/","title":{"rendered":"HALLER Franciska, hallerk\u0151i gr., feh\u00e9regyh\u00e1zi \u00e1g. Haller Jen\u0151n\u00e9"},"content":{"rendered":"<p>Marosugra, 1856. j\u00fan. 8., \u2020 Darlacz, 1916. j\u00fan. 1.: f\u00f6ldbirtokos. \u2013 Gy\u00f6rgy(1818\u20131892) \u00e9s szirfalvi B\u00e1lint Borb\u00e1la (1824\u20131887) fia. F\u00e9rjhez ment Marosugr\u00e1n Haller Jen\u0151 (1843\u20131989) cs. k. titk. tan. K\u00fck\u00fcll\u0151 vm. f\u0151isp\u00e1nj\u00e1hoz (1874. szept. 12). Az \u0151 r\u00e9v\u00e9n a k\u00fck\u00fcll\u0151v\u00e1ri uradalom \u00e1tsz\u00e1rmazott a Hallerek feh\u00e9regyh\u00e1zi f\u0151\u00e1g\u00e1ra. <br \/><strong>Irod.:<\/strong> Bicsok-Orb\u00e1n; Gudenus; Keresztes<\/br><\/p>\n","protected":false},"excerpt":{"rendered":"<p>Marosugra, 1856. j\u00fan. 8., \u2020 Darlacz, 1916. j\u00fan. 1.: f\u00f6ldbirtokos. \u2013 Gy\u00f6rgy(1818\u20131892) \u00e9s szirfalvi B\u00e1lint Borb\u00e1la (1824\u20131887) fia. F\u00e9rjhez ment Marosugr\u00e1n Haller Jen\u0151 (1843\u20131989) cs. k. titk. tan. K\u00fck\u00fcll\u0151 vm. f\u0151isp\u00e1nj\u00e1hoz (1874. szept. 12). Az \u0151 r\u00e9v\u00e9n a k\u00fck\u00fcll\u0151v\u00e1ri uradalom \u00e1tsz\u00e1rmazott a Hallerek feh\u00e9regyh\u00e1zi f\u0151\u00e1g\u00e1ra. Irod.: Bicsok-Orb\u00e1n; Gudenus; Keresztes<\/p>\n","protected":false},"featured_media":0,"comment_status":"open","ping_status":"closed","template":"","meta":[],"product_brand":[],"product_cat":[137],"product_tag":[],"class_list":{"0":"post-9508","1":"product","2":"type-product","3":"status-publish","5":"product_cat-maros-megyei-eletrajzi-lexikon","7":"first","8":"instock","9":"shipping-taxable","10":"product-type-simple"},"_links":{"self":[{"href":"https:\/\/uj.adatbank.ro\/lexikon\/wp-json\/wp\/v2\/product\/9508","targetHints":{"allow":["GET"]}}],"collection":[{"href":"https:\/\/uj.adatbank.ro\/lexikon\/wp-json\/wp\/v2\/product"}],"about":[{"href":"https:\/\/uj.adatbank.ro\/lexikon\/wp-json\/wp\/v2\/types\/product"}],"replies":[{"embeddable":true,"href":"https:\/\/uj.adatbank.ro\/lexikon\/wp-json\/wp\/v2\/comments?post=9508"}],"wp:attachment":[{"href":"https:\/\/uj.adatbank.ro\/lexikon\/wp-json\/wp\/v2\/media?parent=9508"}],"wp:term":[{"taxonomy":"product_brand","embeddable":true,"href":"https:\/\/uj.adatbank.ro\/lexikon\/wp-json\/wp\/v2\/product_brand?post=9508"},{"taxonomy":"product_cat","embeddable":true,"href":"https:\/\/uj.adatbank.ro\/lexikon\/wp-json\/wp\/v2\/product_cat?post=9508"},{"taxonomy":"product_tag","embeddable":true,"href":"https:\/\/uj.adatbank.ro\/lexikon\/wp-json\/wp\/v2\/product_tag?post=9508"}],"curies":[{"name":"wp","href":"https:\/\/api.w.org\/{rel}","templated":true}]}}

HALLER Franciska, hallerkői gr., fehéregyházi ág. Haller Jenőné

<p>Marosugra, 1856. jún. 8., † Darlacz, 1916. jún. 1.: földbirtokos. – György(1818–1892) és szirfalvi Bálint Borbála (1824–1887) fia. Férjhez ment Marosugrán Haller Jenő (1843–1989) cs. k. titk. tan. Küküllő vm. főispánjához (1874. szept. 12). Az ő révén a küküllővári uradalom átszármazott a Hallerek fehéregyházi főágára. <br /><strong>Irod.:</strong> Bicsok-Orbán; Gudenus; Keresztes</br></p>

<p>Marosugra, 1856. jún. 8., † Darlacz, 1916. jún. 1.: földbirtokos. – György(1818–1892) és szirfalvi Bálint Borbála (1824–1887) fia. Férjhez ment Marosugrán Haller Jenő (1843–1989) cs. k. titk. tan. Küküllő vm. főispánjához (1874. szept. 12). Az ő révén a küküllővári uradalom átszármazott a Hallerek fehéregyházi főágára. Irod.: Bicsok-Orbán; Gudenus; Keresztes</p>
