{"id":9511,"date":"2025-06-29T12:47:35","date_gmt":"2025-06-29T10:47:35","guid":{"rendered":"https:\/\/uj.adatbank.ro\/lexikon\/termek\/haller-gabor-hallerkoi-br-szentpali-ag\/"},"modified":"2025-06-29T12:47:35","modified_gmt":"2025-06-29T10:47:35","slug":"haller-gabor-hallerkoi-br-szentpali-ag","status":"publish","type":"product","link":"https:\/\/uj.adatbank.ro\/lexikon\/termek\/haller-gabor-hallerkoi-br-szentpali-ag\/","title":{"rendered":"HALLER G\u00e1bor, hallerk\u0151i br., szentp\u00e1li \u00e1g"},"content":{"rendered":"<p>1685., \u2020 Kv., 1723. nov. 27., a kv.-i \u00f3v\u00e1rosi, majd a ferences templomban, v\u00e9g\u00fcl a jezsuita templomban helyezt\u00e9k v\u00e9gs\u0151 nyugalomra. K\u00e9s\u0151bb feles\u00e9g\u00e9t is mell\u00e9 helyezt\u00e9k: az erd\u00e9lyi kir. t\u00f6rv\u00e9nysz\u00e9k \u00fcln\u00f6ke, a kir. t\u00e1bla eln\u00f6ke. \u2013 H. Istv\u00e1n (1658\u20131711) \u00e9s Kem\u00e9ny M\u00e1ria (\u2020 1685) fia. Feles\u00e9ge: nagyk\u00e1rolyi gr. K\u00e1rolyi Kl\u00e1ra (1697. aug. 2. \u2013 Szentp\u00e1l, 1749.). feln\u0151tt\u00e9 v\u00e1lt gyermekeik: Istv\u00e1n (1715\u20131756), L\u00e1szl\u00f3 (1717\u20131751) az ugrai \u00e1g alap\u00edt\u00f3ja, G\u00e1bor (1718\u20131784) a szentp\u00e1li \u00e1g alap\u00edt\u00f3ja, S\u00e1ndor, J\u00falia, M\u00e1ria-Cecilia. N\u00e9gy fi\u00e1t, hal\u00e1la ut\u00e1n, feles\u00e9ge apja seg\u00edts\u00e9g\u00e9vel, K\u00e1rolyi S\u00e1ndorral nevelte. Ifj\u00fas\u00e1g\u00e1t \u00e9s nevel\u00e9s\u00e9t megszak\u00edtotta a R\u00e1k\u00f3czi-f\u00e9le szabads\u00e1gharc. A kurucokkal szimpatiz\u00e1lt. Ez ellent\u00e9tben \u00e1llt apja Habsburg- h\u0171s\u00e9g\u00e9vel. A csal\u00e1d Szebenbe h\u00faz\u00f3dott meg, ahonnan megsz\u00f6k\u00f6tt Bethlen Elekkel (1705. okt. 6.), \u00e9s a kurucokhoz csatlakozott, a Nemes Komp\u00e1nia z\u00e1szl\u00f3tart\u00f3ja, kapit\u00e1nya lett. A Mv.-re \u00e9rkez\u0151 II. R\u00e1k\u00f3czi Ferencet fogad\u00f3k egyike (1707. \u00e1pr. 5.). A szabads\u00e1gharc lever\u00e9se ut\u00e1n, f\u00e9lret\u00e9ve kuruc m\u00faltj\u00e1t, a Kir\u00e1lyi T\u00e1bla eln\u00f6ke lett (1715\u2013). A mv.-i r. k. templom \u00e9p\u00edt\u00e9s\u00e9hez biztos\u00edtotta az \u00e9p\u00edt\u0151anyagot, faragott k\u00f6veket adom\u00e1nyozott (1722\u2013). Korai hal\u00e1la Kv.-on \u00e9rte. Kerel\u0151szentp\u00e1lon van egy barokk Haller-kast\u00e9ly (17. sz.-i.). Feles\u00e9ge, K\u00e1rolyi Kl\u00e1ra a csal\u00e1dnak s\u00edrk\u00e1poln\u00e1t \u00e9p\u00edtetett (1745\u201360) a temet\u0151ben \u201eA\u201d kateg\u00f3ri\u00e1ba tartoz\u00f3 m\u0171eml\u00e9k, sok sz\u00e9p s\u00edrk\u0151vel (18. sz.). <br \/><strong>Irod.:<\/strong> \u00c1ll\u00f3- \u00e9s mozg\u00f3k\u00e9pek; \u00c1rva Bethlen K.; Ferenczi S\u00e1ndor 2012; Gudenus; Harmath-K\u00e1lm\u00e1n; Keresztes Gyula: A kerel\u0151szentp\u00e1li templom \u00e9s k\u00e1polna (N\u00fa., 1998. aug. 29.); Keresztese Gyula: A hajdani Mv. 7.: A v\u00e1ros r\u00e9gi \u00e9p\u00fcletei (N\u00fa., 1995. nov. 25.); L\u00e9sty\u00e1n \u2013 templomok 2.; M. t\u00f6rt. \u00e9vk. napl\u00f3k. 3.; Mv.-i Pl\u00e9b\u00e1nia; Tr\u00f3cs\u00e1nyi 1988<\/br><\/p>\n","protected":false},"excerpt":{"rendered":"<p>1685., \u2020 Kv., 1723. nov. 27., a kv.-i \u00f3v\u00e1rosi, majd a ferences templomban, v\u00e9g\u00fcl a jezsuita templomban helyezt\u00e9k v\u00e9gs\u0151 nyugalomra. K\u00e9s\u0151bb feles\u00e9g\u00e9t is mell\u00e9 helyezt\u00e9k: az erd\u00e9lyi kir. t\u00f6rv\u00e9nysz\u00e9k \u00fcln\u00f6ke, a kir. t\u00e1bla eln\u00f6ke. \u2013 H. Istv\u00e1n (1658\u20131711) \u00e9s Kem\u00e9ny M\u00e1ria (\u2020 1685) fia. Feles\u00e9ge: nagyk\u00e1rolyi gr. K\u00e1rolyi Kl\u00e1ra (1697. aug. 2. \u2013 Szentp\u00e1l, 1749.). [&hellip;]<\/p>\n","protected":false},"featured_media":0,"comment_status":"open","ping_status":"closed","template":"","meta":[],"product_brand":[],"product_cat":[137],"product_tag":[],"class_list":{"0":"post-9511","1":"product","2":"type-product","3":"status-publish","5":"product_cat-maros-megyei-eletrajzi-lexikon","7":"first","8":"instock","9":"shipping-taxable","10":"product-type-simple"},"_links":{"self":[{"href":"https:\/\/uj.adatbank.ro\/lexikon\/wp-json\/wp\/v2\/product\/9511","targetHints":{"allow":["GET"]}}],"collection":[{"href":"https:\/\/uj.adatbank.ro\/lexikon\/wp-json\/wp\/v2\/product"}],"about":[{"href":"https:\/\/uj.adatbank.ro\/lexikon\/wp-json\/wp\/v2\/types\/product"}],"replies":[{"embeddable":true,"href":"https:\/\/uj.adatbank.ro\/lexikon\/wp-json\/wp\/v2\/comments?post=9511"}],"wp:attachment":[{"href":"https:\/\/uj.adatbank.ro\/lexikon\/wp-json\/wp\/v2\/media?parent=9511"}],"wp:term":[{"taxonomy":"product_brand","embeddable":true,"href":"https:\/\/uj.adatbank.ro\/lexikon\/wp-json\/wp\/v2\/product_brand?post=9511"},{"taxonomy":"product_cat","embeddable":true,"href":"https:\/\/uj.adatbank.ro\/lexikon\/wp-json\/wp\/v2\/product_cat?post=9511"},{"taxonomy":"product_tag","embeddable":true,"href":"https:\/\/uj.adatbank.ro\/lexikon\/wp-json\/wp\/v2\/product_tag?post=9511"}],"curies":[{"name":"wp","href":"https:\/\/api.w.org\/{rel}","templated":true}]}}

HALLER Gábor, hallerkői br., szentpáli ág

<p>1685., † Kv., 1723. nov. 27., a kv.-i óvárosi, majd a ferences templomban, végül a jezsuita templomban helyezték végső nyugalomra. Később feleségét is mellé helyezték: az erdélyi kir. törvényszék ülnöke, a kir. tábla elnöke. – H. István (1658–1711) és Kemény Mária († 1685) fia. Felesége: nagykárolyi gr. Károlyi Klára (1697. aug. 2. – Szentpál, 1749.). felnőtté vált gyermekeik: István (1715–1756), László (1717–1751) az ugrai ág alapítója, Gábor (1718–1784) a szentpáli ág alapítója, Sándor, Júlia, Mária-Cecilia. Négy fiát, halála után, felesége apja segítségével, Károlyi Sándorral nevelte. Ifjúságát és nevelését megszakította a Rákóczi-féle szabadságharc. A kurucokkal szimpatizált. Ez ellentétben állt apja Habsburg- hűségével. A család Szebenbe húzódott meg, ahonnan megszökött Bethlen Elekkel (1705. okt. 6.), és a kurucokhoz csatlakozott, a Nemes Kompánia zászlótartója, kapitánya lett. A Mv.-re érkező II. Rákóczi Ferencet fogadók egyike (1707. ápr. 5.). A szabadságharc leverése után, félretéve kuruc múltját, a Királyi Tábla elnöke lett (1715–). A mv.-i r. k. templom építéséhez biztosította az építőanyagot, faragott köveket adományozott (1722–). Korai halála Kv.-on érte. Kerelőszentpálon van egy barokk Haller-kastély (17. sz.-i.). Felesége, Károlyi Klára a családnak sírkápolnát építetett (1745–60) a temetőben „A” kategóriába tartozó műemlék, sok szép sírkővel (18. sz.). <br /><strong>Irod.:</strong> Álló- és mozgóképek; Árva Bethlen K.; Ferenczi Sándor 2012; Gudenus; Harmath-Kálmán; Keresztes Gyula: A kerelőszentpáli templom és kápolna (Nú., 1998. aug. 29.); Keresztese Gyula: A hajdani Mv. 7.: A város régi épületei (Nú., 1995. nov. 25.); Léstyán – templomok 2.; M. tört. évk. naplók. 3.; Mv.-i Plébánia; Trócsányi 1988</br></p>

<p>1685., † Kv., 1723. nov. 27., a kv.-i óvárosi, majd a ferences templomban, végül a jezsuita templomban helyezték végső nyugalomra. Később feleségét is mellé helyezték: az erdélyi kir. törvényszék ülnöke, a kir. tábla elnöke. – H. István (1658–1711) és Kemény Mária († 1685) fia. Felesége: nagykárolyi gr. Károlyi Klára (1697. aug. 2. – Szentpál, 1749.). [&hellip;]</p>
