{"id":9512,"date":"2025-06-29T12:47:39","date_gmt":"2025-06-29T10:47:39","guid":{"rendered":"https:\/\/uj.adatbank.ro\/lexikon\/termek\/haller-gabor-hallerkoi-gr-szentpali-ag\/"},"modified":"2025-06-29T12:47:39","modified_gmt":"2025-06-29T10:47:39","slug":"haller-gabor-hallerkoi-gr-szentpali-ag","status":"publish","type":"product","link":"https:\/\/uj.adatbank.ro\/lexikon\/termek\/haller-gabor-hallerkoi-gr-szentpali-ag\/","title":{"rendered":"HALLER G\u00e1bor, hallerk\u0151i gr. szentp\u00e1li \u00e1g"},"content":{"rendered":"<p>1718, \u2020 1784. nov. 21, temetve a szentp\u00e1li Haller kript\u00e1ba: t\u00e1bornok, guberniumi tan\u00e1csos, kir\u00e1lyi \u00e9tekfog\u00f3. \u2013 H. G\u00e1bor (1685\u20131723) \u00e9s K\u00e1rolyi Kl\u00e1ra (1697\u20131749) fia. Feles\u00e9ge: gr. Grassalkovich Anna M\u00e1ria (1736 \u2013 1806). Gyermekeik: J\u00f3zsef (1754\u20131823), Erzs\u00e9bet (1756\u20131814). Apja korai hal\u00e1la ut\u00e1n (1723) anyja, ill. nagyapja K\u00e1rolyi S\u00e1ndor gondoskod\u00e1sa alatt nevelkedett. M\u00e1r fiatal kor\u00e1ban kedv\u00e9t lelte a fegyverforgat\u00e1sban. Banja Luk\u00e1n\u00e1l r\u00e9szt vett az osztr\u00e1k-t\u00f6r\u00f6k h\u00e1bor\u00faban (1737\u201339), ahol az oszt\u00e1k hader\u0151 visszavonul\u00e1sra k\u00e9nyszer\u00fclt. Ennek a csod\u00e1s megmenek\u00fcl\u00e9snek az eml\u00e9k\u00e9re k\u00e9sz\u00edttette anyja a M\u00e1riacelli Sz\u0171z M\u00e1ria m\u00e1solat\u00e1t. P\u00e1lyafut\u00e1sa alatt t\u00e1bornoki rangig emelkedett. Guberniumi tan\u00e1csosi c\u00edmet is kapott. T\u00f6bbsz\u00f6r kapott megbizat\u00e1st Mv.-en a v\u00e1rosi polg\u00e1rs\u00e1g \u00e9s a v\u00e1ros vezet\u0151s\u00e9ge k\u00f6z\u00f6tt kirobbant visz\u00e1lyok lecsillap\u00edt\u00e1s\u00e1ra (1765\u201375). Mv. f\u0151inspectora-k\u00e9nt t\u00f6bbsz\u00f6r j\u00e1rt k\u00f6zbe a korm\u00e1nyn\u00e1l a v\u00e1ros \u00e9rdekeiben, de ha kellett, a v\u00e1rosi magisztr\u00e1tust is megdorg\u00e1lta. Javaslat\u00e1ra a magisztr\u00e1tus gondot ford\u00edtott a hidak karbantart\u00e1s\u00e1ra, \u00faj utc\u00e1kat nyitottak meg, a Poklos-patak medr\u00e9t \u00fajra\u00e1st\u00e1k, a jezsuit\u00e1k Szent Kir\u00e1ly utcai h\u00e1z\u00e1t l\u00e1bass\u00e1 alak\u00edtott\u00e1k. Anyja hal\u00e1la ut\u00e1n Kerel\u0151szentp\u00e1lon, a kor\u00e1bban a protest\u00e1nsokt\u00f3l visszavett, egyszer\u0171 templomot megmagas\u00edtott boltozattal, toronnyal, sekresty\u00e9vel, k\u00e9t \u00faj mell\u00e9kolt\u00e1rral, karzattal l\u00e1tta el (1775). A szentp\u00e1li templom m\u00e1sodik alap\u00edt\u00f3j\u00e1nak nevezhet\u0151. Ugyancsak Szentp\u00e1lon lebontatta a r\u00e9gi kast\u00e9lyt, \u00e9s a kor ig\u00e9nyeinek \u00e9s izl\u00e9s\u00e9nek megfelel\u0151 U alak\u00fa, XVI. Lajos st\u00edlus\u00fa kast\u00e9lyt \u00e9p\u00edttetett. Feles\u00e9g\u00fcl vette Grassalkovich Antal gr. le\u00e1ny\u00e1t, Ann\u00e1t (1754), akivel Hegyfalut \u00e9s annak birtokait csatolta a saj\u00e1tj\u00e1hoz. Feles\u00e9ge \u00f6szt\u00f6n\u00f6zte arra, h. birtokait egyre n\u00f6velje. Hal\u00e1la ut\u00e1n a vagyon Anna kez\u00e9re jutott. \u0150 \u00e9p\u00edtette \u00e1t \u00fajbarokk st\u00edlusban Kerel\u0151szentp\u00e1lon a kast\u00e9lyt (1740\u201360), mert az els\u0151 H. Istv\u00e1n \u00e1ltal \u00e9p\u00edtetett r\u00e9gi v\u00e1rkast\u00e9ly nagyon megrong\u00e1l\u00f3dott a R\u00e1k\u00f3czi szabads\u00e1gharc idej\u00e9n. Barokk modorban \u00e9p\u00fclt nagy kert vette k\u00f6r\u00fcl a kast\u00e9lyt (19. sz. elej\u00e9n), m\u00e1ra m\u00e1r teljesen megsemmis\u00fclt. A K\u00e1polna-dombon \u00e9p\u00edtette a csal\u00e1di kript\u00e1t, az Imola mauz\u00f3leumot (1740\u201360). F\u00e9ny\u0171z\u0151en rendezte be \u00e9s a kriptak\u00e1poln\u00e1ban elhelyezte az \u0151s\u00f6k s\u00edrk\u00f6veit. Az \u00e9p\u00fclet megrong\u00e1l\u00f3dott a h\u00e1bor\u00fa v\u00e9g\u00e9n (1944). Az \u00e1llamos\u00edt\u00e1skor a csal\u00e1dot kitelep\u00edtett\u00e9k (1949), a berendez\u00e9st ellopt\u00e1k, t\u00f6nkretett\u00e9k, az \u00e9p\u00fclet pusztul\u00f3f\u00e9lben. \u2013 Irod.: \u00c1ll\u00f3- \u00e9s mozg\u00f3k\u00e9pek; Bozac-Pavel; Fekete; Harmath-K\u00e1lm\u00e1n; Id\u0151t\u00e1r 1., 5 \/1.; Keresztes Gyula: A kerel\u0151szentp\u00e1li templom \u00e9s k\u00e1polna (N\u00fa., 1998. aug. 29.); L\u00e9sty\u00e1n \u2013 templomok 2.; Mv.-i Pl\u00e9b\u00e1nia; Nagy-Bod\u00f3 Tibor: A menthetetlenn\u00e9 v\u00e1l\u00f3 barokk kast\u00e9ly (N\u00fa., 2021. j\u00fan. 11.)<\/br><\/p>\n","protected":false},"excerpt":{"rendered":"<p>1718, \u2020 1784. nov. 21, temetve a szentp\u00e1li Haller kript\u00e1ba: t\u00e1bornok, guberniumi tan\u00e1csos, kir\u00e1lyi \u00e9tekfog\u00f3. \u2013 H. G\u00e1bor (1685\u20131723) \u00e9s K\u00e1rolyi Kl\u00e1ra (1697\u20131749) fia. Feles\u00e9ge: gr. Grassalkovich Anna M\u00e1ria (1736 \u2013 1806). Gyermekeik: J\u00f3zsef (1754\u20131823), Erzs\u00e9bet (1756\u20131814). Apja korai hal\u00e1la ut\u00e1n (1723) anyja, ill. nagyapja K\u00e1rolyi S\u00e1ndor gondoskod\u00e1sa alatt nevelkedett. M\u00e1r fiatal kor\u00e1ban kedv\u00e9t lelte [&hellip;]<\/p>\n","protected":false},"featured_media":0,"comment_status":"open","ping_status":"closed","template":"","meta":[],"product_brand":[],"product_cat":[137],"product_tag":[],"class_list":{"0":"post-9512","1":"product","2":"type-product","3":"status-publish","5":"product_cat-maros-megyei-eletrajzi-lexikon","7":"first","8":"instock","9":"shipping-taxable","10":"product-type-simple"},"_links":{"self":[{"href":"https:\/\/uj.adatbank.ro\/lexikon\/wp-json\/wp\/v2\/product\/9512","targetHints":{"allow":["GET"]}}],"collection":[{"href":"https:\/\/uj.adatbank.ro\/lexikon\/wp-json\/wp\/v2\/product"}],"about":[{"href":"https:\/\/uj.adatbank.ro\/lexikon\/wp-json\/wp\/v2\/types\/product"}],"replies":[{"embeddable":true,"href":"https:\/\/uj.adatbank.ro\/lexikon\/wp-json\/wp\/v2\/comments?post=9512"}],"wp:attachment":[{"href":"https:\/\/uj.adatbank.ro\/lexikon\/wp-json\/wp\/v2\/media?parent=9512"}],"wp:term":[{"taxonomy":"product_brand","embeddable":true,"href":"https:\/\/uj.adatbank.ro\/lexikon\/wp-json\/wp\/v2\/product_brand?post=9512"},{"taxonomy":"product_cat","embeddable":true,"href":"https:\/\/uj.adatbank.ro\/lexikon\/wp-json\/wp\/v2\/product_cat?post=9512"},{"taxonomy":"product_tag","embeddable":true,"href":"https:\/\/uj.adatbank.ro\/lexikon\/wp-json\/wp\/v2\/product_tag?post=9512"}],"curies":[{"name":"wp","href":"https:\/\/api.w.org\/{rel}","templated":true}]}}

HALLER Gábor, hallerkői gr. szentpáli ág

<p>1718, † 1784. nov. 21, temetve a szentpáli Haller kriptába: tábornok, guberniumi tanácsos, királyi étekfogó. – H. Gábor (1685–1723) és Károlyi Klára (1697–1749) fia. Felesége: gr. Grassalkovich Anna Mária (1736 – 1806). Gyermekeik: József (1754–1823), Erzsébet (1756–1814). Apja korai halála után (1723) anyja, ill. nagyapja Károlyi Sándor gondoskodása alatt nevelkedett. Már fiatal korában kedvét lelte a fegyverforgatásban. Banja Lukánál részt vett az osztrák-török háborúban (1737–39), ahol az oszták haderő visszavonulásra kényszerült. Ennek a csodás megmenekülésnek az emlékére készíttette anyja a Máriacelli Szűz Mária másolatát. Pályafutása alatt tábornoki rangig emelkedett. Guberniumi tanácsosi címet is kapott. Többször kapott megbizatást Mv.-en a városi polgárság és a város vezetősége között kirobbant viszályok lecsillapítására (1765–75). Mv. főinspectora-ként többször járt közbe a kormánynál a város érdekeiben, de ha kellett, a városi magisztrátust is megdorgálta. Javaslatára a magisztrátus gondot fordított a hidak karbantartására, új utcákat nyitottak meg, a Poklos-patak medrét újraásták, a jezsuiták Szent Király utcai házát lábassá alakították. Anyja halála után Kerelőszentpálon, a korábban a protestánsoktól visszavett, egyszerű templomot megmagasított boltozattal, toronnyal, sekrestyével, két új mellékoltárral, karzattal látta el (1775). A szentpáli templom második alapítójának nevezhető. Ugyancsak Szentpálon lebontatta a régi kastélyt, és a kor igényeinek és izlésének megfelelő U alakú, XVI. Lajos stílusú kastélyt építtetett. Feleségül vette Grassalkovich Antal gr. leányát, Annát (1754), akivel Hegyfalut és annak birtokait csatolta a sajátjához. Felesége ösztönözte arra, h. birtokait egyre növelje. Halála után a vagyon Anna kezére jutott. Ő építette át újbarokk stílusban Kerelőszentpálon a kastélyt (1740–60), mert az első H. István által építetett régi várkastély nagyon megrongálódott a Rákóczi szabadságharc idején. Barokk modorban épült nagy kert vette körül a kastélyt (19. sz. elején), mára már teljesen megsemmisült. A Kápolna-dombon építette a családi kriptát, az Imola mauzóleumot (1740–60). Fényűzően rendezte be és a kriptakápolnában elhelyezte az ősök sírköveit. Az épület megrongálódott a háború végén (1944). Az államosításkor a családot kitelepítették (1949), a berendezést ellopták, tönkretették, az épület pusztulófélben. – Irod.: Álló- és mozgóképek; Bozac-Pavel; Fekete; Harmath-Kálmán; Időtár 1., 5 /1.; Keresztes Gyula: A kerelőszentpáli templom és kápolna (Nú., 1998. aug. 29.); Léstyán – templomok 2.; Mv.-i Plébánia; Nagy-Bodó Tibor: A menthetetlenné váló barokk kastély (Nú., 2021. jún. 11.)</br></p>

<p>1718, † 1784. nov. 21, temetve a szentpáli Haller kriptába: tábornok, guberniumi tanácsos, királyi étekfogó. – H. Gábor (1685–1723) és Károlyi Klára (1697–1749) fia. Felesége: gr. Grassalkovich Anna Mária (1736 – 1806). Gyermekeik: József (1754–1823), Erzsébet (1756–1814). Apja korai halála után (1723) anyja, ill. nagyapja Károlyi Sándor gondoskodása alatt nevelkedett. Már fiatal korában kedvét lelte [&hellip;]</p>
