{"id":9514,"date":"2025-06-29T12:47:42","date_gmt":"2025-06-29T10:47:42","guid":{"rendered":"https:\/\/uj.adatbank.ro\/lexikon\/termek\/haller-gabor-hallerkoi-gr-ugrai-ag-2\/"},"modified":"2025-06-29T12:47:42","modified_gmt":"2025-06-29T10:47:42","slug":"haller-gabor-hallerkoi-gr-ugrai-ag-2","status":"publish","type":"product","link":"https:\/\/uj.adatbank.ro\/lexikon\/termek\/haller-gabor-hallerkoi-gr-ugrai-ag-2\/","title":{"rendered":"HALLER G\u00e1bor, hallerk\u0151i gr., ugrai \u00e1g"},"content":{"rendered":"<p>Marosugra, 1790., \u2020 Kerel\u0151szentp\u00e1l, 1832. dec. 23., a Haller kript\u00e1ban nyugszik: f\u00f6ldbirtokos. \u2013 H. G\u00e1bor (1749\u20131822) \u00e9s Bornemisza Kl\u00e1ra (1755\u20131796) fia. Feles\u00e9ge bethleni gr Bethlen Ant\u00f3nia (B\u00e9cs, 1794. dec. 10. -Linz, 1880. j\u00fan. 24. Kalksburgba temett\u00e9k), csillagkeresztes h\u00f6lgy. Esk\u00fcv\u0151j\u00fck (1817) ut\u00e1n. Gyermekeik: H. Gy\u00f6rgy (1818\u20131892); Gabriella br. Weiss-Starkenfelsn\u00e9; Franciska. \u2013 A Bethlen csal\u00e1d k\u00fck\u00fcll\u0151v\u00e1ri v\u00e1rkast\u00e9lya a Haller csal\u00e1d birtok\u00e1ba ker\u00fclt. Utols\u00f3 tulajdonosa Haller Jen\u0151 volt. Nemcsak Ugra, de Szentp\u00e1l \u00e9let\u00e9ben is jelent\u0151s szerepe volt, f\u0151leg gazd\u00e1lkod\u00e1ssal foglalkozott, a politika nem vonzotta. <br \/><strong>Irod.:<\/strong> Harmath-K\u00e1lm\u00e1n; Keresztes; Keresztes Gyula: \u00d6r\u00f6ks\u00e9g\u00fcnk 32.: A k\u00fck\u00fcll\u0151v\u00e1ri v\u00e1rkast\u00e9ly (N\u00fa., 1993. febr. 26.)<\/br><\/p>\n","protected":false},"excerpt":{"rendered":"<p>Marosugra, 1790., \u2020 Kerel\u0151szentp\u00e1l, 1832. dec. 23., a Haller kript\u00e1ban nyugszik: f\u00f6ldbirtokos. \u2013 H. G\u00e1bor (1749\u20131822) \u00e9s Bornemisza Kl\u00e1ra (1755\u20131796) fia. Feles\u00e9ge bethleni gr Bethlen Ant\u00f3nia (B\u00e9cs, 1794. dec. 10. -Linz, 1880. j\u00fan. 24. Kalksburgba temett\u00e9k), csillagkeresztes h\u00f6lgy. Esk\u00fcv\u0151j\u00fck (1817) ut\u00e1n. Gyermekeik: H. Gy\u00f6rgy (1818\u20131892); Gabriella br. Weiss-Starkenfelsn\u00e9; Franciska. \u2013 A Bethlen csal\u00e1d k\u00fck\u00fcll\u0151v\u00e1ri v\u00e1rkast\u00e9lya [&hellip;]<\/p>\n","protected":false},"featured_media":0,"comment_status":"open","ping_status":"closed","template":"","meta":[],"product_brand":[],"product_cat":[137],"product_tag":[],"class_list":{"0":"post-9514","1":"product","2":"type-product","3":"status-publish","5":"product_cat-maros-megyei-eletrajzi-lexikon","7":"first","8":"instock","9":"shipping-taxable","10":"product-type-simple"},"_links":{"self":[{"href":"https:\/\/uj.adatbank.ro\/lexikon\/wp-json\/wp\/v2\/product\/9514","targetHints":{"allow":["GET"]}}],"collection":[{"href":"https:\/\/uj.adatbank.ro\/lexikon\/wp-json\/wp\/v2\/product"}],"about":[{"href":"https:\/\/uj.adatbank.ro\/lexikon\/wp-json\/wp\/v2\/types\/product"}],"replies":[{"embeddable":true,"href":"https:\/\/uj.adatbank.ro\/lexikon\/wp-json\/wp\/v2\/comments?post=9514"}],"wp:attachment":[{"href":"https:\/\/uj.adatbank.ro\/lexikon\/wp-json\/wp\/v2\/media?parent=9514"}],"wp:term":[{"taxonomy":"product_brand","embeddable":true,"href":"https:\/\/uj.adatbank.ro\/lexikon\/wp-json\/wp\/v2\/product_brand?post=9514"},{"taxonomy":"product_cat","embeddable":true,"href":"https:\/\/uj.adatbank.ro\/lexikon\/wp-json\/wp\/v2\/product_cat?post=9514"},{"taxonomy":"product_tag","embeddable":true,"href":"https:\/\/uj.adatbank.ro\/lexikon\/wp-json\/wp\/v2\/product_tag?post=9514"}],"curies":[{"name":"wp","href":"https:\/\/api.w.org\/{rel}","templated":true}]}}

HALLER Gábor, hallerkői gr., ugrai ág

<p>Marosugra, 1790., † Kerelőszentpál, 1832. dec. 23., a Haller kriptában nyugszik: földbirtokos. – H. Gábor (1749–1822) és Bornemisza Klára (1755–1796) fia. Felesége bethleni gr Bethlen Antónia (Bécs, 1794. dec. 10. -Linz, 1880. jún. 24. Kalksburgba temették), csillagkeresztes hölgy. Esküvőjük (1817) után. Gyermekeik: H. György (1818–1892); Gabriella br. Weiss-Starkenfelsné; Franciska. – A Bethlen család küküllővári várkastélya a Haller család birtokába került. Utolsó tulajdonosa Haller Jenő volt. Nemcsak Ugra, de Szentpál életében is jelentős szerepe volt, főleg gazdálkodással foglalkozott, a politika nem vonzotta. <br /><strong>Irod.:</strong> Harmath-Kálmán; Keresztes; Keresztes Gyula: Örökségünk 32.: A küküllővári várkastély (Nú., 1993. febr. 26.)</br></p>

<p>Marosugra, 1790., † Kerelőszentpál, 1832. dec. 23., a Haller kriptában nyugszik: földbirtokos. – H. Gábor (1749–1822) és Bornemisza Klára (1755–1796) fia. Felesége bethleni gr Bethlen Antónia (Bécs, 1794. dec. 10. -Linz, 1880. jún. 24. Kalksburgba temették), csillagkeresztes hölgy. Esküvőjük (1817) után. Gyermekeik: H. György (1818–1892); Gabriella br. Weiss-Starkenfelsné; Franciska. – A Bethlen család küküllővári várkastélya [&hellip;]</p>
