{"id":9516,"date":"2025-06-29T12:47:45","date_gmt":"2025-06-29T10:47:45","guid":{"rendered":"https:\/\/uj.adatbank.ro\/lexikon\/termek\/haller-gyorgy-hallerkoi-gr-feheregyhazi-ag\/"},"modified":"2025-06-29T12:47:45","modified_gmt":"2025-06-29T10:47:45","slug":"haller-gyorgy-hallerkoi-gr-feheregyhazi-ag","status":"publish","type":"product","link":"https:\/\/uj.adatbank.ro\/lexikon\/termek\/haller-gyorgy-hallerkoi-gr-feheregyhazi-ag\/","title":{"rendered":"HALLER Gy\u00f6rgy, hallerk\u0151i gr. feh\u00e9regyh\u00e1zi \u00e1g"},"content":{"rendered":"<p>Marosugra, 1861. szept. 17., \u2020 Kerel\u0151szentp\u00e1l, 1944. jan. 1., Kerel\u0151szentp\u00e1lon a kriptak\u00e1poln\u00e1ba temett\u00e9k: birtokos. \u2013 Gy\u00f6rgy f\u00f6ldbirtokos (1818\u20131892) \u00e9s B\u00e1linth Borb\u00e1la (1824\u20131887) fia. Feles\u00e9ge Bethlen Ilona (1872\u20131924), Bethlen Istv\u00e1n minisztereln\u00f6k h\u00faga. Gyermekei: Ferenc (1892\u20131984), Istv\u00e1n (1896\u20131971), Margit (1905\u20131989). \u2013 A B\u00e9csi Egy. Jogtud. Kar\u00e1n tanult (1880\u201382). \u00d6r\u00f6k\u00f6lte a Kerel\u0151szentp\u00e1li birtokot (1875 ut\u00e1n). \u00e9s ott lakott. Gr\u00f3fi c\u00edmmel a f\u0151rendih\u00e1z tagja (1897\u20131918) Kerel\u0151szentp\u00e1lon t\u0171zv\u00e9sz puszt\u00edtott (1885) ezt k\u00f6vet\u0151en k\u00f6lts\u00e9g\u00e9n fel\u00e9p\u00fclt a r. k. iskola \u00e9s k\u00e1ntori lak (1887), valamint a pl\u00e9b\u00e1nia \u00e9p\u00fclete. G\u0151zmalmot \u00e9p\u00edtetett Ugr\u00e1n, a lakoss\u00e1g keny\u00e9rell\u00e1t\u00e1sa \u00e9rdek\u00e9ben. Dics\u0151szentm\u00e1rtonban a vm.-i k\u00f6zigazgat\u00e1si bizotts\u00e1g tagja (1900. k.). Haller Ant\u00f3ni\u00e1val t\u00e1rstulajdonosa volt Darlacon (738 n\u00f6.) \u00e9s J\u00f6vedicsen 398 hold. f\u00f6ldnek, azonk\u00edv\u00fcl birtokai voltak m\u00e9g Szentp\u00e1lon, Marosugr\u00e1n, Bes\u00e9ben \u00e9s Kerel\u0151ben. A darlaci \u00e9s j\u00f6vedicsi birtokai mind b\u00e9rl\u0151k kez\u00e9n voltak (1904\u201318), ez\u00e9rt a f\u00f6ldoszt\u00e1skor csak a marosi birtokokra tartott ig\u00e9nyt (1921). Ol\u00e1hdell\u0151n v\u00edzimalma volt (1926). Tagja volt a Mv.-i Takar\u00e9kp\u00e9nzt\u00e1r igazgat\u00f3tan\u00e1cs\u00e1nak (1924). <br \/><strong>Irod.:<\/strong> \u00c1ll\u00f3- \u00e9s mozg\u00f3k\u00e9pek; Bodolai; Dics\u0151szentm\u00e1rton r\u00e9gi arca; Gudenus; Keresztes; Pan\u0103; Prozan; Szab\u00f3\u2013Simon\u2013Sz\u00f6gi<\/br><\/p>\n","protected":false},"excerpt":{"rendered":"<p>Marosugra, 1861. szept. 17., \u2020 Kerel\u0151szentp\u00e1l, 1944. jan. 1., Kerel\u0151szentp\u00e1lon a kriptak\u00e1poln\u00e1ba temett\u00e9k: birtokos. \u2013 Gy\u00f6rgy f\u00f6ldbirtokos (1818\u20131892) \u00e9s B\u00e1linth Borb\u00e1la (1824\u20131887) fia. Feles\u00e9ge Bethlen Ilona (1872\u20131924), Bethlen Istv\u00e1n minisztereln\u00f6k h\u00faga. Gyermekei: Ferenc (1892\u20131984), Istv\u00e1n (1896\u20131971), Margit (1905\u20131989). \u2013 A B\u00e9csi Egy. Jogtud. Kar\u00e1n tanult (1880\u201382). \u00d6r\u00f6k\u00f6lte a Kerel\u0151szentp\u00e1li birtokot (1875 ut\u00e1n). \u00e9s ott lakott. [&hellip;]<\/p>\n","protected":false},"featured_media":0,"comment_status":"open","ping_status":"closed","template":"","meta":[],"product_brand":[],"product_cat":[137],"product_tag":[],"class_list":{"0":"post-9516","1":"product","2":"type-product","3":"status-publish","5":"product_cat-maros-megyei-eletrajzi-lexikon","7":"first","8":"instock","9":"shipping-taxable","10":"product-type-simple"},"_links":{"self":[{"href":"https:\/\/uj.adatbank.ro\/lexikon\/wp-json\/wp\/v2\/product\/9516","targetHints":{"allow":["GET"]}}],"collection":[{"href":"https:\/\/uj.adatbank.ro\/lexikon\/wp-json\/wp\/v2\/product"}],"about":[{"href":"https:\/\/uj.adatbank.ro\/lexikon\/wp-json\/wp\/v2\/types\/product"}],"replies":[{"embeddable":true,"href":"https:\/\/uj.adatbank.ro\/lexikon\/wp-json\/wp\/v2\/comments?post=9516"}],"wp:attachment":[{"href":"https:\/\/uj.adatbank.ro\/lexikon\/wp-json\/wp\/v2\/media?parent=9516"}],"wp:term":[{"taxonomy":"product_brand","embeddable":true,"href":"https:\/\/uj.adatbank.ro\/lexikon\/wp-json\/wp\/v2\/product_brand?post=9516"},{"taxonomy":"product_cat","embeddable":true,"href":"https:\/\/uj.adatbank.ro\/lexikon\/wp-json\/wp\/v2\/product_cat?post=9516"},{"taxonomy":"product_tag","embeddable":true,"href":"https:\/\/uj.adatbank.ro\/lexikon\/wp-json\/wp\/v2\/product_tag?post=9516"}],"curies":[{"name":"wp","href":"https:\/\/api.w.org\/{rel}","templated":true}]}}

HALLER György, hallerkői gr. fehéregyházi ág

<p>Marosugra, 1861. szept. 17., † Kerelőszentpál, 1944. jan. 1., Kerelőszentpálon a kriptakápolnába temették: birtokos. – György földbirtokos (1818–1892) és Bálinth Borbála (1824–1887) fia. Felesége Bethlen Ilona (1872–1924), Bethlen István miniszterelnök húga. Gyermekei: Ferenc (1892–1984), István (1896–1971), Margit (1905–1989). – A Bécsi Egy. Jogtud. Karán tanult (1880–82). Örökölte a Kerelőszentpáli birtokot (1875 után). és ott lakott. Grófi címmel a főrendiház tagja (1897–1918) Kerelőszentpálon tűzvész pusztított (1885) ezt követően költségén felépült a r. k. iskola és kántori lak (1887), valamint a plébánia épülete. Gőzmalmot építetett Ugrán, a lakosság kenyérellátása érdekében. Dicsőszentmártonban a vm.-i közigazgatási bizottság tagja (1900. k.). Haller Antóniával társtulajdonosa volt Darlacon (738 nö.) és Jövedicsen 398 hold. földnek, azonkívül birtokai voltak még Szentpálon, Marosugrán, Besében és Kerelőben. A darlaci és jövedicsi birtokai mind bérlők kezén voltak (1904–18), ezért a földosztáskor csak a marosi birtokokra tartott igényt (1921). Oláhdellőn vízimalma volt (1926). Tagja volt a Mv.-i Takarékpénztár igazgatótanácsának (1924). <br /><strong>Irod.:</strong> Álló- és mozgóképek; Bodolai; Dicsőszentmárton régi arca; Gudenus; Keresztes; Pană; Prozan; Szabó–Simon–Szögi</br></p>

<p>Marosugra, 1861. szept. 17., † Kerelőszentpál, 1944. jan. 1., Kerelőszentpálon a kriptakápolnába temették: birtokos. – György földbirtokos (1818–1892) és Bálinth Borbála (1824–1887) fia. Felesége Bethlen Ilona (1872–1924), Bethlen István miniszterelnök húga. Gyermekei: Ferenc (1892–1984), István (1896–1971), Margit (1905–1989). – A Bécsi Egy. Jogtud. Karán tanult (1880–82). Örökölte a Kerelőszentpáli birtokot (1875 után). és ott lakott. [&hellip;]</p>
