{"id":9517,"date":"2025-06-29T12:47:47","date_gmt":"2025-06-29T10:47:47","guid":{"rendered":"https:\/\/uj.adatbank.ro\/lexikon\/termek\/haller-gyorgy-hallerkoi-gr-feheregyhazi-ag-ugrai-agazat\/"},"modified":"2025-06-29T12:47:47","modified_gmt":"2025-06-29T10:47:47","slug":"haller-gyorgy-hallerkoi-gr-feheregyhazi-ag-ugrai-agazat","status":"publish","type":"product","link":"https:\/\/uj.adatbank.ro\/lexikon\/termek\/haller-gyorgy-hallerkoi-gr-feheregyhazi-ag-ugrai-agazat\/","title":{"rendered":"HALLER Gy\u00f6rgy, hallerk\u0151i gr., feh\u00e9regyh\u00e1zi \u00e1g, ugrai \u00e1gazat"},"content":{"rendered":"<p>Nagyszeben, 1818. m\u00e1j. 11., \u2020 Marosugra, 1892. dec. 29.: f\u00f6ldbirtokos. \u2013 G\u00e1bor (1790\u20131832) \u00e9s Bethlen Ant\u00f3nia (1794\u20131880) fia. Feles\u00e9ge: szirfalvi B\u00e1lint Borb\u00e1la (1824 jan. 1.? \u2013 Borsz\u00e9k \/ Maroaugra, 1887. aug. 2.). Gyermekeik: Franciska\/ Fanni hallerk\u0151i gr. Haller Jen\u0151n\u00e9 (1856\u20131916); Ant\u00f3nia Borb\u00e1la (1859\u20131947); Gy\u00f6rgy (1861\u20131944). \u2013 Ugr\u00e1n \u00e9ltek. Kerel\u0151szentp\u00e1lt, rokona H. Ferenc, r\u00e1 hagyom\u00e1nyozta. Mez\u0151szentmargita hat\u00e1rainak a fel\u00e9t birtokolta. 500 forintot adom\u00e1nyozott a Mv.-en \u00e9p\u00edtend\u0151 sz\u00ednh\u00e1zra (1866). Az EMKE alap\u00edt\u00f3, v\u00e1lasztott v\u00e1lasztm\u00e1nyi tagja (1885\u2013) \u00e9s \u00f6r\u00f6k\u00f6s tagja, a kerel\u0151szentp\u00e1li r. k. iskola t\u00e1mogat\u00f3ja az EMKE felk\u00e9r\u00e9s\u00e9re (1887). Viotte Gy\u00f6rgy, Haller G\u00e1born\u00e9 Bethlen Ant\u00f3nia birtokainak direktora, neki dedik\u00e1lta A f\u00f6ldm\u00edvel\u00e9s ugar n\u00e9lk\u00fcl c. k\u00f6nyv\u00e9t (Szeben, 1841). <br \/><strong>Irod.:<\/strong> \u00c1ll\u00f3- \u00e9s mozg\u00f3k\u00e9pek; De\u00e1k Farkas: Egy magyar f\u0151\u00far a XVII. sz\u00e1zadban gr. Cs\u00e1ky Istv\u00e1n (Bp., 1883); EMKE 120; Gudenus; Gy\u00e1szjelent\u0151; A magyar orsz\u00e1ggy\u0171l\u00e9s (Bp., s. a.); Keresztes; Orb\u00e1n Bal\u00e1zs; Pesty 2014; S\u00e1ndor; Sch\u00f6pflin<\/br><\/p>\n","protected":false},"excerpt":{"rendered":"<p>Nagyszeben, 1818. m\u00e1j. 11., \u2020 Marosugra, 1892. dec. 29.: f\u00f6ldbirtokos. \u2013 G\u00e1bor (1790\u20131832) \u00e9s Bethlen Ant\u00f3nia (1794\u20131880) fia. Feles\u00e9ge: szirfalvi B\u00e1lint Borb\u00e1la (1824 jan. 1.? \u2013 Borsz\u00e9k \/ Maroaugra, 1887. aug. 2.). Gyermekeik: Franciska\/ Fanni hallerk\u0151i gr. Haller Jen\u0151n\u00e9 (1856\u20131916); Ant\u00f3nia Borb\u00e1la (1859\u20131947); Gy\u00f6rgy (1861\u20131944). \u2013 Ugr\u00e1n \u00e9ltek. Kerel\u0151szentp\u00e1lt, rokona H. Ferenc, r\u00e1 hagyom\u00e1nyozta. Mez\u0151szentmargita [&hellip;]<\/p>\n","protected":false},"featured_media":0,"comment_status":"open","ping_status":"closed","template":"","meta":[],"product_brand":[],"product_cat":[137],"product_tag":[],"class_list":{"0":"post-9517","1":"product","2":"type-product","3":"status-publish","5":"product_cat-maros-megyei-eletrajzi-lexikon","7":"first","8":"instock","9":"shipping-taxable","10":"product-type-simple"},"_links":{"self":[{"href":"https:\/\/uj.adatbank.ro\/lexikon\/wp-json\/wp\/v2\/product\/9517","targetHints":{"allow":["GET"]}}],"collection":[{"href":"https:\/\/uj.adatbank.ro\/lexikon\/wp-json\/wp\/v2\/product"}],"about":[{"href":"https:\/\/uj.adatbank.ro\/lexikon\/wp-json\/wp\/v2\/types\/product"}],"replies":[{"embeddable":true,"href":"https:\/\/uj.adatbank.ro\/lexikon\/wp-json\/wp\/v2\/comments?post=9517"}],"wp:attachment":[{"href":"https:\/\/uj.adatbank.ro\/lexikon\/wp-json\/wp\/v2\/media?parent=9517"}],"wp:term":[{"taxonomy":"product_brand","embeddable":true,"href":"https:\/\/uj.adatbank.ro\/lexikon\/wp-json\/wp\/v2\/product_brand?post=9517"},{"taxonomy":"product_cat","embeddable":true,"href":"https:\/\/uj.adatbank.ro\/lexikon\/wp-json\/wp\/v2\/product_cat?post=9517"},{"taxonomy":"product_tag","embeddable":true,"href":"https:\/\/uj.adatbank.ro\/lexikon\/wp-json\/wp\/v2\/product_tag?post=9517"}],"curies":[{"name":"wp","href":"https:\/\/api.w.org\/{rel}","templated":true}]}}

HALLER György, hallerkői gr., fehéregyházi ág, ugrai ágazat

<p>Nagyszeben, 1818. máj. 11., † Marosugra, 1892. dec. 29.: földbirtokos. – Gábor (1790–1832) és Bethlen Antónia (1794–1880) fia. Felesége: szirfalvi Bálint Borbála (1824 jan. 1.? – Borszék / Maroaugra, 1887. aug. 2.). Gyermekeik: Franciska/ Fanni hallerkői gr. Haller Jenőné (1856–1916); Antónia Borbála (1859–1947); György (1861–1944). – Ugrán éltek. Kerelőszentpált, rokona H. Ferenc, rá hagyományozta. Mezőszentmargita határainak a felét birtokolta. 500 forintot adományozott a Mv.-en építendő színházra (1866). Az EMKE alapító, választott választmányi tagja (1885–) és örökös tagja, a kerelőszentpáli r. k. iskola támogatója az EMKE felkérésére (1887). Viotte György, Haller Gáborné Bethlen Antónia birtokainak direktora, neki dedikálta A földmívelés ugar nélkül c. könyvét (Szeben, 1841). <br /><strong>Irod.:</strong> Álló- és mozgóképek; Deák Farkas: Egy magyar főúr a XVII. században gr. Csáky István (Bp., 1883); EMKE 120; Gudenus; Gyászjelentő; A magyar országgyűlés (Bp., s. a.); Keresztes; Orbán Balázs; Pesty 2014; Sándor; Schöpflin</br></p>

<p>Nagyszeben, 1818. máj. 11., † Marosugra, 1892. dec. 29.: földbirtokos. – Gábor (1790–1832) és Bethlen Antónia (1794–1880) fia. Felesége: szirfalvi Bálint Borbála (1824 jan. 1.? – Borszék / Maroaugra, 1887. aug. 2.). Gyermekeik: Franciska/ Fanni hallerkői gr. Haller Jenőné (1856–1916); Antónia Borbála (1859–1947); György (1861–1944). – Ugrán éltek. Kerelőszentpált, rokona H. Ferenc, rá hagyományozta. Mezőszentmargita [&hellip;]</p>
