{"id":9518,"date":"2025-06-29T12:47:49","date_gmt":"2025-06-29T10:47:49","guid":{"rendered":"https:\/\/uj.adatbank.ro\/lexikon\/termek\/haller-gyorgy-hallerkoi-gr-kapjoni-ag\/"},"modified":"2025-06-29T12:47:49","modified_gmt":"2025-06-29T10:47:49","slug":"haller-gyorgy-hallerkoi-gr-kapjoni-ag","status":"publish","type":"product","link":"https:\/\/uj.adatbank.ro\/lexikon\/termek\/haller-gyorgy-hallerkoi-gr-kapjoni-ag\/","title":{"rendered":"HALLER Gy\u00f6rgy, hallerk\u0151i gr., kapjoni \u00e1g"},"content":{"rendered":"<p>? \u2020 1730.: tan\u00e1csos. \u2013 H. Gy\u00f6rgy (\u2020 1711) \u00e9s gr. Bethlen \u00c9va fia. Feles\u00e9ge Kornis Anna (1683\u20131719 e.) br. -n\u0151 (esk\u00fcv\u0151: 1695. febr. 7.). Gyermekei: Ferenc (1698\u20131750 e.), Borb\u00e1la Husz\u00e1r J\u00f3zsefn\u00e9, \u00c9va Gyulaffy L\u00e1szl\u00f3n\u00e9, Gy\u00f6rgy (1708 k. \u2013 1763), P\u00e1l (\u2020 1766). \u2013 Guberniumi tan\u00e1csos (1713\u2013). <br \/><strong>Irod.:<\/strong> \u00c1rva Bethlen K.; Bicsok-Orb\u00e1n; Gudenus; Gy\u00f6rgy: A ferencrendiek; M. t\u00f6rt. \u00e9vk. napl\u00f3k 3.; Szaniszl\u00f3; Tr\u00f3cs\u00e1nyi 1988, Veress Endre<\/br><\/p>\n","protected":false},"excerpt":{"rendered":"<p>? \u2020 1730.: tan\u00e1csos. \u2013 H. Gy\u00f6rgy (\u2020 1711) \u00e9s gr. Bethlen \u00c9va fia. Feles\u00e9ge Kornis Anna (1683\u20131719 e.) br. -n\u0151 (esk\u00fcv\u0151: 1695. febr. 7.). Gyermekei: Ferenc (1698\u20131750 e.), Borb\u00e1la Husz\u00e1r J\u00f3zsefn\u00e9, \u00c9va Gyulaffy L\u00e1szl\u00f3n\u00e9, Gy\u00f6rgy (1708 k. \u2013 1763), P\u00e1l (\u2020 1766). \u2013 Guberniumi tan\u00e1csos (1713\u2013). Irod.: \u00c1rva Bethlen K.; Bicsok-Orb\u00e1n; Gudenus; Gy\u00f6rgy: A [&hellip;]<\/p>\n","protected":false},"featured_media":0,"comment_status":"open","ping_status":"closed","template":"","meta":[],"product_brand":[],"product_cat":[137],"product_tag":[],"class_list":{"0":"post-9518","1":"product","2":"type-product","3":"status-publish","5":"product_cat-maros-megyei-eletrajzi-lexikon","7":"first","8":"instock","9":"shipping-taxable","10":"product-type-simple"},"_links":{"self":[{"href":"https:\/\/uj.adatbank.ro\/lexikon\/wp-json\/wp\/v2\/product\/9518","targetHints":{"allow":["GET"]}}],"collection":[{"href":"https:\/\/uj.adatbank.ro\/lexikon\/wp-json\/wp\/v2\/product"}],"about":[{"href":"https:\/\/uj.adatbank.ro\/lexikon\/wp-json\/wp\/v2\/types\/product"}],"replies":[{"embeddable":true,"href":"https:\/\/uj.adatbank.ro\/lexikon\/wp-json\/wp\/v2\/comments?post=9518"}],"wp:attachment":[{"href":"https:\/\/uj.adatbank.ro\/lexikon\/wp-json\/wp\/v2\/media?parent=9518"}],"wp:term":[{"taxonomy":"product_brand","embeddable":true,"href":"https:\/\/uj.adatbank.ro\/lexikon\/wp-json\/wp\/v2\/product_brand?post=9518"},{"taxonomy":"product_cat","embeddable":true,"href":"https:\/\/uj.adatbank.ro\/lexikon\/wp-json\/wp\/v2\/product_cat?post=9518"},{"taxonomy":"product_tag","embeddable":true,"href":"https:\/\/uj.adatbank.ro\/lexikon\/wp-json\/wp\/v2\/product_tag?post=9518"}],"curies":[{"name":"wp","href":"https:\/\/api.w.org\/{rel}","templated":true}]}}

HALLER György, hallerkői gr., kapjoni ág

<p>? † 1730.: tanácsos. – H. György († 1711) és gr. Bethlen Éva fia. Felesége Kornis Anna (1683–1719 e.) br. -nő (esküvő: 1695. febr. 7.). Gyermekei: Ferenc (1698–1750 e.), Borbála Huszár Józsefné, Éva Gyulaffy Lászlóné, György (1708 k. – 1763), Pál († 1766). – Guberniumi tanácsos (1713–). <br /><strong>Irod.:</strong> Árva Bethlen K.; Bicsok-Orbán; Gudenus; György: A ferencrendiek; M. tört. évk. naplók 3.; Szaniszló; Trócsányi 1988, Veress Endre</br></p>

<p>? † 1730.: tanácsos. – H. György († 1711) és gr. Bethlen Éva fia. Felesége Kornis Anna (1683–1719 e.) br. -nő (esküvő: 1695. febr. 7.). Gyermekei: Ferenc (1698–1750 e.), Borbála Huszár Józsefné, Éva Gyulaffy Lászlóné, György (1708 k. – 1763), Pál († 1766). – Guberniumi tanácsos (1713–). Irod.: Árva Bethlen K.; Bicsok-Orbán; Gudenus; György: A [&hellip;]</p>
