{"id":9519,"date":"2025-06-29T12:47:50","date_gmt":"2025-06-29T10:47:50","guid":{"rendered":"https:\/\/uj.adatbank.ro\/lexikon\/termek\/haller-ignac-hallerkoi-gr-feheregyhazi-ag\/"},"modified":"2025-06-29T12:47:50","modified_gmt":"2025-06-29T10:47:50","slug":"haller-ignac-hallerkoi-gr-feheregyhazi-ag","status":"publish","type":"product","link":"https:\/\/uj.adatbank.ro\/lexikon\/termek\/haller-ignac-hallerkoi-gr-feheregyhazi-ag\/","title":{"rendered":"HALLER Ign\u00e1c, hallerk\u0151i gr. feh\u00e9regyh\u00e1zi \u00e1g"},"content":{"rendered":"<p>Kerel\u0151szentp\u00e1l, 1794. jan. 14., \u2020 Kerel\u0151szentp\u00e1l, 1870. okt. 25. a Haller kript\u00e1ban nyugszik: cs. k. kamar\u00e1s, f\u0151isp\u00e1n. \u2013 J\u00f3zsef (1754\u20131823) \u00e9s gr. Koh\u00e1ry M\u00e1ria Ter\u00e9zia (1761\u20131815) fia. Testv\u00e9rei: H. Roz\u00e1lia; Lajos; Ter\u00e9z br. Apor Gy\u00f6rgyn\u00e9 (1823. okt. 23. -Bp., 1886. \u00e1pr. 21.); Ferenc, b. t. t. \u00e9s kamar\u00e1s, arany-gyapjas-vit\u00e9z, Szt. Istv\u00e1n \u00e9s Lipot-rend nagykeresztese, lovass\u00e1gi t\u00e1bornok, m. test\u0151r-kapit\u00e1ny. \u2013 Kisk\u00fck\u00fcll\u0151 vm. f\u0151isp\u00e1nja (1836\u201347). R\u00e9szt vett az erd\u00e9lyi ogy. vit\u00e1iban (1847. j\u00fan.). Kir. hivatalos az erd\u00e9lyi 1848. \u00e9vi utols\u00f3 rendi ogy.-en (Kv., 1848. m\u00e1j. 29. -j\u00fal. 18.). A nemzet\u0151rs\u00e9g szervez\u0151je \u00e9s akt\u00edv tagja. Dics\u0151szentm\u00e1rtonban 200\u2013300 f\u0151s \u00f6nk\u00e9ntesekb\u0151l \u00e1ll\u00f3 g\u00e1rd\u00e1t toborzott (1848. m\u00e1j. 18.), tagjait rendszeres kik\u00e9pz\u00e9sben r\u00e9szes\u00edtett\u00e9k. Fegyverekkel \u00e9s l\u0151porral is ell\u00e1tt\u00e1k. Az irodalom p\u00e1rtol\u00f3ja \u00e9s m\u0171vel\u0151je. Kerel\u0151szentp\u00e1lon hatalmas v\u00e9d\u0151t\u00f6lt\u00e9st \u00e9p\u00edtetett a falu \u00e9s kast\u00e9ly v\u00e9delm\u00e9re a Maros \u00e1rad\u00e1sai ellen, ez m\u00e9g ma is megvan. A Mv.-i Kaszin\u00f3 alap\u00edt\u00f3tagja (1832). <br \/><strong>Irod.:<\/strong> 1848\u20131849 Transilvania; \u00c1ll\u00f3- \u00e9s mozg\u00f3k\u00e9pek; B\u00e9nyei; Bi\u00e1s Istv\u00e1n; Egyed \u00c1.: Erd\u00e9ly 1848. ogy; Gy\u00e1szjelent\u0151;. Kom\u00e1n J\u00e1nos: Egy magyardell\u0151i J\u00e1rmi \u00e9s a Bolyai gyermek (N\u00fa., 2023. febr. 10.); [Nekrolog] (Sz\u00e9kely H\u00edrlap, 1870. okt. 29.); MNZS; Mo. f\u0151isp\u00e1njai; P\u00e1lffy<\/br><\/p>\n","protected":false},"excerpt":{"rendered":"<p>Kerel\u0151szentp\u00e1l, 1794. jan. 14., \u2020 Kerel\u0151szentp\u00e1l, 1870. okt. 25. a Haller kript\u00e1ban nyugszik: cs. k. kamar\u00e1s, f\u0151isp\u00e1n. \u2013 J\u00f3zsef (1754\u20131823) \u00e9s gr. Koh\u00e1ry M\u00e1ria Ter\u00e9zia (1761\u20131815) fia. Testv\u00e9rei: H. Roz\u00e1lia; Lajos; Ter\u00e9z br. Apor Gy\u00f6rgyn\u00e9 (1823. okt. 23. -Bp., 1886. \u00e1pr. 21.); Ferenc, b. t. t. \u00e9s kamar\u00e1s, arany-gyapjas-vit\u00e9z, Szt. Istv\u00e1n \u00e9s Lipot-rend nagykeresztese, lovass\u00e1gi [&hellip;]<\/p>\n","protected":false},"featured_media":0,"comment_status":"open","ping_status":"closed","template":"","meta":[],"product_brand":[],"product_cat":[137],"product_tag":[],"class_list":{"0":"post-9519","1":"product","2":"type-product","3":"status-publish","5":"product_cat-maros-megyei-eletrajzi-lexikon","7":"first","8":"instock","9":"shipping-taxable","10":"product-type-simple"},"_links":{"self":[{"href":"https:\/\/uj.adatbank.ro\/lexikon\/wp-json\/wp\/v2\/product\/9519","targetHints":{"allow":["GET"]}}],"collection":[{"href":"https:\/\/uj.adatbank.ro\/lexikon\/wp-json\/wp\/v2\/product"}],"about":[{"href":"https:\/\/uj.adatbank.ro\/lexikon\/wp-json\/wp\/v2\/types\/product"}],"replies":[{"embeddable":true,"href":"https:\/\/uj.adatbank.ro\/lexikon\/wp-json\/wp\/v2\/comments?post=9519"}],"wp:attachment":[{"href":"https:\/\/uj.adatbank.ro\/lexikon\/wp-json\/wp\/v2\/media?parent=9519"}],"wp:term":[{"taxonomy":"product_brand","embeddable":true,"href":"https:\/\/uj.adatbank.ro\/lexikon\/wp-json\/wp\/v2\/product_brand?post=9519"},{"taxonomy":"product_cat","embeddable":true,"href":"https:\/\/uj.adatbank.ro\/lexikon\/wp-json\/wp\/v2\/product_cat?post=9519"},{"taxonomy":"product_tag","embeddable":true,"href":"https:\/\/uj.adatbank.ro\/lexikon\/wp-json\/wp\/v2\/product_tag?post=9519"}],"curies":[{"name":"wp","href":"https:\/\/api.w.org\/{rel}","templated":true}]}}

HALLER Ignác, hallerkői gr. fehéregyházi ág

<p>Kerelőszentpál, 1794. jan. 14., † Kerelőszentpál, 1870. okt. 25. a Haller kriptában nyugszik: cs. k. kamarás, főispán. – József (1754–1823) és gr. Koháry Mária Terézia (1761–1815) fia. Testvérei: H. Rozália; Lajos; Teréz br. Apor Györgyné (1823. okt. 23. -Bp., 1886. ápr. 21.); Ferenc, b. t. t. és kamarás, arany-gyapjas-vitéz, Szt. István és Lipot-rend nagykeresztese, lovassági tábornok, m. testőr-kapitány. – Kisküküllő vm. főispánja (1836–47). Részt vett az erdélyi ogy. vitáiban (1847. jún.). Kir. hivatalos az erdélyi 1848. évi utolsó rendi ogy.-en (Kv., 1848. máj. 29. -júl. 18.). A nemzetőrség szervezője és aktív tagja. Dicsőszentmártonban 200–300 fős önkéntesekből álló gárdát toborzott (1848. máj. 18.), tagjait rendszeres kiképzésben részesítették. Fegyverekkel és lőporral is ellátták. Az irodalom pártolója és művelője. Kerelőszentpálon hatalmas védőtöltést építetett a falu és kastély védelmére a Maros áradásai ellen, ez még ma is megvan. A Mv.-i Kaszinó alapítótagja (1832). <br /><strong>Irod.:</strong> 1848–1849 Transilvania; Álló- és mozgóképek; Bényei; Biás István; Egyed Á.: Erdély 1848. ogy; Gyászjelentő;. Komán János: Egy magyardellői Jármi és a Bolyai gyermek (Nú., 2023. febr. 10.); [Nekrolog] (Székely Hírlap, 1870. okt. 29.); MNZS; Mo. főispánjai; Pálffy</br></p>

<p>Kerelőszentpál, 1794. jan. 14., † Kerelőszentpál, 1870. okt. 25. a Haller kriptában nyugszik: cs. k. kamarás, főispán. – József (1754–1823) és gr. Koháry Mária Terézia (1761–1815) fia. Testvérei: H. Rozália; Lajos; Teréz br. Apor Györgyné (1823. okt. 23. -Bp., 1886. ápr. 21.); Ferenc, b. t. t. és kamarás, arany-gyapjas-vitéz, Szt. István és Lipot-rend nagykeresztese, lovassági [&hellip;]</p>
