{"id":9520,"date":"2025-06-29T12:47:51","date_gmt":"2025-06-29T10:47:51","guid":{"rendered":"https:\/\/uj.adatbank.ro\/lexikon\/termek\/haller-ilona-%c2%a7-hallerkoi-gr-szentpali-ag-harmath-ferencne\/"},"modified":"2025-06-29T12:47:51","modified_gmt":"2025-06-29T10:47:51","slug":"haller-ilona-%c2%a7-hallerkoi-gr-szentpali-ag-harmath-ferencne","status":"publish","type":"product","link":"https:\/\/uj.adatbank.ro\/lexikon\/termek\/haller-ilona-%c2%a7-hallerkoi-gr-szentpali-ag-harmath-ferencne\/","title":{"rendered":"HALLER Ilona, \u00a7 hallerk\u0151i gr. szentp\u00e1li \u00e1g, Harmath Ferencn\u00e9"},"content":{"rendered":"<p>Bp., 1924. j\u00fan. 9., \u2020 Mv., 2010. dec. 31.: birtokos. \u2013 H. Istv\u00e1n (1896\u20131971) \u00e9s br. Schell M\u00e1ria-Lujza (1899-M\u00fcnchen, 1992. dec. 10) le\u00e1nya. F\u00e9rjhez ment Keszi Harmath Ferenc (1919-tan\u00edt\u00f3hoz (Kerel\u0151szentp\u00e1l, 1948. j\u00fan. 17). Fiaik: Ferenc \u00e9s Istv\u00e1n. \u2013 A szentp\u00e1li kast\u00e9lyban t\u00f6lt\u00f6tte a gyermekkor\u00e1t. Bp.-en v\u00e9gezte tanulm\u00e1nyait a Notre Dame de Sion, Sacr\u00e9 Coeur francia \u00e9s n\u00e9met nyelviskol\u00e1kban \u00e9s nyelvmesteri oklevelet szerzett. Hazat\u00e9rt Szentp\u00e1lra (1944), miut\u00e1n apj\u00e1t intern\u00e1lt\u00e1k (1944. aug. 23. -okt.), anyj\u00e1val Bp.-re menek\u00fcltek, majd visszat\u00e9rtek a megrong\u00e1lt kast\u00e9lyba. A sz\u00fcl\u0151k k\u00e9nyszerlakhelyre ker\u00fcltek (1949. m\u00e1rc. 2.). A f\u00e9rje a k\u00fck\u00fcll\u0151domb\u00f3i \u00e1ltal\u00e1nos iskol\u00e1ban tan\u00edtott nyugd\u00edjaz\u00e1s\u00e1ig (1949\u2013). A gyermekei nevel\u00e9se mellett v\u00e9gezte az iskola titk\u00e1ri teend\u0151it, \u00f3raad\u00f3 tan\u00e1rk\u00e9nt idegen nyelveket (n\u00e9met, angol, francia) oktatott. N\u00e9meto. -ba telepedtek sz\u00fclei (1968). Feketeg\u00f6d\u00e9n \u00fcd\u00fcll\u0151h\u00e1zat \u00e9p\u00edtettek. A szentp\u00e1li \u00e9s Ugra kast\u00e9ly egyik utols\u00f3 tulajdonosa. A szentp\u00e1li kast\u00e9lyt a gyulafeh\u00e9rv\u00e1ri \u00e9rseks\u00e9gnek aj\u00e1nd\u00e9kozt\u00e1k \u00e9s romos \u00e1llapotban van, az ugrai kast\u00e9lyt \u00faj tulajdonosa, F\u00f3ris Csaba, teljes sz\u00e9ps\u00e9g\u00e9ben restaur\u00e1ltatta \u00e9s kast\u00e9lysz\u00e1ll\u00f3v\u00e1 alak\u00edtotta. Nyugd\u00edjaz\u00e1s ut\u00e1n Mv.-en \u00e9ltek. <br \/><strong>Irod.:<\/strong> Bodolai; Bodolai Gy\u00f6ngyi: A tal\u00e1lkoz\u00e1s (N\u00fa., 2008. aug. 7.); Bodolai Gy\u00f6ngyi: \u00daj \u00e9let, \u00faj helyen (N\u00fa., 2008. aug. 14.); Gudenus; [Nekrol\u00f3g] (N\u00fa., 2011. jan. 4.); Vajda Gy\u00f6rgy: Rekviem egy kast\u00e9ly\u00e9rt (N\u00fa., 1998. j\u00fal. 24)<\/br><\/p>\n","protected":false},"excerpt":{"rendered":"<p>Bp., 1924. j\u00fan. 9., \u2020 Mv., 2010. dec. 31.: birtokos. \u2013 H. Istv\u00e1n (1896\u20131971) \u00e9s br. Schell M\u00e1ria-Lujza (1899-M\u00fcnchen, 1992. dec. 10) le\u00e1nya. F\u00e9rjhez ment Keszi Harmath Ferenc (1919-tan\u00edt\u00f3hoz (Kerel\u0151szentp\u00e1l, 1948. j\u00fan. 17). Fiaik: Ferenc \u00e9s Istv\u00e1n. \u2013 A szentp\u00e1li kast\u00e9lyban t\u00f6lt\u00f6tte a gyermekkor\u00e1t. Bp.-en v\u00e9gezte tanulm\u00e1nyait a Notre Dame de Sion, Sacr\u00e9 Coeur francia [&hellip;]<\/p>\n","protected":false},"featured_media":0,"comment_status":"open","ping_status":"closed","template":"","meta":[],"product_brand":[],"product_cat":[137],"product_tag":[],"class_list":{"0":"post-9520","1":"product","2":"type-product","3":"status-publish","5":"product_cat-maros-megyei-eletrajzi-lexikon","7":"first","8":"instock","9":"shipping-taxable","10":"product-type-simple"},"_links":{"self":[{"href":"https:\/\/uj.adatbank.ro\/lexikon\/wp-json\/wp\/v2\/product\/9520","targetHints":{"allow":["GET"]}}],"collection":[{"href":"https:\/\/uj.adatbank.ro\/lexikon\/wp-json\/wp\/v2\/product"}],"about":[{"href":"https:\/\/uj.adatbank.ro\/lexikon\/wp-json\/wp\/v2\/types\/product"}],"replies":[{"embeddable":true,"href":"https:\/\/uj.adatbank.ro\/lexikon\/wp-json\/wp\/v2\/comments?post=9520"}],"wp:attachment":[{"href":"https:\/\/uj.adatbank.ro\/lexikon\/wp-json\/wp\/v2\/media?parent=9520"}],"wp:term":[{"taxonomy":"product_brand","embeddable":true,"href":"https:\/\/uj.adatbank.ro\/lexikon\/wp-json\/wp\/v2\/product_brand?post=9520"},{"taxonomy":"product_cat","embeddable":true,"href":"https:\/\/uj.adatbank.ro\/lexikon\/wp-json\/wp\/v2\/product_cat?post=9520"},{"taxonomy":"product_tag","embeddable":true,"href":"https:\/\/uj.adatbank.ro\/lexikon\/wp-json\/wp\/v2\/product_tag?post=9520"}],"curies":[{"name":"wp","href":"https:\/\/api.w.org\/{rel}","templated":true}]}}

HALLER Ilona, § hallerkői gr. szentpáli ág, Harmath Ferencné

<p>Bp., 1924. jún. 9., † Mv., 2010. dec. 31.: birtokos. – H. István (1896–1971) és br. Schell Mária-Lujza (1899-München, 1992. dec. 10) leánya. Férjhez ment Keszi Harmath Ferenc (1919-tanítóhoz (Kerelőszentpál, 1948. jún. 17). Fiaik: Ferenc és István. – A szentpáli kastélyban töltötte a gyermekkorát. Bp.-en végezte tanulmányait a Notre Dame de Sion, Sacré Coeur francia és német nyelviskolákban és nyelvmesteri oklevelet szerzett. Hazatért Szentpálra (1944), miután apját internálták (1944. aug. 23. -okt.), anyjával Bp.-re menekültek, majd visszatértek a megrongált kastélyba. A szülők kényszerlakhelyre kerültek (1949. márc. 2.). A férje a küküllődombói általános iskolában tanított nyugdíjazásáig (1949–). A gyermekei nevelése mellett végezte az iskola titkári teendőit, óraadó tanárként idegen nyelveket (német, angol, francia) oktatott. Németo. -ba telepedtek szülei (1968). Feketegödén üdüllőházat építettek. A szentpáli és Ugra kastély egyik utolsó tulajdonosa. A szentpáli kastélyt a gyulafehérvári érsekségnek ajándékozták és romos állapotban van, az ugrai kastélyt új tulajdonosa, Fóris Csaba, teljes szépségében restauráltatta és kastélyszállóvá alakította. Nyugdíjazás után Mv.-en éltek. <br /><strong>Irod.:</strong> Bodolai; Bodolai Gyöngyi: A találkozás (Nú., 2008. aug. 7.); Bodolai Gyöngyi: Új élet, új helyen (Nú., 2008. aug. 14.); Gudenus; [Nekrológ] (Nú., 2011. jan. 4.); Vajda György: Rekviem egy kastélyért (Nú., 1998. júl. 24)</br></p>

<p>Bp., 1924. jún. 9., † Mv., 2010. dec. 31.: birtokos. – H. István (1896–1971) és br. Schell Mária-Lujza (1899-München, 1992. dec. 10) leánya. Férjhez ment Keszi Harmath Ferenc (1919-tanítóhoz (Kerelőszentpál, 1948. jún. 17). Fiaik: Ferenc és István. – A szentpáli kastélyban töltötte a gyermekkorát. Bp.-en végezte tanulmányait a Notre Dame de Sion, Sacré Coeur francia [&hellip;]</p>
