{"id":9522,"date":"2025-06-29T12:47:58","date_gmt":"2025-06-29T10:47:58","guid":{"rendered":"https:\/\/uj.adatbank.ro\/lexikon\/termek\/haller-istvan\/"},"modified":"2025-06-29T12:47:58","modified_gmt":"2025-06-29T10:47:58","slug":"haller-istvan","status":"publish","type":"product","link":"https:\/\/uj.adatbank.ro\/lexikon\/termek\/haller-istvan\/","title":{"rendered":"HALLER Istv\u00e1n"},"content":{"rendered":"<p>1610., \u2020 ? 1674.: k\u00fck\u00fcll\u0151i f\u0151isp\u00e1n. \u2013 K\u00fck\u00fcll\u0151 megye f\u0151isp\u00e1nja, tan\u00e1cs\u00far. R\u00e9szt vett az I. R\u00e1k\u00f3czi Gy\u00f6rgy vezet\u00e9se alatt D\u00e9sen tartott ogy.-en (1638. j\u00fal. 7. \u2013). <br \/><strong>Irod.:<\/strong> B\u00edr\u00f3 J\u00f3zsef; Documente privitoare la istoria Ardealului, Moldovei \u015fi \u0162\u0103rii Rom\u00e2ne\u015fti (Buc., 1929\u201338); Erd\u00e9lyi orsz\u00e1ggy\u0171l\u00e9si eml\u00e9kek (Bp., 1875\u201384); K\u00e9nosi-Uzoni 2.; A m. nemzet t\u00f6rt\u00e9nete (Bp., 1895\u201398); MMK, Sz\u00e9deczky Kardos Lajos: Korny\u00e1ti B\u00e9k\u00e9s G\u00e1sp\u00e1r (Bp., 1887); SzOkl, 6<\/br><\/p>\n","protected":false},"excerpt":{"rendered":"<p>1610., \u2020 ? 1674.: k\u00fck\u00fcll\u0151i f\u0151isp\u00e1n. \u2013 K\u00fck\u00fcll\u0151 megye f\u0151isp\u00e1nja, tan\u00e1cs\u00far. R\u00e9szt vett az I. R\u00e1k\u00f3czi Gy\u00f6rgy vezet\u00e9se alatt D\u00e9sen tartott ogy.-en (1638. j\u00fal. 7. \u2013). Irod.: B\u00edr\u00f3 J\u00f3zsef; Documente privitoare la istoria Ardealului, Moldovei \u015fi \u0162\u0103rii Rom\u00e2ne\u015fti (Buc., 1929\u201338); Erd\u00e9lyi orsz\u00e1ggy\u0171l\u00e9si eml\u00e9kek (Bp., 1875\u201384); K\u00e9nosi-Uzoni 2.; A m. nemzet t\u00f6rt\u00e9nete (Bp., 1895\u201398); MMK, Sz\u00e9deczky [&hellip;]<\/p>\n","protected":false},"featured_media":0,"comment_status":"open","ping_status":"closed","template":"","meta":[],"product_brand":[],"product_cat":[137],"product_tag":[],"class_list":{"0":"post-9522","1":"product","2":"type-product","3":"status-publish","5":"product_cat-maros-megyei-eletrajzi-lexikon","7":"first","8":"instock","9":"shipping-taxable","10":"product-type-simple"},"_links":{"self":[{"href":"https:\/\/uj.adatbank.ro\/lexikon\/wp-json\/wp\/v2\/product\/9522","targetHints":{"allow":["GET"]}}],"collection":[{"href":"https:\/\/uj.adatbank.ro\/lexikon\/wp-json\/wp\/v2\/product"}],"about":[{"href":"https:\/\/uj.adatbank.ro\/lexikon\/wp-json\/wp\/v2\/types\/product"}],"replies":[{"embeddable":true,"href":"https:\/\/uj.adatbank.ro\/lexikon\/wp-json\/wp\/v2\/comments?post=9522"}],"wp:attachment":[{"href":"https:\/\/uj.adatbank.ro\/lexikon\/wp-json\/wp\/v2\/media?parent=9522"}],"wp:term":[{"taxonomy":"product_brand","embeddable":true,"href":"https:\/\/uj.adatbank.ro\/lexikon\/wp-json\/wp\/v2\/product_brand?post=9522"},{"taxonomy":"product_cat","embeddable":true,"href":"https:\/\/uj.adatbank.ro\/lexikon\/wp-json\/wp\/v2\/product_cat?post=9522"},{"taxonomy":"product_tag","embeddable":true,"href":"https:\/\/uj.adatbank.ro\/lexikon\/wp-json\/wp\/v2\/product_tag?post=9522"}],"curies":[{"name":"wp","href":"https:\/\/api.w.org\/{rel}","templated":true}]}}

HALLER István

<p>1610., † ? 1674.: küküllői főispán. – Küküllő megye főispánja, tanácsúr. Részt vett az I. Rákóczi György vezetése alatt Désen tartott ogy.-en (1638. júl. 7. –). <br /><strong>Irod.:</strong> Bíró József; Documente privitoare la istoria Ardealului, Moldovei şi Ţării Româneşti (Buc., 1929–38); Erdélyi országgyűlési emlékek (Bp., 1875–84); Kénosi-Uzoni 2.; A m. nemzet története (Bp., 1895–98); MMK, Szédeczky Kardos Lajos: Kornyáti Békés Gáspár (Bp., 1887); SzOkl, 6</br></p>

<p>1610., † ? 1674.: küküllői főispán. – Küküllő megye főispánja, tanácsúr. Részt vett az I. Rákóczi György vezetése alatt Désen tartott ogy.-en (1638. júl. 7. –). Irod.: Bíró József; Documente privitoare la istoria Ardealului, Moldovei şi Ţării Româneşti (Buc., 1929–38); Erdélyi országgyűlési emlékek (Bp., 1875–84); Kénosi-Uzoni 2.; A m. nemzet története (Bp., 1895–98); MMK, Szédeczky [&hellip;]</p>
