{"id":9525,"date":"2025-06-29T12:48:02","date_gmt":"2025-06-29T10:48:02","guid":{"rendered":"https:\/\/uj.adatbank.ro\/lexikon\/termek\/haller-istvan-hallerkoi-gr-szentpali-ag\/"},"modified":"2025-06-29T12:48:02","modified_gmt":"2025-06-29T10:48:02","slug":"haller-istvan-hallerkoi-gr-szentpali-ag","status":"publish","type":"product","link":"https:\/\/uj.adatbank.ro\/lexikon\/termek\/haller-istvan-hallerkoi-gr-szentpali-ag\/","title":{"rendered":"HALLER Istv\u00e1n, hallerk\u0151i gr., szentp\u00e1li \u00e1g"},"content":{"rendered":"<p>Kerel\u0151szentp\u00e1l, 1896. jan. 28., \u2020\u00a0M\u00fcnchen, 1971. dec. 24. A kerel\u0151szentp\u00e1li kriptak\u00e1poln\u00e1ba helyezt\u00e9k el hamvait feles\u00e9ge hamvaival egy\u00fctt (1984. okt. 27.): agr\u00e1rm\u00e9rn\u00f6k. \u2013 H. Gy\u00f6rgy (1861\u20131944) \u00e9s Bethlen Ilona fia (1872\u20131924). Feles\u00e9ge br. Schell M\u00e1ria-Lujza (Bp., 1899. j\u00fan. 22. -M\u00fcnchen, 1982. dec.). Gyermekeik: Ilona-Katalin (1924) \u00e9s G\u00e9za (1925). \u2013 Bp.-en \u00e9retts\u00e9gizett (1915); a kassai gazdas\u00e1gi akad. -\u00e1n szerzett oklevelet (1919). Az I. vh.-ban a 9. honv\u00e9d husz\u00e1rezred tartal\u00e9kos hadnagya volt (1916. jan. 1. \u2013). Hadi kit\u00fcntet\u00e9seket kapott. A kerel\u0151szentp\u00e1li birtok utols\u00f3 ura. A szentp\u00e1li gazdas\u00e1got vezette, moderniz\u00e1lta azt. Marosugr\u00e1n \u00e9s Ol\u00e1hdell\u0151n malmokat m\u0171k\u00f6dtetett. Az Erd\u00e9lyi r. k. egyh\u00e1zmegye 15-\u0151s bizotts\u00e1g\u00e1nak tagja, igazgat\u00f3-tan\u00e1csi tag; az EGE \u00e9s a K\u00fcl\u00fcll\u0151vm. Gazdas\u00e1gi Egyes\u00fclet v\u00e1lasztm\u00e1nyi tagja; az Erd\u00e9lyi, majd a D\u00e9l-Erd\u00e9lyi eln\u00f6ke a Hangya Sz\u00f6vetkezetek Sz\u00f6vets\u00e9g\u00e9nek Nagyenyeden (1938\u2013); a Minerva Irodalmi M\u0171int\u00e9zet fel\u00fcgyel\u0151bizotts\u00e1gi tagja; a Gyulafeh\u00e9rv\u00e1ri R. K. P\u00fcsp\u00f6ks\u00e9g mellett m\u00fck\u00f6d\u0151 St\u00e1tus tagja, a P\u00fcsp\u00f6ks\u00e9g tulajdon\u00e1ban l\u00e9v\u0151 Radn\u00f3ti Gazdas\u00e1gi Iskola fel\u00fcgyel\u0151 bizotts\u00e1g\u00e1nak eln\u00f6ke volt. Az ugrai r. k. templom az \u0151 anyagi hozz\u00e1j\u00e1rul\u00e1s\u00e1val \u00e9p\u00fclt (1942). Cikkeit a nagyenyedi Sz\u00f6vetkez\u00e9s-ben k\u00f6z\u00f6lte. Intern\u00e1l\u00f3t\u00e1borba hurcolt\u00e1k (1944. aug. 23. ut\u00e1n), a csal\u00e1d n\u0151tagjai Bp.-en voltak, a kast\u00e9lyt kirabolt\u00e1k, visszat\u00e9rtek Szentp\u00e1lra (1945 ut\u00e1n). A kerel\u0151szentp\u00e1li r. k. egyh\u00e1zk\u00f6zs\u00e9g f\u0151gondnoka (1949-ig). Ekkor \u00e1llamos\u00edtott\u00e1k a birtokait \u00e9s \u00e1llami gazdas\u00e1gg\u00e1 alak\u00edtott\u00e1k. K\u00e9nyszerlakhelyre (D. O.) ker\u00fclt Mv. -re, a feles\u00e9ge pedig Erzs\u00e9betv\u00e1rosba (1949. m\u00e1rc.). A securitate megfigyeltette (1952\u2013), m\u00e9g kitelep\u00fcl\u00e9se ut\u00e1n is. Mv.-en dolgozott fafeldolgoz\u00f3 \u00fczemben, gombgy\u00e1rt\u00f3 \u00e9s pap\u00edrzacsk\u00f3 ragaszt\u00f3 m\u0171helyben. Kiv\u00e1ndorl\u00e1si enged\u00e9llyel M\u00fcnchenben telepedtek le (1968. febr.), ahol rokonai voltak. <br \/><strong>Irod.:<\/strong> \u00c1ll\u00f3- \u00e9s mozg\u00f3k\u00e9pek; Bartos 2012; De\u00e9 Nagy Anik\u00f3 2001; EM; Gudenus; Guly\u00e1s; Id\u0151t\u00e1r 4.; Koszta; Maros-k\u00fck\u00fcll\u0151i f\u0151esp.<\/br><\/p>\n","protected":false},"excerpt":{"rendered":"<p>Kerel\u0151szentp\u00e1l, 1896. jan. 28., \u2020\u00a0M\u00fcnchen, 1971. dec. 24. A kerel\u0151szentp\u00e1li kriptak\u00e1poln\u00e1ba helyezt\u00e9k el hamvait feles\u00e9ge hamvaival egy\u00fctt (1984. okt. 27.): agr\u00e1rm\u00e9rn\u00f6k. \u2013 H. Gy\u00f6rgy (1861\u20131944) \u00e9s Bethlen Ilona fia (1872\u20131924). Feles\u00e9ge br. Schell M\u00e1ria-Lujza (Bp., 1899. j\u00fan. 22. -M\u00fcnchen, 1982. dec.). Gyermekeik: Ilona-Katalin (1924) \u00e9s G\u00e9za (1925). \u2013 Bp.-en \u00e9retts\u00e9gizett (1915); a kassai gazdas\u00e1gi akad. [&hellip;]<\/p>\n","protected":false},"featured_media":0,"comment_status":"open","ping_status":"closed","template":"","meta":[],"product_brand":[],"product_cat":[137],"product_tag":[],"class_list":{"0":"post-9525","1":"product","2":"type-product","3":"status-publish","5":"product_cat-maros-megyei-eletrajzi-lexikon","7":"first","8":"instock","9":"shipping-taxable","10":"product-type-simple"},"_links":{"self":[{"href":"https:\/\/uj.adatbank.ro\/lexikon\/wp-json\/wp\/v2\/product\/9525","targetHints":{"allow":["GET"]}}],"collection":[{"href":"https:\/\/uj.adatbank.ro\/lexikon\/wp-json\/wp\/v2\/product"}],"about":[{"href":"https:\/\/uj.adatbank.ro\/lexikon\/wp-json\/wp\/v2\/types\/product"}],"replies":[{"embeddable":true,"href":"https:\/\/uj.adatbank.ro\/lexikon\/wp-json\/wp\/v2\/comments?post=9525"}],"wp:attachment":[{"href":"https:\/\/uj.adatbank.ro\/lexikon\/wp-json\/wp\/v2\/media?parent=9525"}],"wp:term":[{"taxonomy":"product_brand","embeddable":true,"href":"https:\/\/uj.adatbank.ro\/lexikon\/wp-json\/wp\/v2\/product_brand?post=9525"},{"taxonomy":"product_cat","embeddable":true,"href":"https:\/\/uj.adatbank.ro\/lexikon\/wp-json\/wp\/v2\/product_cat?post=9525"},{"taxonomy":"product_tag","embeddable":true,"href":"https:\/\/uj.adatbank.ro\/lexikon\/wp-json\/wp\/v2\/product_tag?post=9525"}],"curies":[{"name":"wp","href":"https:\/\/api.w.org\/{rel}","templated":true}]}}

HALLER István, hallerkői gr., szentpáli ág

<p>Kerelőszentpál, 1896. jan. 28., † München, 1971. dec. 24. A kerelőszentpáli kriptakápolnába helyezték el hamvait felesége hamvaival együtt (1984. okt. 27.): agrármérnök. – H. György (1861–1944) és Bethlen Ilona fia (1872–1924). Felesége br. Schell Mária-Lujza (Bp., 1899. jún. 22. -München, 1982. dec.). Gyermekeik: Ilona-Katalin (1924) és Géza (1925). – Bp.-en érettségizett (1915); a kassai gazdasági akad. -án szerzett oklevelet (1919). Az I. vh.-ban a 9. honvéd huszárezred tartalékos hadnagya volt (1916. jan. 1. –). Hadi kitüntetéseket kapott. A kerelőszentpáli birtok utolsó ura. A szentpáli gazdaságot vezette, modernizálta azt. Marosugrán és Oláhdellőn malmokat működtetett. Az Erdélyi r. k. egyházmegye 15-ős bizottságának tagja, igazgató-tanácsi tag; az EGE és a Külüllővm. Gazdasági Egyesület választmányi tagja; az Erdélyi, majd a Dél-Erdélyi elnöke a Hangya Szövetkezetek Szövetségének Nagyenyeden (1938–); a Minerva Irodalmi Műintézet felügyelőbizottsági tagja; a Gyulafehérvári R. K. Püspökség mellett müködő Státus tagja, a Püspökség tulajdonában lévő Radnóti Gazdasági Iskola felügyelő bizottságának elnöke volt. Az ugrai r. k. templom az ő anyagi hozzájárulásával épült (1942). Cikkeit a nagyenyedi Szövetkezés-ben közölte. Internálótáborba hurcolták (1944. aug. 23. után), a család nőtagjai Bp.-en voltak, a kastélyt kirabolták, visszatértek Szentpálra (1945 után). A kerelőszentpáli r. k. egyházközség főgondnoka (1949-ig). Ekkor államosították a birtokait és állami gazdasággá alakították. Kényszerlakhelyre (D. O.) került Mv. -re, a felesége pedig Erzsébetvárosba (1949. márc.). A securitate megfigyeltette (1952–), még kitelepülése után is. Mv.-en dolgozott fafeldolgozó üzemben, gombgyártó és papírzacskó ragasztó műhelyben. Kivándorlási engedéllyel Münchenben telepedtek le (1968. febr.), ahol rokonai voltak. <br /><strong>Irod.:</strong> Álló- és mozgóképek; Bartos 2012; Deé Nagy Anikó 2001; EM; Gudenus; Gulyás; Időtár 4.; Koszta; Maros-küküllői főesp.</br></p>

<p>Kerelőszentpál, 1896. jan. 28., † München, 1971. dec. 24. A kerelőszentpáli kriptakápolnába helyezték el hamvait felesége hamvaival együtt (1984. okt. 27.): agrármérnök. – H. György (1861–1944) és Bethlen Ilona fia (1872–1924). Felesége br. Schell Mária-Lujza (Bp., 1899. jún. 22. -München, 1982. dec.). Gyermekeik: Ilona-Katalin (1924) és Géza (1925). – Bp.-en érettségizett (1915); a kassai gazdasági akad. [&hellip;]</p>
