{"id":9526,"date":"2025-06-29T12:48:03","date_gmt":"2025-06-29T10:48:03","guid":{"rendered":"https:\/\/uj.adatbank.ro\/lexikon\/termek\/haller-istvan-hallerkoi-feheregyhazi-ag\/"},"modified":"2025-06-29T12:48:03","modified_gmt":"2025-06-29T10:48:03","slug":"haller-istvan-hallerkoi-feheregyhazi-ag","status":"publish","type":"product","link":"https:\/\/uj.adatbank.ro\/lexikon\/termek\/haller-istvan-hallerkoi-feheregyhazi-ag\/","title":{"rendered":"HALLER Istv\u00e1n, hallerk\u0151i, feh\u00e9regyh\u00e1zi \u00e1g"},"content":{"rendered":"<p>1591. m\u00e1rc. 4., \u2020 1657. nov. 20, Kerel\u0151szentp\u00e1li kript\u00e1ban nyugszik: f\u0151isp\u00e1n, fejedelmi tan\u00e1csos, orsz\u00e1gos t\u00e1bornok. \u2013 H. G\u00e1bor (1550\u20131608) \u00e9s Bocskai Ilona (\u2020\u00a0Feh\u00e9regyh\u00e1za, 1597. szept. 17) fia. Testv\u00e9rei: Gy\u00f6rgy, Zsigmond. Feles\u00e9ge: 1. Szentiv\u00e1ni Kendi Judit (1599\u20131634), Kendi Istv\u00e1nnak, Erd\u00e9ly kancell\u00e1rj\u00e1nak a le\u00e1nya, akivel a kerel\u0151szentp\u00e1li birtokokat kapta: Kerel\u0151, Ugra, Szentmargita; 2. szalai Bark\u00f3czi Annam\u00e1ria, akit\u0151l \u00f6t le\u00e1nya \u00e9s h\u00e1rom fia sz\u00fcletett: Erzs\u00e9bet, M\u00e1ria, Zsuzsa, Ilona, Judit, Mikl\u00f3s, G\u00e1bor (1614\u20131663), P\u00e1l (1622\u20131658), J\u00e1nos (1626\u20131697). \u2013 A feh\u00e9regyh\u00e1zi \u00e1g megalap\u00edt\u00f3ja. Gondos tan\u00edt\u00e1sban r\u00e9szes\u00fclt, Ferenc testv\u00e9r\u00e9vel egy\u00fctt, Cromer P\u00e9ter tan\u00edtotta, aki k\u00e9s\u0151bb a tordai iskola rektora lett. B\u00e9csben folytatt\u00e1k tanulm\u00e1nyaikai. Itt Ferenc pestisben elhunyt (1605. aug. 31.). B\u00e9csb\u0151l hazat\u00e9rt (1607), apja m\u00e1sodik h\u00e1zass\u00e1g\u00e1ra. A R\u00e1k\u00f3cziak \u00e9s a Bethlenek tan\u00e1csosa, Kis-K\u00fck\u00fcll\u0151 vm. f\u0151isp\u00e1nja (1635; m\u00e1sodszor 1656\u201357), majd orsz\u00e1gos t\u00e1bornokk\u00e1, eln\u00f6kk\u00e9 nevezt\u00e9k ki. Erd\u00e9ly fejedelm\u00e9nek negyedik tan\u00e1csosa (1629\u201357), valamint a kereszt\u00e9ny fejedelmekn\u00e9l \u00e9s a port\u00e1n\u00e1l k\u00f6vet. Az unit. vall\u00e1sr\u00f3l t\u00e9rt \u00e1t r. k. -nak (1620 k.). Feh\u00e9regyh\u00e1z\u00e1ra \u00fajra ferences szerzeteseket hozott (1643), az egykori romos z\u00e1rd\u00e1t fel\u00e9p\u00edtette, I. R\u00e1k\u00f3czi Gy\u00f6rgy betiltotta a rendet (1648), a z\u00e1rda \u00e9s templom \u00fajra romm\u00e1 lett. Feh\u00e9regyh\u00e1z\u00e1n H. -eknek 3000 hold volt a birtokukban, a Haller-kast\u00e9ly (1630-ban \u00e9p\u00fclt). A gyulakutai udavarh\u00e1zat is birtokolta (1635). Gyulafeh\u00e9rv\u00e1ron kiadott oklevele alapj\u00e1n (1643. okt. 12.) Fej\u00e9regyh\u00e1z\u00e1n visszadta a Ferencesek r\u00e9gi z\u00e1rd\u00e1j\u00e1t \u00e9s gondoskodott ell\u00e1t\u00e1sukr\u00f3l \u00e9s a ki\u0171z\u00f6tt ferenceseknek jogokat b\u00edztos\u00edtott a visszat\u00e9r\u00e9sre (1648. j\u00fan. 1.). Feles\u00e9ge r\u00e9v\u00e9n megkapott Kerel\u0151szentp\u00e1lon, \u00faj v\u00e1rkast\u00e9ly \u00e9p\u00edt\u00e9s\u00e9be kezdett (1610\u2013) \u00e9s fia H. J\u00e1nos fejezett be (1674). A kast\u00e9lyegy\u00fcttes (17. \u2013 18. sz.) \u201eA\u201d kateg\u00f3ri\u00e1ba tartoz\u00f3 m\u0171eml\u00e9k, amelyet a kast\u00e9ly k\u00e9s\u0151i \u00f6r\u00f6k\u00f6se, Harmath Ferencn\u00e9 Haller Ilona, a gyulafeh\u00e9rv\u00e1ri r. k. \u00e9rseks\u00e9gnek adom\u00e1nyozott. Bark\u00f3czi Annam\u00e1ria Bethlenben \u00edrt v\u00e9grendelete szerint (1658. j\u00fan. 28.) vagyon\u00e1t Haller J\u00e1nos, Boris \u00e9s Jutka, valanint b\u00e1tyja, Bark\u00f3czi L\u00e1szl\u00f3 \u00e9s gyermekei \u00f6r\u00f6k\u00f6lt\u00e9k. <br \/><strong>Irod.:<\/strong> \u00c1ll\u00f3- \u00e9s mozg\u00f3k\u00e9pek; Bodolai Gy\u00f6ngyi: Sorsa a pusztul\u00e1s ? (N\u00fa., 1990. m\u00e1rc. 24.); Erd\u00e9lyi testamentumok, 3.; Fekete; Gudenus; Gy\u00f6rgy: A ferencrendiek; Horn Ildik\u00f3: Erd\u00e9lyi unit. 16. sz.; K\u00e9nosi-Uzoni 1.; Keresztes Gyula: Kast\u00e9lyaink 24.: A gyulakutai udvarh\u00e1z (N\u00fa., 1992. okt. 3.); Keresztes Gyula: \u00d6r\u00f6ks\u00e9g\u00fcnk 42.: A feh\u00e9regyh\u00e1zi kast\u00e9ly (N\u00fa., 1993. j\u00fal. 16.); Kov\u00e1cs Andr\u00e1s; L\u00e9sty\u00e1n \u2013 templomok; Mo. f\u0151isp\u00e1njai; M\u0171vt\u00f6rt. T. 1980; RNL; Sz\u00e9pr\u00e9ti: R\u00e9gi \u00e9s \u00faj vil\u00e1g; Valori mure\u015fene de patrimoniu<\/br><\/p>\n","protected":false},"excerpt":{"rendered":"<p>1591. m\u00e1rc. 4., \u2020 1657. nov. 20, Kerel\u0151szentp\u00e1li kript\u00e1ban nyugszik: f\u0151isp\u00e1n, fejedelmi tan\u00e1csos, orsz\u00e1gos t\u00e1bornok. \u2013 H. G\u00e1bor (1550\u20131608) \u00e9s Bocskai Ilona (\u2020\u00a0Feh\u00e9regyh\u00e1za, 1597. szept. 17) fia. Testv\u00e9rei: Gy\u00f6rgy, Zsigmond. Feles\u00e9ge: 1. Szentiv\u00e1ni Kendi Judit (1599\u20131634), Kendi Istv\u00e1nnak, Erd\u00e9ly kancell\u00e1rj\u00e1nak a le\u00e1nya, akivel a kerel\u0151szentp\u00e1li birtokokat kapta: Kerel\u0151, Ugra, Szentmargita; 2. szalai Bark\u00f3czi Annam\u00e1ria, akit\u0151l [&hellip;]<\/p>\n","protected":false},"featured_media":0,"comment_status":"open","ping_status":"closed","template":"","meta":[],"product_brand":[],"product_cat":[137],"product_tag":[],"class_list":{"0":"post-9526","1":"product","2":"type-product","3":"status-publish","5":"product_cat-maros-megyei-eletrajzi-lexikon","7":"first","8":"instock","9":"shipping-taxable","10":"product-type-simple"},"_links":{"self":[{"href":"https:\/\/uj.adatbank.ro\/lexikon\/wp-json\/wp\/v2\/product\/9526","targetHints":{"allow":["GET"]}}],"collection":[{"href":"https:\/\/uj.adatbank.ro\/lexikon\/wp-json\/wp\/v2\/product"}],"about":[{"href":"https:\/\/uj.adatbank.ro\/lexikon\/wp-json\/wp\/v2\/types\/product"}],"replies":[{"embeddable":true,"href":"https:\/\/uj.adatbank.ro\/lexikon\/wp-json\/wp\/v2\/comments?post=9526"}],"wp:attachment":[{"href":"https:\/\/uj.adatbank.ro\/lexikon\/wp-json\/wp\/v2\/media?parent=9526"}],"wp:term":[{"taxonomy":"product_brand","embeddable":true,"href":"https:\/\/uj.adatbank.ro\/lexikon\/wp-json\/wp\/v2\/product_brand?post=9526"},{"taxonomy":"product_cat","embeddable":true,"href":"https:\/\/uj.adatbank.ro\/lexikon\/wp-json\/wp\/v2\/product_cat?post=9526"},{"taxonomy":"product_tag","embeddable":true,"href":"https:\/\/uj.adatbank.ro\/lexikon\/wp-json\/wp\/v2\/product_tag?post=9526"}],"curies":[{"name":"wp","href":"https:\/\/api.w.org\/{rel}","templated":true}]}}

HALLER István, hallerkői, fehéregyházi ág

<p>1591. márc. 4., † 1657. nov. 20, Kerelőszentpáli kriptában nyugszik: főispán, fejedelmi tanácsos, országos tábornok. – H. Gábor (1550–1608) és Bocskai Ilona († Fehéregyháza, 1597. szept. 17) fia. Testvérei: György, Zsigmond. Felesége: 1. Szentiváni Kendi Judit (1599–1634), Kendi Istvánnak, Erdély kancellárjának a leánya, akivel a kerelőszentpáli birtokokat kapta: Kerelő, Ugra, Szentmargita; 2. szalai Barkóczi Annamária, akitől öt leánya és három fia született: Erzsébet, Mária, Zsuzsa, Ilona, Judit, Miklós, Gábor (1614–1663), Pál (1622–1658), János (1626–1697). – A fehéregyházi ág megalapítója. Gondos tanításban részesült, Ferenc testvérével együtt, Cromer Péter tanította, aki később a tordai iskola rektora lett. Bécsben folytatták tanulmányaikai. Itt Ferenc pestisben elhunyt (1605. aug. 31.). Bécsből hazatért (1607), apja második házasságára. A Rákócziak és a Bethlenek tanácsosa, Kis-Küküllő vm. főispánja (1635; másodszor 1656–57), majd országos tábornokká, elnökké nevezték ki. Erdély fejedelmének negyedik tanácsosa (1629–57), valamint a keresztény fejedelmeknél és a portánál követ. Az unit. vallásról tért át r. k. -nak (1620 k.). Fehéregyházára újra ferences szerzeteseket hozott (1643), az egykori romos zárdát felépítette, I. Rákóczi György betiltotta a rendet (1648), a zárda és templom újra rommá lett. Fehéregyházán H. -eknek 3000 hold volt a birtokukban, a Haller-kastély (1630-ban épült). A gyulakutai udavarházat is birtokolta (1635). Gyulafehérváron kiadott oklevele alapján (1643. okt. 12.) Fejéregyházán visszadta a Ferencesek régi zárdáját és gondoskodott ellátásukról és a kiűzött ferenceseknek jogokat bíztosított a visszatérésre (1648. jún. 1.). Felesége révén megkapott Kerelőszentpálon, új várkastély építésébe kezdett (1610–) és fia H. János fejezett be (1674). A kastélyegyüttes (17. – 18. sz.) „A” kategóriába tartozó műemlék, amelyet a kastély késői örököse, Harmath Ferencné Haller Ilona, a gyulafehérvári r. k. érsekségnek adományozott. Barkóczi Annamária Bethlenben írt végrendelete szerint (1658. jún. 28.) vagyonát Haller János, Boris és Jutka, valanint bátyja, Barkóczi László és gyermekei örökölték. <br /><strong>Irod.:</strong> Álló- és mozgóképek; Bodolai Gyöngyi: Sorsa a pusztulás ? (Nú., 1990. márc. 24.); Erdélyi testamentumok, 3.; Fekete; Gudenus; György: A ferencrendiek; Horn Ildikó: Erdélyi unit. 16. sz.; Kénosi-Uzoni 1.; Keresztes Gyula: Kastélyaink 24.: A gyulakutai udvarház (Nú., 1992. okt. 3.); Keresztes Gyula: Örökségünk 42.: A fehéregyházi kastély (Nú., 1993. júl. 16.); Kovács András; Léstyán – templomok; Mo. főispánjai; Művtört. T. 1980; RNL; Szépréti: Régi és új világ; Valori mureşene de patrimoniu</br></p>

<p>1591. márc. 4., † 1657. nov. 20, Kerelőszentpáli kriptában nyugszik: főispán, fejedelmi tanácsos, országos tábornok. – H. Gábor (1550–1608) és Bocskai Ilona († Fehéregyháza, 1597. szept. 17) fia. Testvérei: György, Zsigmond. Felesége: 1. Szentiváni Kendi Judit (1599–1634), Kendi Istvánnak, Erdély kancellárjának a leánya, akivel a kerelőszentpáli birtokokat kapta: Kerelő, Ugra, Szentmargita; 2. szalai Barkóczi Annamária, akitől [&hellip;]</p>
