{"id":9527,"date":"2025-06-29T12:48:05","date_gmt":"2025-06-29T10:48:05","guid":{"rendered":"https:\/\/uj.adatbank.ro\/lexikon\/termek\/haller-janos-haller-joannes-hallerkoi-br-feheregyhazi-ag\/"},"modified":"2025-06-29T12:48:05","modified_gmt":"2025-06-29T10:48:05","slug":"haller-janos-haller-joannes-hallerkoi-br-feheregyhazi-ag","status":"publish","type":"product","link":"https:\/\/uj.adatbank.ro\/lexikon\/termek\/haller-janos-haller-joannes-hallerkoi-br-feheregyhazi-ag\/","title":{"rendered":"HALLER J\u00e1nos, Haller Joannes, hallerk\u0151i br., feh\u00e9regyh\u00e1zi \u00e1g"},"content":{"rendered":"<p>K\u0151v\u00e1r, 1626. m\u00e1rc. 2., \u2020\u00a0Kerel\u0151szentp\u00e1l, 1697. febr. 28. A kerel\u0151szentp\u00e1li kriptak\u00e1polna tornya al\u00e1 temett\u00e9k feles\u00e9g\u00e9vel egy\u00fctt: f\u0151kincst\u00e1rnok, f\u0151isp\u00e1n, fejedelmi tan\u00e1csos, Torda vm. f\u0151isp\u00e1nja, politikus, \u00edr\u00f3. \u2013 H. Istv\u00e1n (1591\u20131657) \u00e9s Kendi Judit (1599\u20131634) fia. Feles\u00e9ge: g\u00f6nczruszkai Kornis Kata (Gyerke, 1639. \u2013 Szentp\u00e1l, 1696. nov. 16); Gyermekeik: Istv\u00e1n (1655\u20131710) \u00e9s Krisztina (1655\u20131685); J\u00f3zsef (\u2020 1691), Th\u00f6koly Imre Havasalf\u00f6ld\u00f6n kiv\u00e9geztette; \u00c9va ap\u00e1ca a pozsonyi Klarissza kolostorban; Anna Gyulai L\u00e1szl\u00f3n\u00e9. Nagyapja Petki J\u00e1nos \u00e9s Haller Krisztina gyerekeinek (D\u00e1vid, Ter\u00e9zia, S\u00e1ra) \u00e9s a sz\u00fcl\u0151k hal\u00e1la ut\u00e1n (1686) a gy\u00e1mjuk volt. A nagyapa v\u00e9grendelet\u00e9ben (1697) Marosszentgy\u00f6rgy teljes eg\u00e9sz\u00e9ben a Petki D\u00e1vid birtok\u00e1ban maradt. \u2013 Val\u00f3sz\u00edn\u0171leg k\u00fclf\u00f6ldi egyetemeken tanult. Kor\u00e1n k\u00f6zp\u00e1ly\u00e1ra l\u00e9pett \u00e9s folyton emelkedett a hivatalok rangfokozat\u00e1n. Tagja volt a feh\u00e9rv\u00e1ri ogy. -nek (1657), melyen R\u00e1k\u00f3czi Gy\u00f6rgy lemondott. Torda megye f\u0151isp\u00e1nja (1657\u2013), az erd\u00e9lyi fejedelmek tan\u00e1csad\u00f3ja. Befejezte az apja \u00e1ltal megkezdett v\u00e1rkast\u00e9ly \u00e9p\u00edt\u00e9s\u00e9t Kerel\u0151szentp\u00e1lon (1674). Mv.-en kir. biztos, feladata a v\u00e1rosi tan\u00e1cs \u00e9s a lak\u00f3s\u00e1g k\u00f6z\u00f6tti ellent\u00e9tek felsz\u00e1mol\u00e1sa (1676). Barcsay \u00e9s Apafi k\u00f6vete B\u00e9csben; B\u00e9ldi P\u00e1l mozgalm\u00e1ban val\u00f3 r\u00e9szt v\u00e9tele miatt Fogaras v\u00e1r\u00e1ban raboskodott (1679\u201383). Kiszabadulv\u00e1n visszanyerte I. Apafi Mih\u00e1ly bizalm\u00e1t: ad\u00f3fel\u00fcgyel\u0151 (1684\u2013); a fejedelem k\u00f6vete B\u00e9csben (1685), a k\u00f6v. esztend\u0151ben pedig al\u00e1\u00edrta a r\u00f3la elnevezett szerz\u0151d\u00e9st, amely alapj\u00e1t k\u00e9pezte a Diploma Leopoldinumnak (1691), amely Erd\u00e9ly k\u00e9s\u0151bbi politikai rendszer\u00e9nek az alapj\u00e1t k\u00e9pezte. A Habsburgok erd\u00e9lyi uralma alatt kincstart\u00f3 (1691- 96), a korm\u00e1nyz\u00f3tan\u00e1cs tagja (1692\u2013). M\u0171velt f\u0151\u00far volt, besz\u00e9lt latinul, franci\u00e1ul, olaszul, irodalmi munk\u00e1ss\u00e1ga is nevezetes, megjelent az \u00edzes magyars\u00e1ggal meg\u00edrt H\u00e1rmas hist\u00f3ri\u00e1ja (1695), amelyet fogarasi raboskod\u00e1sa alatt \u00edrt: \u00e1tdolgozta latinb\u00f3l magyarra Nagy S\u00e1ndor t\u00f6rt\u00e9net\u00e9t, Tr\u00f3ja pusztul\u00e1s\u00e1t \u00e9s a Gesta Romanorumot. Ott ford\u00edtotta Paizs a b\u00e9kess\u00e9ges t\u0171r\u00e9snek pajzsa Jacobus Corenus francia obszerv\u00e1ns szerzetes vall\u00e1sos elm\u00e9lked\u00e9seit. Az el\u0151sz\u00f3 tanus\u00e1ga szerint tudatos nyelvi program megval\u00f3s\u00edt\u00e1s\u00e1ra t\u00f6rekedett, a nyelv tisztas\u00e1g\u00e1nak meg\u0151rz\u00e9s\u00e9t, a k\u00f6zn\u00e9p m\u0171vel\u00e9s\u00e9t \u00e9s sz\u00f3rakoztat\u00e1s\u00e1t tartotta szem el\u0151tt. \u2013 <strong>F. m.:<\/strong> Pays, a b\u00e9kess\u00e9ges t\u0171r\u00e9snek Paysa (Jacobus Corenus m\u0171v\u00e9nek ford., Csiksomly\u00f3 1682); H\u00e1rmas Istoria (Kv., 1695; Pozsony, 1751, 1767; Buda, 1757; Debrecen, 1765, 1865; Pest, 1795; [Szemelv\u00e9nyek] v\u00e1l., bev. Moln\u00e1r Szabolcs; Buk., 1977; Bp., 1992, Bp., 2004); H. J. f\u00f6ljegyz\u00e9sei 1686\u20131687-r\u0151l (T\u00f6rt\u00e9nelmi T\u00e1r 1878); Gesta Romanorum (Kv., 1695; Bp., 1899, 1900, 1903, 1943, 1977); [Versei]. Kiad. Varga Imre (R\u00e9gi M. K\u00f6lt\u0151k T\u00e1ra, XVII. sz., 11. Bp., 1986); <strong>antol\u00f3g.:<\/strong> A m. pr\u00f3za k\u00f6nyve (Bp., 1942). <br \/><strong>Irod.:<\/strong> \u00c1ll\u00f3- \u00e9s mozg\u00f3k\u00e9pek; \u00c1rva Bethlen K.; B\u00e1nhegyi; Be\u00f6thy; B\u00edr\u00f3; B\u00edr\u00f3 J\u00f3zsef; Bodn\u00e1r; Bodolai Gy\u00f6ngyi: Sorsa a pusztul\u00e1s ? (N\u00fa., 1990. m\u00e1rc. 24.); Borb\u00e9ly; Chalupka Rezs\u0151: Hallerk\u0151i id. Gr. Haller J\u00e1nos (Sz\u00e9kelyudvarhely, 1911); De\u00e1k Farkas: Uzoni B\u00e9ldi P\u00e1l (Bp., 1887); Demeter Csan\u00e1d: H\u00e1rmas Hist\u00f3ria (\u00d6r\u00f6ks\u00e9g\u00fcnk, 4. sz., 2009.); D\u00e9zsi Lajos: Magyar \u00edr\u00f3 \u00e9s k\u00f6nyvnyomtat\u00f3 a XVII. sz.-ban (Bp., 1899); Endes; Erd\u00e9lyi f\u00e9niks; F\u00e1bi\u00e1n; Ferenczy-Danielik; F\u00fcl\u00f6p\u2013Ferencz; Greguss \u00c1gost: \u00cdr\u00f3i arck\u00e9pek (Bp., s. a.); Gudenus; Guly\u00e1s; Gyallay; Hal\u00e1sz L\u00e1szl\u00f3; Harmath-K\u00e1lm\u00e1n; Hor\u00e1nyi; Horv\u00e1th Cyrill; Kem\u00e9ny J\u00f3zsef: T\u00f6rt\u00e9nelmi \u00e9s irodalmi kal\u00e1szatok (Pest, 1861); Keresztes Gyula: Kast\u00e9lyaink 4. A kerel\u0151szentp\u00e1li kast\u00e9ly (N\u00fa., 1992. m\u00e1rc. 21.); Keresztes Gyula: Kast\u00e9lyaink 5. Az ugrai kast\u00e9ly (N\u00fa., 1992. \u00e1pr. 4.); Kov\u00e1cs Andr\u00e1s; Kozocsa; K\u0151v\u00e1ry; Die Literaturen des Ostens (Leipzig, 1906); Lukinich Imre: Erd\u00e9ly ter\u00fcleti v\u00e1ltoz\u00e1sai a t\u00f6r\u00f6k h\u00f3d\u00edt\u00e1s kor\u00e1ban (Bp., 1918); A m. irodalom t\u00f6rt\u00e9nete; A m. irodalom t\u00f6rt\u00e9nete 1900.-ig (Bp., 1913); M. m\u0171vel\u0151d\u00e9st\u00f6rt\u00e9net (Bp., s. a.); A m. pr\u00f3za k\u00f6nyve (Pest., 1804); M. t\u00f6rt. \u00e9vk. napl\u00f3k 3.; M\u00c9L; MAM\u0170L; MNL; Mordovin Maxim: A Petki csal\u00e1d \u00e9s Marosszentgy\u00f6rgy  =  Marosszentgy\u00f6rgy; P\u00e1l-Antal 2006; Pallos Istv\u00e1n: 50 m. \u00f3ra (Bp., 1931); Pap L.: ferences nyomd\u00e1k; P\u00e1pay; Pascu; Pint\u00e9r; Pokoly; A r\u00e9gi m. k\u00f6lt\u00e9szet remekei (Bp., 1903); R\u00e9gi m. k\u00f6lt\u0151k t\u00e1ra (Bp., 1877\u201386); RMK; R\u00f3th: Sz\u00fcletett nyelv\u00fcnk\u00f6n; Sz\u00e1deczky Kardos Lajos: A sz\u00e9kely nemzet t\u00f6rt\u00e9nete \u00e9s alkotm\u00e1nya (Bp., 1927); Szaniszl\u00f3; Szarvas G\u00e1bor: M. nyelvt\u00f6rt\u00e9neti sz\u00f3t\u00e1r (Bp., 1890\u201393); SzOkl, 6; Szerb; Szinnyei; Szinnyei J; Teleki Mih\u00e1ly udvartart\u00e1si napl\u00f3ja (1673\u20131681) (Kv., 2007); Teutsch Friedrich; Toldy; A t\u00f6rt\u00e9neti Erd\u00e9ly (Bp., 1936); Tr\u00f3cs\u00e1nyi 1988; \u00daj Lexikon; \u00daM\u00c9L<\/br><\/p>\n","protected":false},"excerpt":{"rendered":"<p>K\u0151v\u00e1r, 1626. m\u00e1rc. 2., \u2020\u00a0Kerel\u0151szentp\u00e1l, 1697. febr. 28. A kerel\u0151szentp\u00e1li kriptak\u00e1polna tornya al\u00e1 temett\u00e9k feles\u00e9g\u00e9vel egy\u00fctt: f\u0151kincst\u00e1rnok, f\u0151isp\u00e1n, fejedelmi tan\u00e1csos, Torda vm. f\u0151isp\u00e1nja, politikus, \u00edr\u00f3. \u2013 H. Istv\u00e1n (1591\u20131657) \u00e9s Kendi Judit (1599\u20131634) fia. Feles\u00e9ge: g\u00f6nczruszkai Kornis Kata (Gyerke, 1639. \u2013 Szentp\u00e1l, 1696. nov. 16); Gyermekeik: Istv\u00e1n (1655\u20131710) \u00e9s Krisztina (1655\u20131685); J\u00f3zsef (\u2020 1691), Th\u00f6koly [&hellip;]<\/p>\n","protected":false},"featured_media":0,"comment_status":"open","ping_status":"closed","template":"","meta":[],"product_brand":[],"product_cat":[137],"product_tag":[],"class_list":{"0":"post-9527","1":"product","2":"type-product","3":"status-publish","5":"product_cat-maros-megyei-eletrajzi-lexikon","7":"first","8":"instock","9":"shipping-taxable","10":"product-type-simple"},"_links":{"self":[{"href":"https:\/\/uj.adatbank.ro\/lexikon\/wp-json\/wp\/v2\/product\/9527","targetHints":{"allow":["GET"]}}],"collection":[{"href":"https:\/\/uj.adatbank.ro\/lexikon\/wp-json\/wp\/v2\/product"}],"about":[{"href":"https:\/\/uj.adatbank.ro\/lexikon\/wp-json\/wp\/v2\/types\/product"}],"replies":[{"embeddable":true,"href":"https:\/\/uj.adatbank.ro\/lexikon\/wp-json\/wp\/v2\/comments?post=9527"}],"wp:attachment":[{"href":"https:\/\/uj.adatbank.ro\/lexikon\/wp-json\/wp\/v2\/media?parent=9527"}],"wp:term":[{"taxonomy":"product_brand","embeddable":true,"href":"https:\/\/uj.adatbank.ro\/lexikon\/wp-json\/wp\/v2\/product_brand?post=9527"},{"taxonomy":"product_cat","embeddable":true,"href":"https:\/\/uj.adatbank.ro\/lexikon\/wp-json\/wp\/v2\/product_cat?post=9527"},{"taxonomy":"product_tag","embeddable":true,"href":"https:\/\/uj.adatbank.ro\/lexikon\/wp-json\/wp\/v2\/product_tag?post=9527"}],"curies":[{"name":"wp","href":"https:\/\/api.w.org\/{rel}","templated":true}]}}

HALLER János, Haller Joannes, hallerkői br., fehéregyházi ág

<p>Kővár, 1626. márc. 2., † Kerelőszentpál, 1697. febr. 28. A kerelőszentpáli kriptakápolna tornya alá temették feleségével együtt: főkincstárnok, főispán, fejedelmi tanácsos, Torda vm. főispánja, politikus, író. – H. István (1591–1657) és Kendi Judit (1599–1634) fia. Felesége: gönczruszkai Kornis Kata (Gyerke, 1639. – Szentpál, 1696. nov. 16); Gyermekeik: István (1655–1710) és Krisztina (1655–1685); József († 1691), Thökoly Imre Havasalföldön kivégeztette; Éva apáca a pozsonyi Klarissza kolostorban; Anna Gyulai Lászlóné. Nagyapja Petki János és Haller Krisztina gyerekeinek (Dávid, Terézia, Sára) és a szülők halála után (1686) a gyámjuk volt. A nagyapa végrendeletében (1697) Marosszentgyörgy teljes egészében a Petki Dávid birtokában maradt. – Valószínűleg külföldi egyetemeken tanult. Korán közpályára lépett és folyton emelkedett a hivatalok rangfokozatán. Tagja volt a fehérvári ogy. -nek (1657), melyen Rákóczi György lemondott. Torda megye főispánja (1657–), az erdélyi fejedelmek tanácsadója. Befejezte az apja által megkezdett várkastély építését Kerelőszentpálon (1674). Mv.-en kir. biztos, feladata a városi tanács és a lakóság közötti ellentétek felszámolása (1676). Barcsay és Apafi követe Bécsben; Béldi Pál mozgalmában való részt vétele miatt Fogaras várában raboskodott (1679–83). Kiszabadulván visszanyerte I. Apafi Mihály bizalmát: adófelügyelő (1684–); a fejedelem követe Bécsben (1685), a köv. esztendőben pedig aláírta a róla elnevezett szerződést, amely alapját képezte a Diploma Leopoldinumnak (1691), amely Erdély későbbi politikai rendszerének az alapját képezte. A Habsburgok erdélyi uralma alatt kincstartó (1691- 96), a kormányzótanács tagja (1692–). Művelt főúr volt, beszélt latinul, franciául, olaszul, irodalmi munkássága is nevezetes, megjelent az ízes magyarsággal megírt Hármas históriája (1695), amelyet fogarasi raboskodása alatt írt: átdolgozta latinból magyarra Nagy Sándor történetét, Trója pusztulását és a Gesta Romanorumot. Ott fordította Paizs a békességes tűrésnek pajzsa Jacobus Corenus francia obszerváns szerzetes vallásos elmélkedéseit. Az előszó tanusága szerint tudatos nyelvi program megvalósítására törekedett, a nyelv tisztaságának megőrzését, a köznép művelését és szórakoztatását tartotta szem előtt. – <strong>F. m.:</strong> Pays, a békességes tűrésnek Paysa (Jacobus Corenus művének ford., Csiksomlyó 1682); Hármas Istoria (Kv., 1695; Pozsony, 1751, 1767; Buda, 1757; Debrecen, 1765, 1865; Pest, 1795; [Szemelvények] vál., bev. Molnár Szabolcs; Buk., 1977; Bp., 1992, Bp., 2004); H. J. följegyzései 1686–1687-ről (Történelmi Tár 1878); Gesta Romanorum (Kv., 1695; Bp., 1899, 1900, 1903, 1943, 1977); [Versei]. Kiad. Varga Imre (Régi M. Költők Tára, XVII. sz., 11. Bp., 1986); <strong>antológ.:</strong> A m. próza könyve (Bp., 1942). <br /><strong>Irod.:</strong> Álló- és mozgóképek; Árva Bethlen K.; Bánhegyi; Beöthy; Bíró; Bíró József; Bodnár; Bodolai Gyöngyi: Sorsa a pusztulás ? (Nú., 1990. márc. 24.); Borbély; Chalupka Rezső: Hallerkői id. Gr. Haller János (Székelyudvarhely, 1911); Deák Farkas: Uzoni Béldi Pál (Bp., 1887); Demeter Csanád: Hármas História (Örökségünk, 4. sz., 2009.); Dézsi Lajos: Magyar író és könyvnyomtató a XVII. sz.-ban (Bp., 1899); Endes; Erdélyi féniks; Fábián; Ferenczy-Danielik; Fülöp–Ferencz; Greguss Ágost: Írói arcképek (Bp., s. a.); Gudenus; Gulyás; Gyallay; Halász László; Harmath-Kálmán; Horányi; Horváth Cyrill; Kemény József: Történelmi és irodalmi kalászatok (Pest, 1861); Keresztes Gyula: Kastélyaink 4. A kerelőszentpáli kastély (Nú., 1992. márc. 21.); Keresztes Gyula: Kastélyaink 5. Az ugrai kastély (Nú., 1992. ápr. 4.); Kovács András; Kozocsa; Kőváry; Die Literaturen des Ostens (Leipzig, 1906); Lukinich Imre: Erdély területi változásai a török hódítás korában (Bp., 1918); A m. irodalom története; A m. irodalom története 1900.-ig (Bp., 1913); M. művelődéstörténet (Bp., s. a.); A m. próza könyve (Pest., 1804); M. tört. évk. naplók 3.; MÉL; MAMŰL; MNL; Mordovin Maxim: A Petki család és Marosszentgyörgy  =  Marosszentgyörgy; Pál-Antal 2006; Pallos István: 50 m. óra (Bp., 1931); Pap L.: ferences nyomdák; Pápay; Pascu; Pintér; Pokoly; A régi m. költészet remekei (Bp., 1903); Régi m. költők tára (Bp., 1877–86); RMK; Róth: Született nyelvünkön; Szádeczky Kardos Lajos: A székely nemzet története és alkotmánya (Bp., 1927); Szaniszló; Szarvas Gábor: M. nyelvtörténeti szótár (Bp., 1890–93); SzOkl, 6; Szerb; Szinnyei; Szinnyei J; Teleki Mihály udvartartási naplója (1673–1681) (Kv., 2007); Teutsch Friedrich; Toldy; A történeti Erdély (Bp., 1936); Trócsányi 1988; Új Lexikon; ÚMÉL</br></p>

<p>Kővár, 1626. márc. 2., † Kerelőszentpál, 1697. febr. 28. A kerelőszentpáli kriptakápolna tornya alá temették feleségével együtt: főkincstárnok, főispán, fejedelmi tanácsos, Torda vm. főispánja, politikus, író. – H. István (1591–1657) és Kendi Judit (1599–1634) fia. Felesége: gönczruszkai Kornis Kata (Gyerke, 1639. – Szentpál, 1696. nov. 16); Gyermekeik: István (1655–1710) és Krisztina (1655–1685); József († 1691), Thökoly [&hellip;]</p>
