{"id":9531,"date":"2025-06-29T12:48:12","date_gmt":"2025-06-29T10:48:12","guid":{"rendered":"https:\/\/uj.adatbank.ro\/lexikon\/termek\/haller-jeno-hallerkeoi-gr-feheregyhazi-ag\/"},"modified":"2025-06-29T12:48:12","modified_gmt":"2025-06-29T10:48:12","slug":"haller-jeno-hallerkeoi-gr-feheregyhazi-ag","status":"publish","type":"product","link":"https:\/\/uj.adatbank.ro\/lexikon\/termek\/haller-jeno-hallerkeoi-gr-feheregyhazi-ag\/","title":{"rendered":"HALLER Jen\u0151, hallerke\u0151i gr., feh\u00e9regyh\u00e1zi \u00e1g"},"content":{"rendered":"<p>K\u00fck\u00fcll\u0151v\u00e1r, 1917. aug. 3., \u2020 Mv., 1999. szept. 22.: f\u00f6ldbirtokos. \u2013 H. Jen\u0151 (1878\u20131927) \u00e9s uzoni B\u00e9ldi R\u00f3za (1880\u20131952) fia. Feles\u00e9ge: 1. di\u00f3sgy\u0151ri Czak\u00f3 Roz\u00e1lia (S\u00f6v\u00e9nyfalva, 1922. jan. 20., -?) (esk. S\u00f6v\u00e9nyfalva, 1939. aug. 31. \u2013), gyermekeik: Jen\u0151 (1940. j\u00fal. 16. \u2013 1999. nov. 21.) \u00e9s Erika (1942\u20131956), elv\u00e1ltak (1946. m\u00e1j. 3.); 2. feles\u00e9ge Korek Sarolta (1911\u20131998. nov. 29.), fi\u00fak H. B\u00e9la (1953\u2013), tan\u00e1r. \u2013 Mag\u00e1ntanul\u00f3, majd a kv.-i piarista gimn.-ban v\u00e9gzett. Folytatta tanulm\u00e1nyait a medgyesi n\u00e9met nyelv\u0171 mez\u0151gazdas\u00e1gi iskol\u00e1ban. A II. vh.-ban frontszolg\u00e1latos volt Kauk\u00e1zusban. Visszat\u00e9rte ut\u00e1n gazd\u00e1lkodott a k\u00fck\u00fcll\u0151v\u00e1ri birtokon, utols\u00f3 tulajdonosa a k\u00fck\u00fcll\u0151v\u00e1ri v\u00e1rkast\u00e9lynak. Kitelep\u00edtt\u00e9k \u00e9s k\u00e9nyszerlakhely k\u00f6vetkezett Mv. \u2013 en (1949. m\u00e1rc. 3.). Dolgozott kert\u00e9szetben, gyertyagy\u00e1rban, asztalosm\u0171helyben, k\u00e9nyszermunk\u00e1ra vitt\u00e9k a b\u00e9k\u00e1si v\u00edzier\u0151m\u0171 \u00e9p\u00edt\u0151telep\u00e9re (1952. dec. 23-ig), \u00e9desanyja hal\u00e1la napj\u00e1ig. Asztalosk\u00e9nt famegmunk\u00e1l\u00f3 g\u00e9pen dolgozott a mv.-i butorgy\u00e1rban. <br \/><strong>Irod.:<\/strong> \u00c1ll\u00f3- \u00e9s mozg\u00f3k\u00e9pek; (Castellum \u00c9rtes\u00edt\u0151, 2002, 9. sz.); Gudenus; Keresztes Gyula: \u00d6r\u00f6ks\u00e9g\u00fcnk 32.: A k\u00fck\u00fcll\u0151v\u00e1ri v\u00e1rkast\u00e9ly (N\u00fa., 1993. febr. 26.); Mik\u00f3; MMK; [Nekrol\u00f3g]N\u00fa. (1999. szept. 24.); Scholten<\/br><\/p>\n","protected":false},"excerpt":{"rendered":"<p>K\u00fck\u00fcll\u0151v\u00e1r, 1917. aug. 3., \u2020 Mv., 1999. szept. 22.: f\u00f6ldbirtokos. \u2013 H. Jen\u0151 (1878\u20131927) \u00e9s uzoni B\u00e9ldi R\u00f3za (1880\u20131952) fia. Feles\u00e9ge: 1. di\u00f3sgy\u0151ri Czak\u00f3 Roz\u00e1lia (S\u00f6v\u00e9nyfalva, 1922. jan. 20., -?) (esk. S\u00f6v\u00e9nyfalva, 1939. aug. 31. \u2013), gyermekeik: Jen\u0151 (1940. j\u00fal. 16. \u2013 1999. nov. 21.) \u00e9s Erika (1942\u20131956), elv\u00e1ltak (1946. m\u00e1j. 3.); 2. feles\u00e9ge Korek [&hellip;]<\/p>\n","protected":false},"featured_media":0,"comment_status":"open","ping_status":"closed","template":"","meta":[],"product_brand":[],"product_cat":[137],"product_tag":[],"class_list":{"0":"post-9531","1":"product","2":"type-product","3":"status-publish","5":"product_cat-maros-megyei-eletrajzi-lexikon","7":"first","8":"instock","9":"shipping-taxable","10":"product-type-simple"},"_links":{"self":[{"href":"https:\/\/uj.adatbank.ro\/lexikon\/wp-json\/wp\/v2\/product\/9531","targetHints":{"allow":["GET"]}}],"collection":[{"href":"https:\/\/uj.adatbank.ro\/lexikon\/wp-json\/wp\/v2\/product"}],"about":[{"href":"https:\/\/uj.adatbank.ro\/lexikon\/wp-json\/wp\/v2\/types\/product"}],"replies":[{"embeddable":true,"href":"https:\/\/uj.adatbank.ro\/lexikon\/wp-json\/wp\/v2\/comments?post=9531"}],"wp:attachment":[{"href":"https:\/\/uj.adatbank.ro\/lexikon\/wp-json\/wp\/v2\/media?parent=9531"}],"wp:term":[{"taxonomy":"product_brand","embeddable":true,"href":"https:\/\/uj.adatbank.ro\/lexikon\/wp-json\/wp\/v2\/product_brand?post=9531"},{"taxonomy":"product_cat","embeddable":true,"href":"https:\/\/uj.adatbank.ro\/lexikon\/wp-json\/wp\/v2\/product_cat?post=9531"},{"taxonomy":"product_tag","embeddable":true,"href":"https:\/\/uj.adatbank.ro\/lexikon\/wp-json\/wp\/v2\/product_tag?post=9531"}],"curies":[{"name":"wp","href":"https:\/\/api.w.org\/{rel}","templated":true}]}}

HALLER Jenő, hallerkeői gr., fehéregyházi ág

<p>Küküllővár, 1917. aug. 3., † Mv., 1999. szept. 22.: földbirtokos. – H. Jenő (1878–1927) és uzoni Béldi Róza (1880–1952) fia. Felesége: 1. diósgyőri Czakó Rozália (Sövényfalva, 1922. jan. 20., -?) (esk. Sövényfalva, 1939. aug. 31. –), gyermekeik: Jenő (1940. júl. 16. – 1999. nov. 21.) és Erika (1942–1956), elváltak (1946. máj. 3.); 2. felesége Korek Sarolta (1911–1998. nov. 29.), fiúk H. Béla (1953–), tanár. – Magántanuló, majd a kv.-i piarista gimn.-ban végzett. Folytatta tanulmányait a medgyesi német nyelvű mezőgazdasági iskolában. A II. vh.-ban frontszolgálatos volt Kaukázusban. Visszatérte után gazdálkodott a küküllővári birtokon, utolsó tulajdonosa a küküllővári várkastélynak. Kitelepítték és kényszerlakhely következett Mv. – en (1949. márc. 3.). Dolgozott kertészetben, gyertyagyárban, asztalosműhelyben, kényszermunkára vitték a békási vízierőmű építőtelepére (1952. dec. 23-ig), édesanyja halála napjáig. Asztalosként famegmunkáló gépen dolgozott a mv.-i butorgyárban. <br /><strong>Irod.:</strong> Álló- és mozgóképek; (Castellum Értesítő, 2002, 9. sz.); Gudenus; Keresztes Gyula: Örökségünk 32.: A küküllővári várkastély (Nú., 1993. febr. 26.); Mikó; MMK; [Nekrológ]Nú. (1999. szept. 24.); Scholten</br></p>

<p>Küküllővár, 1917. aug. 3., † Mv., 1999. szept. 22.: földbirtokos. – H. Jenő (1878–1927) és uzoni Béldi Róza (1880–1952) fia. Felesége: 1. diósgyőri Czakó Rozália (Sövényfalva, 1922. jan. 20., -?) (esk. Sövényfalva, 1939. aug. 31. –), gyermekeik: Jenő (1940. júl. 16. – 1999. nov. 21.) és Erika (1942–1956), elváltak (1946. máj. 3.); 2. felesége Korek [&hellip;]</p>
