{"id":9533,"date":"2025-06-29T12:48:15","date_gmt":"2025-06-29T10:48:15","guid":{"rendered":"https:\/\/uj.adatbank.ro\/lexikon\/termek\/haller-jeno-hallerkoi-gr-kapjoni-ag\/"},"modified":"2025-06-29T12:48:15","modified_gmt":"2025-06-29T10:48:15","slug":"haller-jeno-hallerkoi-gr-kapjoni-ag","status":"publish","type":"product","link":"https:\/\/uj.adatbank.ro\/lexikon\/termek\/haller-jeno-hallerkoi-gr-kapjoni-ag\/","title":{"rendered":"HALLER Jen\u0151, hallerk\u0151i gr, kapjoni \u00e1g"},"content":{"rendered":"<p>Kisbal\u00e1zstelke, 1843. okt. 3, \u2020\u00a0Kisbal\u00e1zstelke, 1898.: bal\u00e1zstelki f\u00f6ldbirtokos, f\u0151rendih\u00e1zi tag, orsz. k\u00e9pvisel\u0151. \u2013 Gy\u00f6rgy (1819\u20131867) \u00e9s Bethlen Lujza (\u2020 1855) fia. Feles\u00e9ge: Haller Franciska (1856\u20131916). Tanulm\u00e1nyai befejezt\u00e9vel Bal\u00e1zstelk\u00e9n gazd\u00e1lkodott, ahol mintagazdas\u00e1got l\u00e9tes\u00edtett, kit\u0171n\u0151 \u00e1llatteny\u00e9szt\u0151 h\u00edr\u00e9ben \u00e1llt. Ogy.-i k\u00e9pvisel\u0151 a dics\u0151szentm\u00e1rtoni ker. -k\u00e9pviselet\u00e9ben (1887\u201392), a k\u00f6zleked\u00e9si bizotts\u00e1g tagja. Az EMKE alap\u00edt\u00f3 \u00e9s v\u00e1lasztott v\u00e1lasztm\u00e1nyi tagja (1885\u2013). A birtok\u00e1ba ker\u00fclt a radn\u00f3ti kast\u00e9ly (1885\u2013) \u00e9s t\u0151le az Erd\u00e9lyi R. K. St\u00e1tus birtok\u00e1ba. A k\u00fck\u00fcll\u0151v\u00e1ri uradolom \u00e9s kast\u00e9ly birtokosa. Vele a kapjoni \u00e1g fi\u00fa\u00e1gon kihalt. <br \/><strong>Irod.:<\/strong> Fekete; Keresztes; Kov\u00e1cs Andr\u00e1s: A radn\u00f3ti v\u00e1rkast\u00e9ly (Kv., 1994); MNZS; S\u00e1ndor; \u00daj ogy. \u2013 almanach (1887\u201392)<\/br><\/p>\n","protected":false},"excerpt":{"rendered":"<p>Kisbal\u00e1zstelke, 1843. okt. 3, \u2020\u00a0Kisbal\u00e1zstelke, 1898.: bal\u00e1zstelki f\u00f6ldbirtokos, f\u0151rendih\u00e1zi tag, orsz. k\u00e9pvisel\u0151. \u2013 Gy\u00f6rgy (1819\u20131867) \u00e9s Bethlen Lujza (\u2020 1855) fia. Feles\u00e9ge: Haller Franciska (1856\u20131916). Tanulm\u00e1nyai befejezt\u00e9vel Bal\u00e1zstelk\u00e9n gazd\u00e1lkodott, ahol mintagazdas\u00e1got l\u00e9tes\u00edtett, kit\u0171n\u0151 \u00e1llatteny\u00e9szt\u0151 h\u00edr\u00e9ben \u00e1llt. Ogy.-i k\u00e9pvisel\u0151 a dics\u0151szentm\u00e1rtoni ker. -k\u00e9pviselet\u00e9ben (1887\u201392), a k\u00f6zleked\u00e9si bizotts\u00e1g tagja. Az EMKE alap\u00edt\u00f3 \u00e9s v\u00e1lasztott v\u00e1lasztm\u00e1nyi tagja (1885\u2013). [&hellip;]<\/p>\n","protected":false},"featured_media":0,"comment_status":"open","ping_status":"closed","template":"","meta":[],"product_brand":[],"product_cat":[137],"product_tag":[],"class_list":{"0":"post-9533","1":"product","2":"type-product","3":"status-publish","5":"product_cat-maros-megyei-eletrajzi-lexikon","7":"first","8":"instock","9":"shipping-taxable","10":"product-type-simple"},"_links":{"self":[{"href":"https:\/\/uj.adatbank.ro\/lexikon\/wp-json\/wp\/v2\/product\/9533","targetHints":{"allow":["GET"]}}],"collection":[{"href":"https:\/\/uj.adatbank.ro\/lexikon\/wp-json\/wp\/v2\/product"}],"about":[{"href":"https:\/\/uj.adatbank.ro\/lexikon\/wp-json\/wp\/v2\/types\/product"}],"replies":[{"embeddable":true,"href":"https:\/\/uj.adatbank.ro\/lexikon\/wp-json\/wp\/v2\/comments?post=9533"}],"wp:attachment":[{"href":"https:\/\/uj.adatbank.ro\/lexikon\/wp-json\/wp\/v2\/media?parent=9533"}],"wp:term":[{"taxonomy":"product_brand","embeddable":true,"href":"https:\/\/uj.adatbank.ro\/lexikon\/wp-json\/wp\/v2\/product_brand?post=9533"},{"taxonomy":"product_cat","embeddable":true,"href":"https:\/\/uj.adatbank.ro\/lexikon\/wp-json\/wp\/v2\/product_cat?post=9533"},{"taxonomy":"product_tag","embeddable":true,"href":"https:\/\/uj.adatbank.ro\/lexikon\/wp-json\/wp\/v2\/product_tag?post=9533"}],"curies":[{"name":"wp","href":"https:\/\/api.w.org\/{rel}","templated":true}]}}

HALLER Jenő, hallerkői gr, kapjoni ág

<p>Kisbalázstelke, 1843. okt. 3, † Kisbalázstelke, 1898.: balázstelki földbirtokos, főrendiházi tag, orsz. képviselő. – György (1819–1867) és Bethlen Lujza († 1855) fia. Felesége: Haller Franciska (1856–1916). Tanulmányai befejeztével Balázstelkén gazdálkodott, ahol mintagazdaságot létesített, kitűnő állattenyésztő hírében állt. Ogy.-i képviselő a dicsőszentmártoni ker. -képviseletében (1887–92), a közlekedési bizottság tagja. Az EMKE alapító és választott választmányi tagja (1885–). A birtokába került a radnóti kastély (1885–) és tőle az Erdélyi R. K. Státus birtokába. A küküllővári uradolom és kastély birtokosa. Vele a kapjoni ág fiúágon kihalt. <br /><strong>Irod.:</strong> Fekete; Keresztes; Kovács András: A radnóti várkastély (Kv., 1994); MNZS; Sándor; Új ogy. – almanach (1887–92)</br></p>

<p>Kisbalázstelke, 1843. okt. 3, † Kisbalázstelke, 1898.: balázstelki földbirtokos, főrendiházi tag, orsz. képviselő. – György (1819–1867) és Bethlen Lujza († 1855) fia. Felesége: Haller Franciska (1856–1916). Tanulmányai befejeztével Balázstelkén gazdálkodott, ahol mintagazdaságot létesített, kitűnő állattenyésztő hírében állt. Ogy.-i képviselő a dicsőszentmártoni ker. -képviseletében (1887–92), a közlekedési bizottság tagja. Az EMKE alapító és választott választmányi tagja (1885–). [&hellip;]</p>
