{"id":9534,"date":"2025-06-29T12:48:21","date_gmt":"2025-06-29T10:48:21","guid":{"rendered":"https:\/\/uj.adatbank.ro\/lexikon\/termek\/haller-jozsef\/"},"modified":"2025-06-29T12:48:21","modified_gmt":"2025-06-29T10:48:21","slug":"haller-jozsef","status":"publish","type":"product","link":"https:\/\/uj.adatbank.ro\/lexikon\/termek\/haller-jozsef\/","title":{"rendered":"HALLER J\u00f3zsef"},"content":{"rendered":"<p>Szatm\u00e1rn\u00e9meti, 1935. jan. 24., \u2020\u00a0Mv., 2017. m\u00e1rc. 1: k\u00e9pz\u0151m\u0171v\u00e9sz, grafikus, fest\u0151m\u0171v\u00e9sz. \u2013 Sz\u00fclei: Istv\u00e1n, asztalos \u00e9s Veronika, \u00f3v\u00f3n\u0151. Feles\u00e9ge: Ildik\u00f3, fuvolam\u0171v\u00e9sz. Gyermekeik: J\u00f3zsef (1958) kutat\u00f3biol\u00f3gus; Istv\u00e1n (1962) geol\u00f3gus, jog\u00e1sz; S\u00e1ndor (1970) \u00fcgyint\u00e9z\u0151; Ildik\u00f3 (1975) biol\u00f3gus. \u2013 A kv.-i Ion Andreescu K\u00e9pz\u0151m\u0171v\u00e9szeti F\u0151iskol\u00e1n v\u00e9gzett szobr\u00e1sz szakon (1959). A Mv.-i B\u00e1bsz\u00ednh\u00e1z d\u00edszlet (120) \u2013 \u00e9s b\u00e1btervez\u0151je rom\u00e1n \u00e9s magyar szakon, t\u00f6bb mint 40 \u00e9ven \u00e1t. A Mv.-i Nemzeti Sz\u00ednh\u00e1zban bemutatott J\u00f3zsef Attila verseib\u0151l \u00f6ssze\u00e1ll\u00edtott Eszm\u00e9let c. el\u0151ad\u00e1s grafikusa volt; Nemes Levente \u00e9s Visky \u00c1rp\u00e1d el\u0151ad\u00f3k, Kem\u00e9ny \u00c1rp\u00e1d d\u00edszlettervez\u0151 \u00e9s Cs\u00edky Boldizs\u00e1r volt a zeneszerz\u0151. A Pro Eur\u00f3pa Liga egyik alap\u00edt\u00f3 tagja. Egy\u00e9ni ki\u00e1ll\u00edtsai: Mv.-en 11 (1970\u20132008), Szatm\u00e1ron (1975, 1981), Siegen (1979), Kv. (1981), Cs\u00edkszereda (2003), Szombathely (1994), Bp.-en (2005). Csoportos ki\u00e1ll\u00edt.: Barcelona (1975), Mannheim (1979), Maastricht (1982), Iserlohn (1984\u20132003); Krakk\u00f3 (1985), Ed\u00e9lyi Magyar M\u0171v\u00e9szek (Washington, 1990), Bp. (1990, 1991, 1992, 1993, 1995), Debrecen, Szarvas (1992), Ny\u00edregyh\u00e1za (1992), Zalaegerszeg (1993), Keszthely (1993), Domb\u00f3v\u00e1r (1993); Erd\u00e9lyi \u0151szi t\u00e1rlat (Bp.); Stockholm (1994, 1996); Grafikai Bienn\u00e1l\u00e9 Frankfurt (1995). Illusztr.: Mark\u00f3 B. K\u00f6lt\u0151k koszor\u00faja (2002), K\u00e1ny\u00e1di S. Sz\u00fcrke szonettek (2002); Egyed Emese. Hajnal\u00e9nek (2002); Kov\u00e1cs Andr\u00e1s. Tenger\u00e9sz Henrik b\u00facs\u00fazik (2002), Kov\u00e1cs Andr\u00e1s Ferenc. Tenger\u00e9sz Henrik b\u00facs\u00fazik (2003), Nagy A. A nap kertje (2006); Albino Cornelli. Tempo e omore \u2013 Kov\u00e1cs A. F. Torony \u00e9s T\u00f6vis (Firenze): A s\u00e1rk\u00e1ny palot\u00e1ja (Mv., 2007); C\u00edmlap: Sebesty\u00e9n Mih\u00e1ly: Erd\u00e9lyi fejedelmek (Mv., 1993); Bolyai Farkas: F\u0171zetlen orient\u00e1l gy\u00f6ngy\u00f6k (Mv., 1994); Erd\u00e9ly magyar egyeteme. 2. k\u00f6t. (Mv., 1995\u20131998); Szentimrei Jen\u0151: Hajl\u00e9kot keres\u0151 Th\u00e1lia (Mv., 1996); Sz\u00e9pr\u00e9ti Lilla: Csal\u00e1d-reg\u00e9ny (Mv., 1996). D\u00edjak: M. K\u00f6zt. \u00c9rdemrend kiskeresztje (1995); R. K\u00f6zt. Min. \u00c9rdem-oklevele (1995); \u00c9letm\u0171-d\u00edj (2004; 2017). <br \/><strong>Irod.:<\/strong> 100 \u00e9v\u00a0; Elhal\u00e1loz\u00e1s (N\u00fa., 2017. m\u00e1rc. 1.); Erd\u00e9lyi Lajos; Erd\u00e9lyi Lajos 2018, fot\u00f31977; EMKK2010; Knb: Grafikus a sz\u00ednek \u00fatj\u00e1n (N\u00fa., M\u00fazsa, 2015. m\u00e1j. 23.); Nagy Attila: Haller-impresszi\u00f3k (N\u00fa., M\u00fazsa, 2015. m\u00e1j. 23.); Nagy M. K. M\u0171terem; RepM; Szab\u00f3\u2013K\u00e1llai<\/br><\/p>\n","protected":false},"excerpt":{"rendered":"<p>Szatm\u00e1rn\u00e9meti, 1935. jan. 24., \u2020\u00a0Mv., 2017. m\u00e1rc. 1: k\u00e9pz\u0151m\u0171v\u00e9sz, grafikus, fest\u0151m\u0171v\u00e9sz. \u2013 Sz\u00fclei: Istv\u00e1n, asztalos \u00e9s Veronika, \u00f3v\u00f3n\u0151. Feles\u00e9ge: Ildik\u00f3, fuvolam\u0171v\u00e9sz. Gyermekeik: J\u00f3zsef (1958) kutat\u00f3biol\u00f3gus; Istv\u00e1n (1962) geol\u00f3gus, jog\u00e1sz; S\u00e1ndor (1970) \u00fcgyint\u00e9z\u0151; Ildik\u00f3 (1975) biol\u00f3gus. \u2013 A kv.-i Ion Andreescu K\u00e9pz\u0151m\u0171v\u00e9szeti F\u0151iskol\u00e1n v\u00e9gzett szobr\u00e1sz szakon (1959). A Mv.-i B\u00e1bsz\u00ednh\u00e1z d\u00edszlet (120) \u2013 \u00e9s b\u00e1btervez\u0151je rom\u00e1n [&hellip;]<\/p>\n","protected":false},"featured_media":0,"comment_status":"open","ping_status":"closed","template":"","meta":[],"product_brand":[],"product_cat":[137],"product_tag":[],"class_list":{"0":"post-9534","1":"product","2":"type-product","3":"status-publish","5":"product_cat-maros-megyei-eletrajzi-lexikon","7":"first","8":"instock","9":"shipping-taxable","10":"product-type-simple"},"_links":{"self":[{"href":"https:\/\/uj.adatbank.ro\/lexikon\/wp-json\/wp\/v2\/product\/9534","targetHints":{"allow":["GET"]}}],"collection":[{"href":"https:\/\/uj.adatbank.ro\/lexikon\/wp-json\/wp\/v2\/product"}],"about":[{"href":"https:\/\/uj.adatbank.ro\/lexikon\/wp-json\/wp\/v2\/types\/product"}],"replies":[{"embeddable":true,"href":"https:\/\/uj.adatbank.ro\/lexikon\/wp-json\/wp\/v2\/comments?post=9534"}],"wp:attachment":[{"href":"https:\/\/uj.adatbank.ro\/lexikon\/wp-json\/wp\/v2\/media?parent=9534"}],"wp:term":[{"taxonomy":"product_brand","embeddable":true,"href":"https:\/\/uj.adatbank.ro\/lexikon\/wp-json\/wp\/v2\/product_brand?post=9534"},{"taxonomy":"product_cat","embeddable":true,"href":"https:\/\/uj.adatbank.ro\/lexikon\/wp-json\/wp\/v2\/product_cat?post=9534"},{"taxonomy":"product_tag","embeddable":true,"href":"https:\/\/uj.adatbank.ro\/lexikon\/wp-json\/wp\/v2\/product_tag?post=9534"}],"curies":[{"name":"wp","href":"https:\/\/api.w.org\/{rel}","templated":true}]}}

HALLER József

<p>Szatmárnémeti, 1935. jan. 24., † Mv., 2017. márc. 1: képzőművész, grafikus, festőművész. – Szülei: István, asztalos és Veronika, óvónő. Felesége: Ildikó, fuvolaművész. Gyermekeik: József (1958) kutatóbiológus; István (1962) geológus, jogász; Sándor (1970) ügyintéző; Ildikó (1975) biológus. – A kv.-i Ion Andreescu Képzőművészeti Főiskolán végzett szobrász szakon (1959). A Mv.-i Bábszínház díszlet (120) – és bábtervezője román és magyar szakon, több mint 40 éven át. A Mv.-i Nemzeti Színházban bemutatott József Attila verseiből összeállított Eszmélet c. előadás grafikusa volt; Nemes Levente és Visky Árpád előadók, Kemény Árpád díszlettervező és Csíky Boldizsár volt a zeneszerző. A Pro Európa Liga egyik alapító tagja. Egyéni kiállítsai: Mv.-en 11 (1970–2008), Szatmáron (1975, 1981), Siegen (1979), Kv. (1981), Csíkszereda (2003), Szombathely (1994), Bp.-en (2005). Csoportos kiállít.: Barcelona (1975), Mannheim (1979), Maastricht (1982), Iserlohn (1984–2003); Krakkó (1985), Edélyi Magyar Művészek (Washington, 1990), Bp. (1990, 1991, 1992, 1993, 1995), Debrecen, Szarvas (1992), Nyíregyháza (1992), Zalaegerszeg (1993), Keszthely (1993), Dombóvár (1993); Erdélyi őszi tárlat (Bp.); Stockholm (1994, 1996); Grafikai Biennálé Frankfurt (1995). Illusztr.: Markó B. Költők koszorúja (2002), Kányádi S. Szürke szonettek (2002); Egyed Emese. Hajnalének (2002); Kovács András. Tengerész Henrik búcsúzik (2002), Kovács András Ferenc. Tengerész Henrik búcsúzik (2003), Nagy A. A nap kertje (2006); Albino Cornelli. Tempo e omore – Kovács A. F. Torony és Tövis (Firenze): A sárkány palotája (Mv., 2007); Címlap: Sebestyén Mihály: Erdélyi fejedelmek (Mv., 1993); Bolyai Farkas: Fűzetlen orientál gyöngyök (Mv., 1994); Erdély magyar egyeteme. 2. köt. (Mv., 1995–1998); Szentimrei Jenő: Hajlékot kereső Thália (Mv., 1996); Szépréti Lilla: Család-regény (Mv., 1996). Díjak: M. Közt. Érdemrend kiskeresztje (1995); R. Közt. Min. Érdem-oklevele (1995); Életmű-díj (2004; 2017). <br /><strong>Irod.:</strong> 100 év ; Elhalálozás (Nú., 2017. márc. 1.); Erdélyi Lajos; Erdélyi Lajos 2018, fotó1977; EMKK2010; Knb: Grafikus a színek útján (Nú., Múzsa, 2015. máj. 23.); Nagy Attila: Haller-impressziók (Nú., Múzsa, 2015. máj. 23.); Nagy M. K. Műterem; RepM; Szabó–Kállai</br></p>

<p>Szatmárnémeti, 1935. jan. 24., † Mv., 2017. márc. 1: képzőművész, grafikus, festőművész. – Szülei: István, asztalos és Veronika, óvónő. Felesége: Ildikó, fuvolaművész. Gyermekeik: József (1958) kutatóbiológus; István (1962) geológus, jogász; Sándor (1970) ügyintéző; Ildikó (1975) biológus. – A kv.-i Ion Andreescu Képzőművészeti Főiskolán végzett szobrász szakon (1959). A Mv.-i Bábszínház díszlet (120) – és bábtervezője román [&hellip;]</p>
