{"id":9535,"date":"2025-06-29T12:48:22","date_gmt":"2025-06-29T10:48:22","guid":{"rendered":"https:\/\/uj.adatbank.ro\/lexikon\/termek\/haller-jozsef-br\/"},"modified":"2025-06-29T12:48:22","modified_gmt":"2025-06-29T10:48:22","slug":"haller-jozsef-br","status":"publish","type":"product","link":"https:\/\/uj.adatbank.ro\/lexikon\/termek\/haller-jozsef-br\/","title":{"rendered":"HALLER J\u00f3zsef, br."},"content":{"rendered":"<p>Fels\u0151idecs, 1726. m\u00e1rc. 8., \u2020\u00a0Quito, Ecuador, 1777 ut\u00e1n: J\u00e9zust\u00e1rsas\u00e1gi \u00e1ldoz\u00f3pap \u00e9s tan\u00e1r, misszion\u00e1rius. \u2013 A trencs\u00e9nyi jezsuita gimn.-ban volt nov\u00edcius (1742. okt. 6.), bel\u00e9pett a jezsuita rendbe. Kv.-on tan\u00edtott is (1742); n\u00e9gy\u00e9vig a m\u00e1ramarosi rendh\u00e1z f\u0151n\u00f6ke \u00e9s \u00f6t \u00e9vig a kv.-i nemes ifjak konviktus\u00e1nak igazgat\u00f3ja (1770\u2013). Brazili\u00e1ba Maranhaoba ment hitt\u00e9r\u00edt\u0151nek, majd Quiotoba ker\u00fclt, ahol az indi\u00e1nok meg\u0151lt\u00e9k. \u2013 <strong>F. m.:<\/strong> Animadversiones in novam philosophiam Volteri profugi Galli et a vera religione abominandi apostatae (1777). <br \/><strong>Irod.:<\/strong> Jezsuita \u00e9vk.; MUL; Szinnyei<\/br><\/p>\n","protected":false},"excerpt":{"rendered":"<p>Fels\u0151idecs, 1726. m\u00e1rc. 8., \u2020\u00a0Quito, Ecuador, 1777 ut\u00e1n: J\u00e9zust\u00e1rsas\u00e1gi \u00e1ldoz\u00f3pap \u00e9s tan\u00e1r, misszion\u00e1rius. \u2013 A trencs\u00e9nyi jezsuita gimn.-ban volt nov\u00edcius (1742. okt. 6.), bel\u00e9pett a jezsuita rendbe. Kv.-on tan\u00edtott is (1742); n\u00e9gy\u00e9vig a m\u00e1ramarosi rendh\u00e1z f\u0151n\u00f6ke \u00e9s \u00f6t \u00e9vig a kv.-i nemes ifjak konviktus\u00e1nak igazgat\u00f3ja (1770\u2013). Brazili\u00e1ba Maranhaoba ment hitt\u00e9r\u00edt\u0151nek, majd Quiotoba ker\u00fclt, ahol az [&hellip;]<\/p>\n","protected":false},"featured_media":0,"comment_status":"open","ping_status":"closed","template":"","meta":[],"product_brand":[],"product_cat":[137],"product_tag":[],"class_list":{"0":"post-9535","1":"product","2":"type-product","3":"status-publish","5":"product_cat-maros-megyei-eletrajzi-lexikon","7":"first","8":"instock","9":"shipping-taxable","10":"product-type-simple"},"_links":{"self":[{"href":"https:\/\/uj.adatbank.ro\/lexikon\/wp-json\/wp\/v2\/product\/9535","targetHints":{"allow":["GET"]}}],"collection":[{"href":"https:\/\/uj.adatbank.ro\/lexikon\/wp-json\/wp\/v2\/product"}],"about":[{"href":"https:\/\/uj.adatbank.ro\/lexikon\/wp-json\/wp\/v2\/types\/product"}],"replies":[{"embeddable":true,"href":"https:\/\/uj.adatbank.ro\/lexikon\/wp-json\/wp\/v2\/comments?post=9535"}],"wp:attachment":[{"href":"https:\/\/uj.adatbank.ro\/lexikon\/wp-json\/wp\/v2\/media?parent=9535"}],"wp:term":[{"taxonomy":"product_brand","embeddable":true,"href":"https:\/\/uj.adatbank.ro\/lexikon\/wp-json\/wp\/v2\/product_brand?post=9535"},{"taxonomy":"product_cat","embeddable":true,"href":"https:\/\/uj.adatbank.ro\/lexikon\/wp-json\/wp\/v2\/product_cat?post=9535"},{"taxonomy":"product_tag","embeddable":true,"href":"https:\/\/uj.adatbank.ro\/lexikon\/wp-json\/wp\/v2\/product_tag?post=9535"}],"curies":[{"name":"wp","href":"https:\/\/api.w.org\/{rel}","templated":true}]}}

HALLER József, br.

<p>Felsőidecs, 1726. márc. 8., † Quito, Ecuador, 1777 után: Jézustársasági áldozópap és tanár, misszionárius. – A trencsényi jezsuita gimn.-ban volt novícius (1742. okt. 6.), belépett a jezsuita rendbe. Kv.-on tanított is (1742); négyévig a máramarosi rendház főnöke és öt évig a kv.-i nemes ifjak konviktusának igazgatója (1770–). Braziliába Maranhaoba ment hittérítőnek, majd Quiotoba került, ahol az indiánok megőlték. – <strong>F. m.:</strong> Animadversiones in novam philosophiam Volteri profugi Galli et a vera religione abominandi apostatae (1777). <br /><strong>Irod.:</strong> Jezsuita évk.; MUL; Szinnyei</br></p>

<p>Felsőidecs, 1726. márc. 8., † Quito, Ecuador, 1777 után: Jézustársasági áldozópap és tanár, misszionárius. – A trencsényi jezsuita gimn.-ban volt novícius (1742. okt. 6.), belépett a jezsuita rendbe. Kv.-on tanított is (1742); négyévig a máramarosi rendház főnöke és öt évig a kv.-i nemes ifjak konviktusának igazgatója (1770–). Braziliába Maranhaoba ment hittérítőnek, majd Quiotoba került, ahol az [&hellip;]</p>
