{"id":9538,"date":"2025-06-29T12:48:30","date_gmt":"2025-06-29T10:48:30","guid":{"rendered":"https:\/\/uj.adatbank.ro\/lexikon\/termek\/haller-jozsef-hallerkoi-gr-feheregyhazi-ag\/"},"modified":"2026-02-23T10:34:56","modified_gmt":"2026-02-23T09:34:56","slug":"haller-jozsef-hallerkoi-gr-feheregyhazi-ag","status":"publish","type":"product","link":"https:\/\/uj.adatbank.ro\/lexikon\/termek\/haller-jozsef-hallerkoi-gr-feheregyhazi-ag\/","title":{"rendered":"HALLER J\u00f3zsef, hallerk\u0151i gr., feh\u00e9regyh\u00e1zi \u00e1g"},"content":{"rendered":"<p>1754., \u2020 Kerel\u0151szentp\u00e1l, 1823. aug. 15., a Haller kript\u00e1ban nyugszik, : f\u00f6ldbirtokos, f\u0151isp\u00e1n. \u2013 H. G\u00e1bor (1718\u20131784) \u00e9s Grassalkovich Annam\u00e1ria (1736\u20131806) fia. Feles\u00e9ge gr. Koh\u00e1ry M\u00e1ria Ter\u00e9zia (1761\u20131815). Gyermekeik: Lajos (1791\u20201847), Ign\u00e1c (1794 \u2020 1870) \u00e9s Ferenc (1796\u20131875). \u2013 Tanulm\u00e1nyait a b\u00e9csi Ther\u00e9zi\u00e1numban v\u00e9gezte. Apja hal\u00e1la ut\u00e1n \u00e1tvette a birtokok ir\u00e1ny\u00edt\u00e1s\u00e1t \u00e9s bel\u00e9pett a politikai \u00e9letbe. T\u00f6bb di\u00e9t\u00e1n kult\u00far\u00e1val, egyh\u00e1zi \u00fcgyekkel foglalkoz\u00f3 k\u00fcld\u00f6tts\u00e9g tagja. K\u00f6vetve a sz\u00fcl\u0151i hagyom\u00e1nyt, t\u00f6bb funkci\u00f3t t\u00f6lt\u00f6tt be mint Erd\u00e9lyben, mint az udvarn\u00e1l: Kolozs vm. f\u0151isp\u00e1nja (1803\u20131807), az udvarn\u00e1l f\u0151poh\u00e1rnokmester (1812\u201314), f\u0151lov\u00e1szmester (1806\u201312). Birtokain, csal\u00e1di hagyom\u00e1ny szerint, hozz\u00e1j\u00e1rult a kat. egyh\u00e1z javainak gyarap\u00edt\u00e1s\u00e1hoz, de kik\u00f6t\u00e9seket is tett a pl\u00e9b\u00e1nosok k\u00f6telezetts\u00e9gteljes\u00edt\u00e9s\u00e9t illet\u0151en. Hitbuzg\u00f3s\u00e1ga eml\u00e9k\u00e9\u00fcl Kerel\u0151szentp\u00e1lon a kast\u00e9ly mell\u00e9 egy tornyot emeltetett, amelyben h\u00e1rom harangot helyezett el (sajnos lebontott\u00e1k, 1950).<br \/>\n<strong>Irod.:\u00a0<\/strong>Harmath Ferenc \u2013 K\u00e1lm\u00e1n Attila k\u00f6nyve (A szentp\u00e1li Haller csal\u00e1d 400 \u00e9ve. 2010. 71, 76.; Mo. f\u0151isp\u00e1njai<\/p>\n","protected":false},"excerpt":{"rendered":"<p>1754., \u2020 Kerel\u0151szentp\u00e1l, 1823. aug. 15., a Haller kript\u00e1ban nyugszik, : f\u00f6ldbirtokos, f\u0151isp\u00e1n. \u2013 H. G\u00e1bor (1718\u20131784) \u00e9s Grassalkovich Annam\u00e1ria (1736\u20131806) fia. Feles\u00e9ge gr. Koh\u00e1ry M\u00e1ria Ter\u00e9zia (1761\u20131815). Gyermekeik: Lajos (1791\u20201847), Ign\u00e1c (1794 \u2020 1870) \u00e9s Ferenc (1796\u20131875). \u2013 Tanulm\u00e1nyait a b\u00e9csi Ther\u00e9zi\u00e1numban v\u00e9gezte. Apja hal\u00e1la ut\u00e1n \u00e1tvette a birtokok ir\u00e1ny\u00edt\u00e1s\u00e1t \u00e9s bel\u00e9pett a politikai [&hellip;]<\/p>\n","protected":false},"featured_media":0,"comment_status":"open","ping_status":"closed","template":"","meta":[],"product_brand":[],"product_cat":[137],"product_tag":[],"class_list":{"0":"post-9538","1":"product","2":"type-product","3":"status-publish","5":"product_cat-maros-megyei-eletrajzi-lexikon","7":"first","8":"instock","9":"shipping-taxable","10":"product-type-simple"},"_links":{"self":[{"href":"https:\/\/uj.adatbank.ro\/lexikon\/wp-json\/wp\/v2\/product\/9538","targetHints":{"allow":["GET"]}}],"collection":[{"href":"https:\/\/uj.adatbank.ro\/lexikon\/wp-json\/wp\/v2\/product"}],"about":[{"href":"https:\/\/uj.adatbank.ro\/lexikon\/wp-json\/wp\/v2\/types\/product"}],"replies":[{"embeddable":true,"href":"https:\/\/uj.adatbank.ro\/lexikon\/wp-json\/wp\/v2\/comments?post=9538"}],"wp:attachment":[{"href":"https:\/\/uj.adatbank.ro\/lexikon\/wp-json\/wp\/v2\/media?parent=9538"}],"wp:term":[{"taxonomy":"product_brand","embeddable":true,"href":"https:\/\/uj.adatbank.ro\/lexikon\/wp-json\/wp\/v2\/product_brand?post=9538"},{"taxonomy":"product_cat","embeddable":true,"href":"https:\/\/uj.adatbank.ro\/lexikon\/wp-json\/wp\/v2\/product_cat?post=9538"},{"taxonomy":"product_tag","embeddable":true,"href":"https:\/\/uj.adatbank.ro\/lexikon\/wp-json\/wp\/v2\/product_tag?post=9538"}],"curies":[{"name":"wp","href":"https:\/\/api.w.org\/{rel}","templated":true}]}}

HALLER József, hallerkői gr., fehéregyházi ág

<p>1754., † Kerelőszentpál, 1823. aug. 15., a Haller kriptában nyugszik, : földbirtokos, főispán. – H. Gábor (1718–1784) és Grassalkovich Annamária (1736–1806) fia. Felesége gr. Koháry Mária Terézia (1761–1815). Gyermekeik: Lajos (1791†1847), Ignác (1794 † 1870) és Ferenc (1796–1875). – Tanulmányait a bécsi Theréziánumban végezte. Apja halála után átvette a birtokok irányítását és belépett a politikai életbe. Több diétán kultúrával, egyházi ügyekkel foglalkozó küldöttség tagja. Követve a szülői hagyományt, több funkciót töltött be mint Erdélyben, mint az udvarnál: Kolozs vm. főispánja (1803–1807), az udvarnál főpohárnokmester (1812–14), főlovászmester (1806–12). Birtokain, családi hagyomány szerint, hozzájárult a kat. egyház javainak gyarapításához, de kikötéseket is tett a plébánosok kötelezettségteljesítését illetően. Hitbuzgósága emlékéül Kerelőszentpálon a kastély mellé egy tornyot emeltetett, amelyben három harangot helyezett el (sajnos lebontották, 1950).<br />
<strong>Irod.: </strong>Harmath Ferenc – Kálmán Attila könyve (A szentpáli Haller család 400 éve. 2010. 71, 76.; Mo. főispánjai</p>

<p>1754., † Kerelőszentpál, 1823. aug. 15., a Haller kriptában nyugszik, : földbirtokos, főispán. – H. Gábor (1718–1784) és Grassalkovich Annamária (1736–1806) fia. Felesége gr. Koháry Mária Terézia (1761–1815). Gyermekeik: Lajos (1791†1847), Ignác (1794 † 1870) és Ferenc (1796–1875). – Tanulmányait a bécsi Theréziánumban végezte. Apja halála után átvette a birtokok irányítását és belépett a politikai [&hellip;]</p>
